{"id":1106,"date":"2025-04-18T08:57:47","date_gmt":"2025-04-18T06:57:47","guid":{"rendered":"https:\/\/www.regionalis.shop\/krismar-seewinkler-naturkosmetik\/product\/rotwein-seife\/"},"modified":"2025-11-06T13:05:15","modified_gmt":"2025-11-06T12:05:15","slug":"rotwein-seife","status":"publish","type":"product","link":"https:\/\/www.regionalis.shop\/krismar-seewinkler-naturkosmetik\/shop\/rotwein-seife\/","title":{"rendered":"Rotwein Seife"},"content":{"rendered":"<div class=\"fusion-title title fusion-title-1 fusion-sep-none fusion-title-text fusion-title-size-two\">\n<h2 class=\"fusion-title-heading title-heading-left\">Rotwein Seife<\/h2>\n<p>90g<\/p>\n<\/div>\n<div class=\"fusion-text fusion-text-1\">\n<p>Unsere Rotwein Seife mit wertvollem Traubenkern\u00f6l und Rotwein ist ein Genuss f\u00fcr Haut und Sinne \u2013 nicht nur f\u00fcr Weinliebhaber! Ideal zum H\u00e4ndewaschen und Duschen, verw\u00f6hnt sie mit einem bet\u00f6renden Duft nach Muskatellersalbei.<br \/>\nDie antioxidativen Inhaltsstoffe des Rotweins, wie Resveratrol, unterst\u00fctzen die Haut dabei, Elastizit\u00e4t und Festigkeit zu bewahren.<br \/>\nMit ihrem fruchtig-erfrischenden Duft und der mild reinigenden Wirkung ist diese Seife ein luxuri\u00f6ses Pflegeerlebnis f\u00fcr jeden Tag.<\/p>\n<p><strong>Fruchtig-erfrischend und mild reinigend<\/strong><\/p>\n<p>Unsere Seifen pflegen Ihre Haut intensiv, ohne sie auszutrocknen. Dank eines \u00dcberfettungsgrads von mindestens 5 % sorgen sie f\u00fcr ein Plus an Geschmeidigkeit und Wohlbefinden \u2013 f\u00fcr eine nat\u00fcrliche und nachhaltige Pflege.<\/p>\n<\/div>\n","protected":false},"excerpt":{"rendered":"<p>Rotwein Seife 90g Unsere Rotwein Seife mit wertvollem Traubenkern\u00f6l und Rotwein ist ein Genuss f\u00fcr Haut und Sinne \u2013 nicht nur f\u00fcr Weinliebhaber! Ideal zum H\u00e4ndewaschen und Duschen, verw\u00f6hnt sie mit einem bet\u00f6renden Duft nach Muskatellersalbei. Die antioxidativen Inhaltsstoffe des Rotweins, wie Resveratrol, unterst\u00fctzen die Haut dabei, Elastizit\u00e4t und Festigkeit zu bewahren. Mit ihrem fruchtig-erfrischenden &hellip; <a href=\"https:\/\/www.regionalis.shop\/krismar-seewinkler-naturkosmetik\/shop\/rotwein-seife\/\">Continued<\/a><\/p>\n","protected":false},"featured_media":1164,"template":"","meta":{"_acf_changed":false},"product_brand":[],"product_cat":[52,76],"product_tag":[],"class_list":{"0":"post-1106","1":"product","2":"type-product","3":"status-publish","4":"has-post-thumbnail","6":"product_cat-kosmetika","7":"product_cat-seifen","9":"first","10":"instock","11":"purchasable","12":"product-type-simple"},"acf":[],"_links":{"self":[{"href":"https:\/\/www.regionalis.shop\/krismar-seewinkler-naturkosmetik\/wp-json\/wp\/v2\/product\/1106","targetHints":{"allow":["GET"]}}],"collection":[{"href":"https:\/\/www.regionalis.shop\/krismar-seewinkler-naturkosmetik\/wp-json\/wp\/v2\/product"}],"about":[{"href":"https:\/\/www.regionalis.shop\/krismar-seewinkler-naturkosmetik\/wp-json\/wp\/v2\/types\/product"}],"wp:featuredmedia":[{"embeddable":true,"href":"https:\/\/www.regionalis.shop\/krismar-seewinkler-naturkosmetik\/wp-json\/wp\/v2\/media\/1164"}],"wp:attachment":[{"href":"https:\/\/www.regionalis.shop\/krismar-seewinkler-naturkosmetik\/wp-json\/wp\/v2\/media?parent=1106"}],"wp:term":[{"taxonomy":"product_brand","embeddable":true,"href":"https:\/\/www.regionalis.shop\/krismar-seewinkler-naturkosmetik\/wp-json\/wp\/v2\/product_brand?post=1106"},{"taxonomy":"product_cat","embeddable":true,"href":"https:\/\/www.regionalis.shop\/krismar-seewinkler-naturkosmetik\/wp-json\/wp\/v2\/product_cat?post=1106"},{"taxonomy":"product_tag","embeddable":true,"href":"https:\/\/www.regionalis.shop\/krismar-seewinkler-naturkosmetik\/wp-json\/wp\/v2\/product_tag?post=1106"}],"curies":[{"name":"wp","href":"https:\/\/api.w.org\/{rel}","templated":true}]}}