{"id":1188,"date":"2025-11-06T11:59:02","date_gmt":"2025-11-06T10:59:02","guid":{"rendered":"https:\/\/www.regionalis.shop\/krismar-seewinkler-naturkosmetik\/?post_type=product&#038;p=1188"},"modified":"2025-11-06T12:35:01","modified_gmt":"2025-11-06T11:35:01","slug":"koerperlotion-nachtkerze","status":"publish","type":"product","link":"https:\/\/www.regionalis.shop\/krismar-seewinkler-naturkosmetik\/shop\/koerperlotion-nachtkerze\/","title":{"rendered":"K\u00f6rperlotion Nachtkerze"},"content":{"rendered":"<div class=\"fusion-title title fusion-title-1 fusion-sep-none fusion-title-text fusion-title-size-two\">\n<div class=\"fusion-title title fusion-title-1 fusion-sep-none fusion-title-text fusion-title-size-two\">\n<h2 class=\"fusion-title-heading title-heading-left\">K\u00f6rperlotion Nachtkerze 200ml<\/h2>\n<\/div>\n<div class=\"fusion-title title fusion-title-2 fusion-sep-none fusion-title-text fusion-title-size-three\">\n<h3 class=\"fusion-title-heading title-heading-left\">Sanfte Pflege f\u00fcr sensible Haut<\/h3>\n<\/div>\n<div class=\"fusion-text fusion-text-1\">\n<p>Unsere reichhaltige\u00a0<strong>K\u00f6rperlotion Nachtkerze<\/strong>\u00a0wurde speziell f\u00fcr trockene und empfindliche Haut entwickelt. Mit einer wohltuenden Kombination aus\u00a0<strong>wertvollem Nachtkerzen\u00f6l<\/strong>\u00a0und\u00a0<strong>Mandel\u00f6l<\/strong>\u00a0spendet sie intensive Feuchtigkeit und hinterl\u00e4sst ein geschmeidiges Hautgef\u00fchl.<\/p>\n<\/div>\n<div class=\"fusion-title title fusion-title-3 fusion-sep-none fusion-title-text fusion-title-size-three\">\n<h3 class=\"fusion-title-heading title-heading-left\">Pflegende Eigenschaften:<\/h3>\n<\/div>\n<div class=\"fusion-text fusion-text-2\">\n<ul>\n<li><strong>Nachtkerzen\u00f6l:<\/strong>\u00a0Bekannt f\u00fcr seine regenerierenden Eigenschaften, verbessert es die Hautstruktur und hilft, trockene und raue Stellen zu gl\u00e4tten.<\/li>\n<li><strong>Mandel\u00f6l:<\/strong>\u00a0N\u00e4hrt die Haut intensiv, unterst\u00fctzt die nat\u00fcrliche Hautbarriere und sorgt f\u00fcr ein samtweiches Hautgef\u00fchl.<\/li>\n<\/ul>\n<\/div>\n<div class=\"fusion-title title fusion-title-4 fusion-sep-none fusion-title-text fusion-title-size-three\">\n<h3 class=\"fusion-title-heading title-heading-left\">Besonderheiten:<\/h3>\n<\/div>\n<div class=\"fusion-text fusion-text-3\">\n<ul>\n<li><strong>Ohne \u00e4therische \u00d6le:<\/strong>\u00a0ideal f\u00fcr sensible Haut und Duftallergiker<\/li>\n<li><strong>Reichhaltig und schnell einziehend:<\/strong>\u00a0versorgt die Haut nachhaltig mit Feuchtigkeit, ohne zu fetten<\/li>\n<li><strong>Sanft und beruhigend:<\/strong>\u00a0lindert Spannungsgef\u00fchle und sorgt f\u00fcr ein rundum gepflegtes Hautgef\u00fchl<\/li>\n<\/ul>\n<\/div>\n<div class=\"fusion-title title fusion-title-5 fusion-sep-none fusion-title-text fusion-title-size-three\">\n<h3 class=\"fusion-title-heading title-heading-left\">Anwendung:<\/h3>\n<\/div>\n<div class=\"fusion-text fusion-text-4\">\n<p>Nach dem Duschen oder Baden auf die gereinigte Haut auftragen und sanft einmassieren. Besonders geeignet f\u00fcr trockene und empfindliche Hautpartien.<\/p>\n<p><strong>Erlebe die wohltuende Pflege der Natur \u2013 mit unserer K\u00f6rperlotion Nachtkerze f\u00fcr eine geschmeidige, gesunde Haut.<\/strong><\/p>\n<p>Und das Beste:<br data-start=\"1289\" data-end=\"1292\" \/>Der praktische\u00a0<strong data-start=\"1307\" data-end=\"1326\">Airless-Spender<\/strong>\u00a0sorgt daf\u00fcr, dass kein Tropfen verloren geht. Du nutzt jeden Milliliter \u2013 sauber, nachhaltig, einfach gut.<\/p>\n<\/div>\n<\/div>\n","protected":false},"excerpt":{"rendered":"<p>K\u00f6rperlotion Nachtkerze 200ml Sanfte Pflege f\u00fcr sensible Haut Unsere reichhaltige\u00a0K\u00f6rperlotion Nachtkerze\u00a0wurde speziell f\u00fcr trockene und empfindliche Haut entwickelt. Mit einer wohltuenden Kombination aus\u00a0wertvollem Nachtkerzen\u00f6l\u00a0und\u00a0Mandel\u00f6l\u00a0spendet sie intensive Feuchtigkeit und hinterl\u00e4sst ein geschmeidiges Hautgef\u00fchl. Pflegende Eigenschaften: Nachtkerzen\u00f6l:\u00a0Bekannt f\u00fcr seine regenerierenden Eigenschaften, verbessert es die Hautstruktur und hilft, trockene und raue Stellen zu gl\u00e4tten. Mandel\u00f6l:\u00a0N\u00e4hrt die Haut intensiv, &hellip; <a href=\"https:\/\/www.regionalis.shop\/krismar-seewinkler-naturkosmetik\/shop\/koerperlotion-nachtkerze\/\">Continued<\/a><\/p>\n","protected":false},"featured_media":1156,"template":"","meta":{"_acf_changed":false},"product_brand":[],"product_cat":[112,122,153,52],"product_tag":[],"class_list":{"0":"post-1188","1":"product","2":"type-product","3":"status-publish","4":"has-post-thumbnail","6":"product_cat-babys-muetter","7":"product_cat-cremen-salben","8":"product_cat-koerperpflege","9":"product_cat-kosmetika","11":"first","12":"instock","13":"purchasable","14":"product-type-simple"},"acf":[],"_links":{"self":[{"href":"https:\/\/www.regionalis.shop\/krismar-seewinkler-naturkosmetik\/wp-json\/wp\/v2\/product\/1188","targetHints":{"allow":["GET"]}}],"collection":[{"href":"https:\/\/www.regionalis.shop\/krismar-seewinkler-naturkosmetik\/wp-json\/wp\/v2\/product"}],"about":[{"href":"https:\/\/www.regionalis.shop\/krismar-seewinkler-naturkosmetik\/wp-json\/wp\/v2\/types\/product"}],"wp:featuredmedia":[{"embeddable":true,"href":"https:\/\/www.regionalis.shop\/krismar-seewinkler-naturkosmetik\/wp-json\/wp\/v2\/media\/1156"}],"wp:attachment":[{"href":"https:\/\/www.regionalis.shop\/krismar-seewinkler-naturkosmetik\/wp-json\/wp\/v2\/media?parent=1188"}],"wp:term":[{"taxonomy":"product_brand","embeddable":true,"href":"https:\/\/www.regionalis.shop\/krismar-seewinkler-naturkosmetik\/wp-json\/wp\/v2\/product_brand?post=1188"},{"taxonomy":"product_cat","embeddable":true,"href":"https:\/\/www.regionalis.shop\/krismar-seewinkler-naturkosmetik\/wp-json\/wp\/v2\/product_cat?post=1188"},{"taxonomy":"product_tag","embeddable":true,"href":"https:\/\/www.regionalis.shop\/krismar-seewinkler-naturkosmetik\/wp-json\/wp\/v2\/product_tag?post=1188"}],"curies":[{"name":"wp","href":"https:\/\/api.w.org\/{rel}","templated":true}]}}