{"id":1168,"date":"2025-04-18T04:41:41","date_gmt":"2025-04-18T02:41:41","guid":{"rendered":"https:\/\/www.regionalis.shop\/kunsthandwerk-johann-haiszan\/product\/halskette-mit-anhaenger-aus-2-holzarten\/"},"modified":"2025-04-18T04:41:41","modified_gmt":"2025-04-18T02:41:41","slug":"halskette-mit-anhaenger-aus-2-holzarten","status":"publish","type":"product","link":"https:\/\/www.regionalis.shop\/kunsthandwerk-johann-haiszan\/shop\/halskette-mit-anhaenger-aus-2-holzarten\/","title":{"rendered":"Halskette mit Anh\u00e4nger aus 2 Holzarten"},"content":{"rendered":"<p>Diese Kette mit extravagantem Anh\u00e4nger ist weltweit ein Unikat und g\u00e4nzlich handgefertigt.<\/p>\n<p>Um das Holz so richtig strahlen zu lassen, wurde es ge\u00f6lt und danach eine gesundheits- und umweltunbedenkliche aber feuchtigkeits-, speichel- und schwei\u00dfresistente Versiegelung aufgetragen und diese anschlie\u00dfend auf Hochglanz poliert.<\/p>\n<p>Die Panzerkette vergoldet mit Federringverschluss.<\/p>\n<p>Abmessungen: Die Scheibe hat ca. 40mm Durchmesser, der Rhombus ca. 18mm Seitenl\u00e4nge.<\/p>\n<p>Verwendet wurde Ahorn (Acer pseudoplatanus) und Birne (Pyrus communis) gestockt.<\/p>\n","protected":false},"excerpt":{"rendered":"<p>Diese Kette mit extravagantem Anh\u00e4nger ist weltweit ein Unikat und g\u00e4nzlich handgefertigt. Um das Holz so richtig strahlen zu lassen, wurde es ge\u00f6lt und danach eine gesundheits- und umweltunbedenkliche aber feuchtigkeits-, speichel- und schwei\u00dfresistente Versiegelung aufgetragen und diese anschlie\u00dfend auf Hochglanz poliert. Die Panzerkette vergoldet mit Federringverschluss. Abmessungen: Die Scheibe hat ca. 40mm Durchmesser, der &hellip; <a href=\"https:\/\/www.regionalis.shop\/kunsthandwerk-johann-haiszan\/shop\/halskette-mit-anhaenger-aus-2-holzarten\/\">Continued<\/a><\/p>\n","protected":false},"featured_media":1169,"template":"","meta":{"_acf_changed":false},"product_brand":[],"product_cat":[141,70],"product_tag":[],"class_list":{"0":"post-1168","1":"product","2":"type-product","3":"status-publish","4":"has-post-thumbnail","6":"product_cat-halsketten","7":"product_cat-schmuck","9":"first","10":"instock","11":"purchasable","12":"product-type-simple"},"acf":[],"_links":{"self":[{"href":"https:\/\/www.regionalis.shop\/kunsthandwerk-johann-haiszan\/wp-json\/wp\/v2\/product\/1168","targetHints":{"allow":["GET"]}}],"collection":[{"href":"https:\/\/www.regionalis.shop\/kunsthandwerk-johann-haiszan\/wp-json\/wp\/v2\/product"}],"about":[{"href":"https:\/\/www.regionalis.shop\/kunsthandwerk-johann-haiszan\/wp-json\/wp\/v2\/types\/product"}],"wp:featuredmedia":[{"embeddable":true,"href":"https:\/\/www.regionalis.shop\/kunsthandwerk-johann-haiszan\/wp-json\/wp\/v2\/media\/1169"}],"wp:attachment":[{"href":"https:\/\/www.regionalis.shop\/kunsthandwerk-johann-haiszan\/wp-json\/wp\/v2\/media?parent=1168"}],"wp:term":[{"taxonomy":"product_brand","embeddable":true,"href":"https:\/\/www.regionalis.shop\/kunsthandwerk-johann-haiszan\/wp-json\/wp\/v2\/product_brand?post=1168"},{"taxonomy":"product_cat","embeddable":true,"href":"https:\/\/www.regionalis.shop\/kunsthandwerk-johann-haiszan\/wp-json\/wp\/v2\/product_cat?post=1168"},{"taxonomy":"product_tag","embeddable":true,"href":"https:\/\/www.regionalis.shop\/kunsthandwerk-johann-haiszan\/wp-json\/wp\/v2\/product_tag?post=1168"}],"curies":[{"name":"wp","href":"https:\/\/api.w.org\/{rel}","templated":true}]}}