{"id":1248,"date":"2025-04-18T04:37:41","date_gmt":"2025-04-18T02:37:41","guid":{"rendered":"https:\/\/www.regionalis.shop\/kunsthandwerk-johann-haiszan\/product\/ohrringe-bunte-eulen-4\/"},"modified":"2025-04-18T04:37:41","modified_gmt":"2025-04-18T02:37:41","slug":"ohrringe-bunte-eulen-4","status":"publish","type":"product","link":"https:\/\/www.regionalis.shop\/kunsthandwerk-johann-haiszan\/shop\/ohrringe-bunte-eulen-4\/","title":{"rendered":"Ohrringe bunte Eulen"},"content":{"rendered":"<p>Diese wundersch\u00f6nen und zugleich einzigartigen Ohrringe aus bemalten Holzkn\u00f6pfen sind weltweit ein Unikat und g\u00e4nzlich handgefertigt.<\/p>\n<p>In dieser Form und Ausf\u00fchrung sind sie der Hingucker schlechthin. Damit sie angenehm und federleicht zu tragen sind, wurden sie sehr d\u00fcnn gefertigt.<\/p>\n","protected":false},"excerpt":{"rendered":"<p>Diese wundersch\u00f6nen und zugleich einzigartigen Ohrringe aus bemalten Holzkn\u00f6pfen sind weltweit ein Unikat und g\u00e4nzlich handgefertigt. In dieser Form und Ausf\u00fchrung sind sie der Hingucker schlechthin. Damit sie angenehm und federleicht zu tragen sind, wurden sie sehr d\u00fcnn gefertigt.<\/p>\n","protected":false},"featured_media":1249,"template":"","meta":{"_acf_changed":false},"product_brand":[],"product_cat":[163,70],"product_tag":[],"class_list":{"0":"post-1248","1":"product","2":"type-product","3":"status-publish","4":"has-post-thumbnail","6":"product_cat-ohrringe","7":"product_cat-schmuck","9":"first","10":"instock","11":"purchasable","12":"product-type-simple"},"acf":[],"_links":{"self":[{"href":"https:\/\/www.regionalis.shop\/kunsthandwerk-johann-haiszan\/wp-json\/wp\/v2\/product\/1248","targetHints":{"allow":["GET"]}}],"collection":[{"href":"https:\/\/www.regionalis.shop\/kunsthandwerk-johann-haiszan\/wp-json\/wp\/v2\/product"}],"about":[{"href":"https:\/\/www.regionalis.shop\/kunsthandwerk-johann-haiszan\/wp-json\/wp\/v2\/types\/product"}],"wp:featuredmedia":[{"embeddable":true,"href":"https:\/\/www.regionalis.shop\/kunsthandwerk-johann-haiszan\/wp-json\/wp\/v2\/media\/1249"}],"wp:attachment":[{"href":"https:\/\/www.regionalis.shop\/kunsthandwerk-johann-haiszan\/wp-json\/wp\/v2\/media?parent=1248"}],"wp:term":[{"taxonomy":"product_brand","embeddable":true,"href":"https:\/\/www.regionalis.shop\/kunsthandwerk-johann-haiszan\/wp-json\/wp\/v2\/product_brand?post=1248"},{"taxonomy":"product_cat","embeddable":true,"href":"https:\/\/www.regionalis.shop\/kunsthandwerk-johann-haiszan\/wp-json\/wp\/v2\/product_cat?post=1248"},{"taxonomy":"product_tag","embeddable":true,"href":"https:\/\/www.regionalis.shop\/kunsthandwerk-johann-haiszan\/wp-json\/wp\/v2\/product_tag?post=1248"}],"curies":[{"name":"wp","href":"https:\/\/api.w.org\/{rel}","templated":true}]}}