{"id":1307,"date":"2025-04-18T01:02:44","date_gmt":"2025-04-17T23:02:44","guid":{"rendered":"https:\/\/www.regionalis.shop\/kunsthandwerk-johann-haiszan\/product\/weihnachtlicher-tuerstopper-elch\/"},"modified":"2025-04-18T01:02:44","modified_gmt":"2025-04-17T23:02:44","slug":"weihnachtlicher-tuerstopper-elch","status":"publish","type":"product","link":"https:\/\/www.regionalis.shop\/kunsthandwerk-johann-haiszan\/shop\/weihnachtlicher-tuerstopper-elch\/","title":{"rendered":"Weihnachtlicher T\u00fcrstopper Elch"},"content":{"rendered":"<p>Dieser T\u00fcrstopper in Form eines Elches wurde mit der Hand gefertigt. Er ist ein Unikat und h\u00e4lt jede T\u00fcr und jedes Fenster fest in seiner Position.<\/p>\n<p>Der Elch ist nicht nur f\u00fcr Weihnachten, er kann das ganze Jahr verwendet werden und wird er einmal wirklich nicht gebraucht, kann man ihn einfach als Zierde ins Fenster stellen.<\/p>\n<p>Der Elch wurde aus heimischen Kiefernholz gefertigt und wurde nur gewachst.<\/p>\n<p>Abmessungen: Ca. L 26 x B 9 x H 21 cm.<\/p>\n","protected":false},"excerpt":{"rendered":"<p>Dieser T\u00fcrstopper in Form eines Elches wurde mit der Hand gefertigt. Er ist ein Unikat und h\u00e4lt jede T\u00fcr und jedes Fenster fest in seiner Position. Der Elch ist nicht nur f\u00fcr Weihnachten, er kann das ganze Jahr verwendet werden und wird er einmal wirklich nicht gebraucht, kann man ihn einfach als Zierde ins Fenster &hellip; <a href=\"https:\/\/www.regionalis.shop\/kunsthandwerk-johann-haiszan\/shop\/weihnachtlicher-tuerstopper-elch\/\">Continued<\/a><\/p>\n","protected":false},"featured_media":1308,"template":"","meta":{"_acf_changed":false},"product_brand":[],"product_cat":[173,103],"product_tag":[],"class_list":{"0":"post-1307","1":"product","2":"type-product","3":"status-publish","4":"has-post-thumbnail","6":"product_cat-weihnachten","7":"product_cat-wohnen-deko","9":"first","10":"instock","11":"purchasable","12":"product-type-simple"},"acf":[],"_links":{"self":[{"href":"https:\/\/www.regionalis.shop\/kunsthandwerk-johann-haiszan\/wp-json\/wp\/v2\/product\/1307","targetHints":{"allow":["GET"]}}],"collection":[{"href":"https:\/\/www.regionalis.shop\/kunsthandwerk-johann-haiszan\/wp-json\/wp\/v2\/product"}],"about":[{"href":"https:\/\/www.regionalis.shop\/kunsthandwerk-johann-haiszan\/wp-json\/wp\/v2\/types\/product"}],"wp:featuredmedia":[{"embeddable":true,"href":"https:\/\/www.regionalis.shop\/kunsthandwerk-johann-haiszan\/wp-json\/wp\/v2\/media\/1308"}],"wp:attachment":[{"href":"https:\/\/www.regionalis.shop\/kunsthandwerk-johann-haiszan\/wp-json\/wp\/v2\/media?parent=1307"}],"wp:term":[{"taxonomy":"product_brand","embeddable":true,"href":"https:\/\/www.regionalis.shop\/kunsthandwerk-johann-haiszan\/wp-json\/wp\/v2\/product_brand?post=1307"},{"taxonomy":"product_cat","embeddable":true,"href":"https:\/\/www.regionalis.shop\/kunsthandwerk-johann-haiszan\/wp-json\/wp\/v2\/product_cat?post=1307"},{"taxonomy":"product_tag","embeddable":true,"href":"https:\/\/www.regionalis.shop\/kunsthandwerk-johann-haiszan\/wp-json\/wp\/v2\/product_tag?post=1307"}],"curies":[{"name":"wp","href":"https:\/\/api.w.org\/{rel}","templated":true}]}}