{"id":1359,"date":"2025-04-18T00:26:13","date_gmt":"2025-04-17T22:26:13","guid":{"rendered":"https:\/\/www.regionalis.shop\/kunsthandwerk-johann-haiszan\/product\/adventkalender-weihnachtsmann\/"},"modified":"2025-04-18T00:26:13","modified_gmt":"2025-04-17T22:26:13","slug":"adventkalender-weihnachtsmann","status":"publish","type":"product","link":"https:\/\/www.regionalis.shop\/kunsthandwerk-johann-haiszan\/shop\/adventkalender-weihnachtsmann\/","title":{"rendered":"Adventkalender Weihnachtsmann"},"content":{"rendered":"<p>Adventkalender zum an die Wand h\u00e4ngen. Der Weihnachtsmann ist mit biologischen und gesundheitsunbedenklichen Farben bemalt und kann immer wieder verwendet werden.<\/p>\n<p>In die beigelegten Jutes\u00e4ckchen k\u00f6nnen vielerlei Kleinigkeiten hineingegeben und auf den Weihnachtsmann geh\u00e4ngt werden.<\/p>\n<p>Weihachtsmann ca. 37&#215;35 cm, Jutes\u00e4ckchen ca. 7&#215;10 cm<\/p>\n","protected":false},"excerpt":{"rendered":"<p>Adventkalender zum an die Wand h\u00e4ngen. Der Weihnachtsmann ist mit biologischen und gesundheitsunbedenklichen Farben bemalt und kann immer wieder verwendet werden. In die beigelegten Jutes\u00e4ckchen k\u00f6nnen vielerlei Kleinigkeiten hineingegeben und auf den Weihnachtsmann geh\u00e4ngt werden. Weihachtsmann ca. 37&#215;35 cm, Jutes\u00e4ckchen ca. 7&#215;10 cm<\/p>\n","protected":false},"featured_media":1360,"template":"","meta":{"_acf_changed":false},"product_brand":[],"product_cat":[173,103],"product_tag":[],"class_list":{"0":"post-1359","1":"product","2":"type-product","3":"status-publish","4":"has-post-thumbnail","6":"product_cat-weihnachten","7":"product_cat-wohnen-deko","9":"first","10":"instock","11":"purchasable","12":"product-type-simple"},"acf":[],"_links":{"self":[{"href":"https:\/\/www.regionalis.shop\/kunsthandwerk-johann-haiszan\/wp-json\/wp\/v2\/product\/1359","targetHints":{"allow":["GET"]}}],"collection":[{"href":"https:\/\/www.regionalis.shop\/kunsthandwerk-johann-haiszan\/wp-json\/wp\/v2\/product"}],"about":[{"href":"https:\/\/www.regionalis.shop\/kunsthandwerk-johann-haiszan\/wp-json\/wp\/v2\/types\/product"}],"wp:featuredmedia":[{"embeddable":true,"href":"https:\/\/www.regionalis.shop\/kunsthandwerk-johann-haiszan\/wp-json\/wp\/v2\/media\/1360"}],"wp:attachment":[{"href":"https:\/\/www.regionalis.shop\/kunsthandwerk-johann-haiszan\/wp-json\/wp\/v2\/media?parent=1359"}],"wp:term":[{"taxonomy":"product_brand","embeddable":true,"href":"https:\/\/www.regionalis.shop\/kunsthandwerk-johann-haiszan\/wp-json\/wp\/v2\/product_brand?post=1359"},{"taxonomy":"product_cat","embeddable":true,"href":"https:\/\/www.regionalis.shop\/kunsthandwerk-johann-haiszan\/wp-json\/wp\/v2\/product_cat?post=1359"},{"taxonomy":"product_tag","embeddable":true,"href":"https:\/\/www.regionalis.shop\/kunsthandwerk-johann-haiszan\/wp-json\/wp\/v2\/product_tag?post=1359"}],"curies":[{"name":"wp","href":"https:\/\/api.w.org\/{rel}","templated":true}]}}