{"id":1488,"date":"2025-04-17T23:16:15","date_gmt":"2025-04-17T21:16:15","guid":{"rendered":"https:\/\/www.regionalis.shop\/kunsthandwerk-johann-haiszan\/product\/set-krawattennadel-und-manschettenknoepfe-aus-gestockter-birke\/"},"modified":"2025-04-17T23:16:15","modified_gmt":"2025-04-17T21:16:15","slug":"set-krawattennadel-und-manschettenknoepfe-aus-gestockter-birke","status":"publish","type":"product","link":"https:\/\/www.regionalis.shop\/kunsthandwerk-johann-haiszan\/shop\/set-krawattennadel-und-manschettenknoepfe-aus-gestockter-birke\/","title":{"rendered":"Set Krawattennadel und Manschettenkn\u00f6pfe aus gestockter Birke"},"content":{"rendered":"<p>Dieses elegante Set aus Krawattennadel und Manschettenkn\u00f6pfen ist g\u00e4nzlich handgefertigt und weltweit ein Unikat.<\/p>\n<p>Um das Holz so richtig strahlen zu lassen, wurde es ge\u00f6lt und danach eine gesundheits- und umweltunbedenkliche  Versiegelung aufgetragen und diese anschlie\u00dfend auf Hochglanz poliert. <\/p>\n<p>Geliefert wird das Set in einer eleganten und stabilen Schachtel.<\/p>\n<p>Verwendet wurde gestockte Birke (Betula pendula).<\/p>\n","protected":false},"excerpt":{"rendered":"<p>Dieses elegante Set aus Krawattennadel und Manschettenkn\u00f6pfen ist g\u00e4nzlich handgefertigt und weltweit ein Unikat. Um das Holz so richtig strahlen zu lassen, wurde es ge\u00f6lt und danach eine gesundheits- und umweltunbedenkliche Versiegelung aufgetragen und diese anschlie\u00dfend auf Hochglanz poliert. Geliefert wird das Set in einer eleganten und stabilen Schachtel. Verwendet wurde gestockte Birke (Betula pendula).<\/p>\n","protected":false},"featured_media":1489,"template":"","meta":{"_acf_changed":false},"product_brand":[],"product_cat":[37,82],"product_tag":[],"class_list":{"0":"post-1488","1":"product","2":"type-product","3":"status-publish","4":"has-post-thumbnail","6":"product_cat-accessoires","7":"product_cat-sonstiges-accessoires","9":"first","10":"instock","11":"purchasable","12":"product-type-simple"},"acf":[],"_links":{"self":[{"href":"https:\/\/www.regionalis.shop\/kunsthandwerk-johann-haiszan\/wp-json\/wp\/v2\/product\/1488","targetHints":{"allow":["GET"]}}],"collection":[{"href":"https:\/\/www.regionalis.shop\/kunsthandwerk-johann-haiszan\/wp-json\/wp\/v2\/product"}],"about":[{"href":"https:\/\/www.regionalis.shop\/kunsthandwerk-johann-haiszan\/wp-json\/wp\/v2\/types\/product"}],"wp:featuredmedia":[{"embeddable":true,"href":"https:\/\/www.regionalis.shop\/kunsthandwerk-johann-haiszan\/wp-json\/wp\/v2\/media\/1489"}],"wp:attachment":[{"href":"https:\/\/www.regionalis.shop\/kunsthandwerk-johann-haiszan\/wp-json\/wp\/v2\/media?parent=1488"}],"wp:term":[{"taxonomy":"product_brand","embeddable":true,"href":"https:\/\/www.regionalis.shop\/kunsthandwerk-johann-haiszan\/wp-json\/wp\/v2\/product_brand?post=1488"},{"taxonomy":"product_cat","embeddable":true,"href":"https:\/\/www.regionalis.shop\/kunsthandwerk-johann-haiszan\/wp-json\/wp\/v2\/product_cat?post=1488"},{"taxonomy":"product_tag","embeddable":true,"href":"https:\/\/www.regionalis.shop\/kunsthandwerk-johann-haiszan\/wp-json\/wp\/v2\/product_tag?post=1488"}],"curies":[{"name":"wp","href":"https:\/\/api.w.org\/{rel}","templated":true}]}}