{"id":1059,"date":"2025-04-18T01:29:32","date_gmt":"2025-04-17T23:29:32","guid":{"rendered":"https:\/\/www.regionalis.shop\/lcreativ\/product\/doppelpack-seife-mit-filzmantel-in-steinoptik-handgefilzt\/"},"modified":"2025-04-18T01:29:32","modified_gmt":"2025-04-17T23:29:32","slug":"doppelpack-seife-mit-filzmantel-in-steinoptik-handgefilzt","status":"publish","type":"product","link":"https:\/\/www.regionalis.shop\/lcreativ\/shop\/doppelpack-seife-mit-filzmantel-in-steinoptik-handgefilzt\/","title":{"rendered":"Doppelpack Seife mit Filzmantel in Steinoptik handgefilzt"},"content":{"rendered":"<p>2 St\u00fcck Seife in Tiroler Bergschafwolle eingefilzt mit Seide verziert um die Steinoptik zu erzeugen.<\/p>\n<p>Ein toller Blickfang f\u00fcr ihr Badezimmer oder Toilette.<\/p>\n<p>Durch die Schafwolle entsteht beim Waschen ein Peeling-Effekt, die Seife beginnt sch\u00f6n zu sch\u00e4umen. F\u00fcr K\u00f6rper, Gesicht und H\u00e4nde geeignet.<br \/>\nDer Filz schrumpft beim Verbrauch gemeinsam mit der Seife. Wenn die Seife aufgebraucht ist (wenn kein Schaum mehr durch die Wolle kommt) kann die Schafwolle im Biom\u00fcll entsorgt werden.<\/p>\n<p>Mit viel Liebe von mir handgefilzt.<\/p>\n<p>Achtung: Die Seife sollte in einer gut bel\u00fcfteten Seifenablage gelagert werden, dass sie nach dem Waschen gut abtrocknen kann.<\/p>\n<p>Gewicht: ca. 100 g<\/p>\n","protected":false},"excerpt":{"rendered":"<p>2 St\u00fcck Seife in Tiroler Bergschafwolle eingefilzt mit Seide verziert um die Steinoptik zu erzeugen. Ein toller Blickfang f\u00fcr ihr Badezimmer oder Toilette. Durch die Schafwolle entsteht beim Waschen ein Peeling-Effekt, die Seife beginnt sch\u00f6n zu sch\u00e4umen. F\u00fcr K\u00f6rper, Gesicht und H\u00e4nde geeignet. Der Filz schrumpft beim Verbrauch gemeinsam mit der Seife. Wenn die Seife &hellip; <a href=\"https:\/\/www.regionalis.shop\/lcreativ\/shop\/doppelpack-seife-mit-filzmantel-in-steinoptik-handgefilzt\/\">Continued<\/a><\/p>\n","protected":false},"featured_media":1060,"template":"","meta":{"_acf_changed":false},"product_brand":[],"product_cat":[52,76],"product_tag":[],"class_list":{"0":"post-1059","1":"product","2":"type-product","3":"status-publish","4":"has-post-thumbnail","6":"product_cat-kosmetika","7":"product_cat-seifen","9":"first","10":"instock","11":"purchasable","12":"product-type-simple"},"acf":[],"_links":{"self":[{"href":"https:\/\/www.regionalis.shop\/lcreativ\/wp-json\/wp\/v2\/product\/1059","targetHints":{"allow":["GET"]}}],"collection":[{"href":"https:\/\/www.regionalis.shop\/lcreativ\/wp-json\/wp\/v2\/product"}],"about":[{"href":"https:\/\/www.regionalis.shop\/lcreativ\/wp-json\/wp\/v2\/types\/product"}],"wp:featuredmedia":[{"embeddable":true,"href":"https:\/\/www.regionalis.shop\/lcreativ\/wp-json\/wp\/v2\/media\/1060"}],"wp:attachment":[{"href":"https:\/\/www.regionalis.shop\/lcreativ\/wp-json\/wp\/v2\/media?parent=1059"}],"wp:term":[{"taxonomy":"product_brand","embeddable":true,"href":"https:\/\/www.regionalis.shop\/lcreativ\/wp-json\/wp\/v2\/product_brand?post=1059"},{"taxonomy":"product_cat","embeddable":true,"href":"https:\/\/www.regionalis.shop\/lcreativ\/wp-json\/wp\/v2\/product_cat?post=1059"},{"taxonomy":"product_tag","embeddable":true,"href":"https:\/\/www.regionalis.shop\/lcreativ\/wp-json\/wp\/v2\/product_tag?post=1059"}],"curies":[{"name":"wp","href":"https:\/\/api.w.org\/{rel}","templated":true}]}}

<p>2 Stück Seife in Tiroler Bergschafwolle eingefilzt mit Seide verziert um die Steinoptik zu erzeugen.</p>
<p>Ein toller Blickfang für ihr Badezimmer oder Toilette.</p>
<p>Durch die Schafwolle entsteht beim Waschen ein Peeling-Effekt, die Seife beginnt schön zu schäumen. Für Körper, Gesicht und Hände geeignet.<br />
Der Filz schrumpft beim Verbrauch gemeinsam mit der Seife. Wenn die Seife aufgebraucht ist (wenn kein Schaum mehr durch die Wolle kommt) kann die Schafwolle im Biomüll entsorgt werden.</p>
<p>Mit viel Liebe von mir handgefilzt.</p>
<p>Achtung: Die Seife sollte in einer gut belüfteten Seifenablage gelagert werden, dass sie nach dem Waschen gut abtrocknen kann.</p>
<p>Gewicht: ca. 100 g</p>

<p>2 Stück Seife in Tiroler Bergschafwolle eingefilzt mit Seide verziert um die Steinoptik zu erzeugen. Ein toller Blickfang für ihr Badezimmer oder Toilette. Durch die Schafwolle entsteht beim Waschen ein Peeling-Effekt, die Seife beginnt schön zu schäumen. Für Körper, Gesicht und Hände geeignet. Der Filz schrumpft beim Verbrauch gemeinsam mit der Seife. Wenn die Seife &hellip; <a href="https://www.regionalis.shop/lcreativ/shop/doppelpack-seife-mit-filzmantel-in-steinoptik-handgefilzt/">Continued</a></p>
