{"id":1069,"date":"2025-04-18T00:40:34","date_gmt":"2025-04-17T22:40:34","guid":{"rendered":"https:\/\/www.regionalis.shop\/lcreativ\/product\/schal-handgefilzt-kuschelig-weich\/"},"modified":"2025-04-18T00:40:34","modified_gmt":"2025-04-17T22:40:34","slug":"schal-handgefilzt-kuschelig-weich","status":"publish","type":"product","link":"https:\/\/www.regionalis.shop\/lcreativ\/shop\/schal-handgefilzt-kuschelig-weich\/","title":{"rendered":"Schal handgefilzt kuschelig weich"},"content":{"rendered":"<p>Eindeutig nicht von der Stange ist dieser Schalkragen, den ich in einer speziellen Technik handgefilzt habe.<br \/>\nDie sehr kuschelig weiche Merinoschafwolle habe ich per Hand gef\u00e4rbt und ist deswegen auch farblich ein Unikat.<\/p>\n<p>Hauchzart legt sich dieser Kragen schmeichend um Ihren Hals.<\/p>\n<p>Gr\u00f6\u00dfe: ca. 145 cm x 25 cm<\/p>\n<p>Material:<br \/>\n95% Merinoschafwolle 16 mic (mulesingfrei)<br \/>\n5% Seide<\/p>\n","protected":false},"excerpt":{"rendered":"<p>Eindeutig nicht von der Stange ist dieser Schalkragen, den ich in einer speziellen Technik handgefilzt habe. Die sehr kuschelig weiche Merinoschafwolle habe ich per Hand gef\u00e4rbt und ist deswegen auch farblich ein Unikat. Hauchzart legt sich dieser Kragen schmeichend um Ihren Hals. Gr\u00f6\u00dfe: ca. 145 cm x 25 cm Material: 95% Merinoschafwolle 16 mic (mulesingfrei) &hellip; <a href=\"https:\/\/www.regionalis.shop\/lcreativ\/shop\/schal-handgefilzt-kuschelig-weich\/\">Continued<\/a><\/p>\n","protected":false},"featured_media":1070,"template":"","meta":{"_acf_changed":false},"product_brand":[],"product_cat":[37,67],"product_tag":[],"class_list":{"0":"post-1069","1":"product","2":"type-product","3":"status-publish","4":"has-post-thumbnail","6":"product_cat-accessoires","7":"product_cat-schals-halstuecher","9":"first","10":"instock","11":"purchasable","12":"product-type-simple"},"acf":[],"_links":{"self":[{"href":"https:\/\/www.regionalis.shop\/lcreativ\/wp-json\/wp\/v2\/product\/1069","targetHints":{"allow":["GET"]}}],"collection":[{"href":"https:\/\/www.regionalis.shop\/lcreativ\/wp-json\/wp\/v2\/product"}],"about":[{"href":"https:\/\/www.regionalis.shop\/lcreativ\/wp-json\/wp\/v2\/types\/product"}],"wp:featuredmedia":[{"embeddable":true,"href":"https:\/\/www.regionalis.shop\/lcreativ\/wp-json\/wp\/v2\/media\/1070"}],"wp:attachment":[{"href":"https:\/\/www.regionalis.shop\/lcreativ\/wp-json\/wp\/v2\/media?parent=1069"}],"wp:term":[{"taxonomy":"product_brand","embeddable":true,"href":"https:\/\/www.regionalis.shop\/lcreativ\/wp-json\/wp\/v2\/product_brand?post=1069"},{"taxonomy":"product_cat","embeddable":true,"href":"https:\/\/www.regionalis.shop\/lcreativ\/wp-json\/wp\/v2\/product_cat?post=1069"},{"taxonomy":"product_tag","embeddable":true,"href":"https:\/\/www.regionalis.shop\/lcreativ\/wp-json\/wp\/v2\/product_tag?post=1069"}],"curies":[{"name":"wp","href":"https:\/\/api.w.org\/{rel}","templated":true}]}}

<p>Eindeutig nicht von der Stange ist dieser Schalkragen, den ich in einer speziellen Technik handgefilzt habe.<br />
Die sehr kuschelig weiche Merinoschafwolle habe ich per Hand gefärbt und ist deswegen auch farblich ein Unikat.</p>
<p>Hauchzart legt sich dieser Kragen schmeichend um Ihren Hals.</p>
<p>Größe: ca. 145 cm x 25 cm</p>
<p>Material:<br />
95% Merinoschafwolle 16 mic (mulesingfrei)<br />
5% Seide</p>

<p>Eindeutig nicht von der Stange ist dieser Schalkragen, den ich in einer speziellen Technik handgefilzt habe. Die sehr kuschelig weiche Merinoschafwolle habe ich per Hand gefärbt und ist deswegen auch farblich ein Unikat. Hauchzart legt sich dieser Kragen schmeichend um Ihren Hals. Größe: ca. 145 cm x 25 cm Material: 95% Merinoschafwolle 16 mic (mulesingfrei) &hellip; <a href="https://www.regionalis.shop/lcreativ/shop/schal-handgefilzt-kuschelig-weich/">Continued</a></p>
