{"id":1067,"date":"2025-04-28T03:58:56","date_gmt":"2025-04-28T01:58:56","guid":{"rendered":"https:\/\/www.regionalis.shop\/les-frotteurs\/product\/schluesselanhaenger-esel-tier-mit-karabiner-auch-als-taschenanhaenger\/"},"modified":"2025-11-05T08:05:36","modified_gmt":"2025-11-05T07:05:36","slug":"schluesselanhaenger-esel-tier-mit-karabiner-auch-als-taschenanhaenger","status":"publish","type":"product","link":"https:\/\/www.regionalis.shop\/les-frotteurs\/shop\/schluesselanhaenger-esel-tier-mit-karabiner-auch-als-taschenanhaenger\/","title":{"rendered":"Schl\u00fcsselanh\u00e4nger Esel, Taschenanh\u00e4nger"},"content":{"rendered":"<p>Kleiner Esel mit wei\u00dfem Maul, grauem Fell und dunkelgrauer M\u00e4hne, wird auf Bestellung gemacht mit Schl\u00fcsselring und\/oder Karabiner.<\/p>\n<p>Handlich gemacht als best\u00e4ndiger Begleiter.<br \/>\nKann als Taschenanh\u00e4nger, Schl\u00fcsselhalter oder Mitfahrer verwendet werden, es gibt jede Menge M\u00f6glichkeiten f\u00fcr das Eselchen um n\u00fctzlich zu sein.<\/p>\n<p>Gr\u00f6\u00dfe: ca. 6 x 5 cm<\/p>\n<p>Material: Baumwollgarn (grau\/wei\u00df\/dunkelgrau), F\u00fcllwatte, Metall<\/p>\n<p>Jedes St\u00fcck wurde von mir kreiert und handgefertigt<br \/>\nMehr in meinem regionalis Shop \ud83d\ude42<\/p>\n<p>Vielen Dank!<\/p>\n","protected":false},"excerpt":{"rendered":"<p>Kleiner Esel mit wei\u00dfem Maul, grauem Fell und dunkelgrauer M\u00e4hne, wird auf Bestellung gemacht mit Schl\u00fcsselring und\/oder Karabiner<\/p>\n","protected":false},"featured_media":1068,"template":"","meta":{"_acf_changed":false},"product_brand":[],"product_cat":[37,68],"product_tag":[220,184],"class_list":{"0":"post-1067","1":"product","2":"type-product","3":"status-publish","4":"has-post-thumbnail","6":"product_cat-accessoires","7":"product_cat-schluesselanhaenger","8":"product_tag-schluesselanhaenger-esel","9":"product_tag-taschenanhaenger","11":"first","12":"instock","13":"purchasable","14":"product-type-simple"},"acf":[],"_links":{"self":[{"href":"https:\/\/www.regionalis.shop\/les-frotteurs\/wp-json\/wp\/v2\/product\/1067","targetHints":{"allow":["GET"]}}],"collection":[{"href":"https:\/\/www.regionalis.shop\/les-frotteurs\/wp-json\/wp\/v2\/product"}],"about":[{"href":"https:\/\/www.regionalis.shop\/les-frotteurs\/wp-json\/wp\/v2\/types\/product"}],"wp:featuredmedia":[{"embeddable":true,"href":"https:\/\/www.regionalis.shop\/les-frotteurs\/wp-json\/wp\/v2\/media\/1068"}],"wp:attachment":[{"href":"https:\/\/www.regionalis.shop\/les-frotteurs\/wp-json\/wp\/v2\/media?parent=1067"}],"wp:term":[{"taxonomy":"product_brand","embeddable":true,"href":"https:\/\/www.regionalis.shop\/les-frotteurs\/wp-json\/wp\/v2\/product_brand?post=1067"},{"taxonomy":"product_cat","embeddable":true,"href":"https:\/\/www.regionalis.shop\/les-frotteurs\/wp-json\/wp\/v2\/product_cat?post=1067"},{"taxonomy":"product_tag","embeddable":true,"href":"https:\/\/www.regionalis.shop\/les-frotteurs\/wp-json\/wp\/v2\/product_tag?post=1067"}],"curies":[{"name":"wp","href":"https:\/\/api.w.org\/{rel}","templated":true}]}}