{"id":1087,"date":"2025-04-28T03:56:41","date_gmt":"2025-04-28T01:56:41","guid":{"rendered":"https:\/\/www.regionalis.shop\/les-frotteurs\/product\/schluesselanhaenger-krokodil-auch-als-taschenclip-oder-autodekor\/"},"modified":"2025-11-05T09:19:17","modified_gmt":"2025-11-05T08:19:17","slug":"schluesselanhaenger-krokodil-auch-als-taschenclip-oder-autodekor","status":"publish","type":"product","link":"https:\/\/www.regionalis.shop\/les-frotteurs\/shop\/schluesselanhaenger-krokodil-auch-als-taschenclip-oder-autodekor\/","title":{"rendered":"Schl\u00fcsselanh\u00e4nger Krokodil, Taschenclip"},"content":{"rendered":"<p>Kleines Krokodil h\u00e4ngend an einer Kugelkette, wird auf Bestellung gemacht mit Schl\u00fcsselring und\/oder Karabiner.<\/p>\n<p>Handlich gemacht als best\u00e4ndigen Begleiter.<br \/>\nKann als Taschenanh\u00e4nger, Schl\u00fcsselhalter oder Auto Dekoration verwendet werden, es gibt jede Menge M\u00f6glichkeiten f\u00fcr das Kroko um n\u00fctzlich zu sein \ud83d\ude42 Auch die Kugelkette kann ge\u00f6ffnet und gek\u00fcrzt werden.<\/p>\n<p>Gr\u00f6\u00dfe: ca. 10 x 5 cm (Anh\u00e4nger)<\/p>\n<p>Material: Baumwollgarn (gr\u00fcn\/anis), F\u00fcllwatte, Metall<\/p>\n<p>Jedes St\u00fcck wurde von mir kreiert und handgefertigt<br \/>\nMehr in meinem regionalis Shop \ud83d\ude42<\/p>\n","protected":false},"excerpt":{"rendered":"<p>Kleines Krokodil h\u00e4ngend an einer Kugelkette, wird auf Bestellung gemacht mit Schl\u00fcsselring und\/oder Karabiner. Handlich gemacht als best\u00e4ndigen Begleiter. Kann als Taschenanh\u00e4nger, Schl\u00fcsselhalter oder Auto Dekoration verwendet werden, es gibt jede Menge M\u00f6glichkeiten f\u00fcr das Kroko um n\u00fctzlich zu sein \ud83d\ude42 Auch die Kugelkette kann ge\u00f6ffnet und gek\u00fcrzt werden. Gr\u00f6\u00dfe: ca. 10 x 5 cm &hellip; <a href=\"https:\/\/www.regionalis.shop\/les-frotteurs\/shop\/schluesselanhaenger-krokodil-auch-als-taschenclip-oder-autodekor\/\">Continued<\/a><\/p>\n","protected":false},"featured_media":1088,"template":"","meta":{"_acf_changed":false},"product_brand":[],"product_cat":[107,38],"product_tag":[234,201,233,209,235,184],"class_list":{"0":"post-1087","1":"product","2":"type-product","3":"status-publish","4":"has-post-thumbnail","6":"product_cat-accessoires-baby-kinder","7":"product_cat-baby-kinder","8":"product_tag-eidechse","9":"product_tag-haekeltier","10":"product_tag-krokodil-anhaenger","11":"product_tag-rucksack-clip","12":"product_tag-salamander","13":"product_tag-taschenanhaenger","15":"first","16":"instock","17":"purchasable","18":"product-type-simple"},"acf":[],"_links":{"self":[{"href":"https:\/\/www.regionalis.shop\/les-frotteurs\/wp-json\/wp\/v2\/product\/1087","targetHints":{"allow":["GET"]}}],"collection":[{"href":"https:\/\/www.regionalis.shop\/les-frotteurs\/wp-json\/wp\/v2\/product"}],"about":[{"href":"https:\/\/www.regionalis.shop\/les-frotteurs\/wp-json\/wp\/v2\/types\/product"}],"wp:featuredmedia":[{"embeddable":true,"href":"https:\/\/www.regionalis.shop\/les-frotteurs\/wp-json\/wp\/v2\/media\/1088"}],"wp:attachment":[{"href":"https:\/\/www.regionalis.shop\/les-frotteurs\/wp-json\/wp\/v2\/media?parent=1087"}],"wp:term":[{"taxonomy":"product_brand","embeddable":true,"href":"https:\/\/www.regionalis.shop\/les-frotteurs\/wp-json\/wp\/v2\/product_brand?post=1087"},{"taxonomy":"product_cat","embeddable":true,"href":"https:\/\/www.regionalis.shop\/les-frotteurs\/wp-json\/wp\/v2\/product_cat?post=1087"},{"taxonomy":"product_tag","embeddable":true,"href":"https:\/\/www.regionalis.shop\/les-frotteurs\/wp-json\/wp\/v2\/product_tag?post=1087"}],"curies":[{"name":"wp","href":"https:\/\/api.w.org\/{rel}","templated":true}]}}