{"id":1142,"date":"2025-04-28T03:48:47","date_gmt":"2025-04-28T01:48:47","guid":{"rendered":"https:\/\/www.regionalis.shop\/les-frotteurs\/product\/bleistift-mit-braunem-hasen-topper-und-stift-aus-zeitungspapier\/"},"modified":"2025-11-05T21:21:24","modified_gmt":"2025-11-05T20:21:24","slug":"bleistift-mit-braunem-hasen-topper-und-stift-aus-zeitungspapier","status":"publish","type":"product","link":"https:\/\/www.regionalis.shop\/les-frotteurs\/shop\/bleistift-mit-braunem-hasen-topper-und-stift-aus-zeitungspapier\/","title":{"rendered":"Bleistift mit braunem Hasen Topper"},"content":{"rendered":"<p>H\u00e4schen Aufsatz und einen Graphitbleistift aus recycle Zeitungspapier<br \/>\nDie Kappe ist nicht fixiert und kann auf jeden anderen Bleistift mit \u00e4hnlicher Gr\u00f6\u00dfe gesteckt werden<\/p>\n<p>Stift: 2B extra dark Bleistift<br \/>\naus Altpapier gemacht<\/p>\n<p>Handgemachter Hasen Topper aus melierten Garn<br \/>\nBaumwollgarn, feine Handarbeit<br \/>\nWunschfarbe m\u00f6glich<\/p>\n<p>L\u00e4nge: ca. 20 cm<\/p>\n<p>Jedes St\u00fcck wurde von mir kreiert und handgefertigt<br \/>\nMehr in meinem Shop \ud83d\ude42<\/p>\n","protected":false},"excerpt":{"rendered":"<p>H\u00e4schen Aufsatz und einen Graphitbleistift aus recycle Zeitungspapier Die Kappe ist nicht fixiert und kann auf jeden anderen Bleistift mit \u00e4hnlicher Gr\u00f6\u00dfe gesteckt werden Stift: 2B extra dark Bleistift aus Altpapier gemacht Handgemachter Hasen Topper aus melierten Garn Baumwollgarn, feine Handarbeit Wunschfarbe m\u00f6glich L\u00e4nge: ca. 20 cm Jedes St\u00fcck wurde von mir kreiert und handgefertigt &hellip; <a href=\"https:\/\/www.regionalis.shop\/les-frotteurs\/shop\/bleistift-mit-braunem-hasen-topper-und-stift-aus-zeitungspapier\/\">Continued<\/a><\/p>\n","protected":false},"featured_media":1143,"template":"","meta":{"_acf_changed":false},"product_brand":[],"product_cat":[38,75],"product_tag":[255,254],"class_list":{"0":"post-1142","1":"product","2":"type-product","3":"status-publish","4":"has-post-thumbnail","6":"product_cat-baby-kinder","7":"product_cat-schule-lernen","8":"product_tag-braunes-kaninchen","9":"product_tag-hase-bleistift","11":"first","12":"instock","13":"purchasable","14":"product-type-simple"},"acf":[],"_links":{"self":[{"href":"https:\/\/www.regionalis.shop\/les-frotteurs\/wp-json\/wp\/v2\/product\/1142","targetHints":{"allow":["GET"]}}],"collection":[{"href":"https:\/\/www.regionalis.shop\/les-frotteurs\/wp-json\/wp\/v2\/product"}],"about":[{"href":"https:\/\/www.regionalis.shop\/les-frotteurs\/wp-json\/wp\/v2\/types\/product"}],"wp:featuredmedia":[{"embeddable":true,"href":"https:\/\/www.regionalis.shop\/les-frotteurs\/wp-json\/wp\/v2\/media\/1143"}],"wp:attachment":[{"href":"https:\/\/www.regionalis.shop\/les-frotteurs\/wp-json\/wp\/v2\/media?parent=1142"}],"wp:term":[{"taxonomy":"product_brand","embeddable":true,"href":"https:\/\/www.regionalis.shop\/les-frotteurs\/wp-json\/wp\/v2\/product_brand?post=1142"},{"taxonomy":"product_cat","embeddable":true,"href":"https:\/\/www.regionalis.shop\/les-frotteurs\/wp-json\/wp\/v2\/product_cat?post=1142"},{"taxonomy":"product_tag","embeddable":true,"href":"https:\/\/www.regionalis.shop\/les-frotteurs\/wp-json\/wp\/v2\/product_tag?post=1142"}],"curies":[{"name":"wp","href":"https:\/\/api.w.org\/{rel}","templated":true}]}}