{"id":1074,"date":"2025-04-17T23:33:38","date_gmt":"2025-04-17T21:33:38","guid":{"rendered":"https:\/\/www.regionalis.shop\/lunasoaps-seifenmanufaktur\/product\/geschenk-seife-geschenkset-handgemacht\/"},"modified":"2025-04-17T23:33:38","modified_gmt":"2025-04-17T21:33:38","slug":"geschenk-seife-geschenkset-handgemacht","status":"publish","type":"product","link":"https:\/\/www.regionalis.shop\/lunasoaps-seifenmanufaktur\/shop\/geschenk-seife-geschenkset-handgemacht\/","title":{"rendered":"Geschenk Seife Geschenkset,  handgemacht"},"content":{"rendered":"<p>In dieser personalisierbaren Geschenkbox befinden sich sechs verschiedene Duftseifen aus unserem Sortiment, verpackt in einer handgemachten Papierh\u00fclle, die nach Wunsch oder Anlass individuell gestaltet wird.<\/p>\n<p>WALDGEIST Seife<br \/>\nTRAUMSCHAUM Seife<br \/>\nRINGELBLUMEN Seife oder L\u00d6WENZAHN Seife<br \/>\nLAVENDEL SOLESEIFE<br \/>\nROSEN SEIFE oder ROSENROT Seife<br \/>\nORIENTZAUBER Seife<\/p>\n<p>Alle Lunasoaps sind vegan und palm\u00f6lfrei!<br \/>\nDie Proben sind in umweltfreundlichem, kompostierbaren Zellglas in einem wei\u00dfen Geschenkkarton verpackt.<\/p>\n<p>Abf\u00fcllgewicht pro Probe 35 g, Gesamtgewicht 210g<\/p>\n","protected":false},"excerpt":{"rendered":"<p>In dieser personalisierbaren Geschenkbox befinden sich sechs verschiedene Duftseifen aus unserem Sortiment, verpackt in einer handgemachten Papierh\u00fclle, die nach Wunsch oder Anlass individuell gestaltet wird. WALDGEIST Seife TRAUMSCHAUM Seife RINGELBLUMEN Seife oder L\u00d6WENZAHN Seife LAVENDEL SOLESEIFE ROSEN SEIFE oder ROSENROT Seife ORIENTZAUBER Seife Alle Lunasoaps sind vegan und palm\u00f6lfrei! Die Proben sind in umweltfreundlichem, kompostierbaren &hellip; <a href=\"https:\/\/www.regionalis.shop\/lunasoaps-seifenmanufaktur\/shop\/geschenk-seife-geschenkset-handgemacht\/\">Continued<\/a><\/p>\n","protected":false},"featured_media":1075,"template":"","meta":{"_acf_changed":false},"product_brand":[],"product_cat":[52,76],"product_tag":[],"class_list":{"0":"post-1074","1":"product","2":"type-product","3":"status-publish","4":"has-post-thumbnail","6":"product_cat-kosmetika","7":"product_cat-seifen","9":"first","10":"instock","11":"purchasable","12":"product-type-simple"},"acf":[],"_links":{"self":[{"href":"https:\/\/www.regionalis.shop\/lunasoaps-seifenmanufaktur\/wp-json\/wp\/v2\/product\/1074","targetHints":{"allow":["GET"]}}],"collection":[{"href":"https:\/\/www.regionalis.shop\/lunasoaps-seifenmanufaktur\/wp-json\/wp\/v2\/product"}],"about":[{"href":"https:\/\/www.regionalis.shop\/lunasoaps-seifenmanufaktur\/wp-json\/wp\/v2\/types\/product"}],"wp:featuredmedia":[{"embeddable":true,"href":"https:\/\/www.regionalis.shop\/lunasoaps-seifenmanufaktur\/wp-json\/wp\/v2\/media\/1075"}],"wp:attachment":[{"href":"https:\/\/www.regionalis.shop\/lunasoaps-seifenmanufaktur\/wp-json\/wp\/v2\/media?parent=1074"}],"wp:term":[{"taxonomy":"product_brand","embeddable":true,"href":"https:\/\/www.regionalis.shop\/lunasoaps-seifenmanufaktur\/wp-json\/wp\/v2\/product_brand?post=1074"},{"taxonomy":"product_cat","embeddable":true,"href":"https:\/\/www.regionalis.shop\/lunasoaps-seifenmanufaktur\/wp-json\/wp\/v2\/product_cat?post=1074"},{"taxonomy":"product_tag","embeddable":true,"href":"https:\/\/www.regionalis.shop\/lunasoaps-seifenmanufaktur\/wp-json\/wp\/v2\/product_tag?post=1074"}],"curies":[{"name":"wp","href":"https:\/\/api.w.org\/{rel}","templated":true}]}}