{"id":1135,"date":"2025-04-18T08:55:25","date_gmt":"2025-04-18T06:55:25","guid":{"rendered":"https:\/\/www.regionalis.shop\/madebyju\/product\/geschenkbox-baby-3-teilig-glueckspilz-blau\/"},"modified":"2025-11-30T22:44:44","modified_gmt":"2025-11-30T21:44:44","slug":"geschenkbox-baby-3-teilig-glueckspilz-blau","status":"publish","type":"product","link":"https:\/\/www.regionalis.shop\/madebyju\/shop\/geschenkbox-baby-3-teilig-glueckspilz-blau\/","title":{"rendered":"GESCHENK- SET Baby 3- teilig &#8211; Gl\u00fcckspilz blau"},"content":{"rendered":"","protected":false},"excerpt":{"rendered":"<p><strong>3- teiliges Set<\/strong> bestehend aus:<br \/>\n<strong>&#8211; Greifring<\/strong> mit Knisterohr<br \/>\n<strong>&#8211; Schnullerkette<\/strong> &#8222;Gl\u00fcckspilz&#8220; (waschbar, Teile abnehmbar, passend f\u00fcr alle g\u00e4ngigen Schnullerarten<br \/>\n<strong>&#8211; Gl\u00fccksschweinchen<\/strong><\/p>\n<p>Material:<br \/>\n100% Baumwolle (\u00d6koTex100 Standard)<\/p>\n<p>Liebevoll verpackt in einem sch\u00f6nen Karton<\/p>\n","protected":false},"featured_media":1136,"template":"","meta":{"_acf_changed":false},"product_brand":[],"product_cat":[107,38],"product_tag":[],"class_list":{"0":"post-1135","1":"product","2":"type-product","3":"status-publish","4":"has-post-thumbnail","6":"product_cat-accessoires-baby-kinder","7":"product_cat-baby-kinder","9":"first","10":"instock","11":"purchasable","12":"product-type-simple"},"acf":[],"_links":{"self":[{"href":"https:\/\/www.regionalis.shop\/madebyju\/wp-json\/wp\/v2\/product\/1135","targetHints":{"allow":["GET"]}}],"collection":[{"href":"https:\/\/www.regionalis.shop\/madebyju\/wp-json\/wp\/v2\/product"}],"about":[{"href":"https:\/\/www.regionalis.shop\/madebyju\/wp-json\/wp\/v2\/types\/product"}],"wp:featuredmedia":[{"embeddable":true,"href":"https:\/\/www.regionalis.shop\/madebyju\/wp-json\/wp\/v2\/media\/1136"}],"wp:attachment":[{"href":"https:\/\/www.regionalis.shop\/madebyju\/wp-json\/wp\/v2\/media?parent=1135"}],"wp:term":[{"taxonomy":"product_brand","embeddable":true,"href":"https:\/\/www.regionalis.shop\/madebyju\/wp-json\/wp\/v2\/product_brand?post=1135"},{"taxonomy":"product_cat","embeddable":true,"href":"https:\/\/www.regionalis.shop\/madebyju\/wp-json\/wp\/v2\/product_cat?post=1135"},{"taxonomy":"product_tag","embeddable":true,"href":"https:\/\/www.regionalis.shop\/madebyju\/wp-json\/wp\/v2\/product_tag?post=1135"}],"curies":[{"name":"wp","href":"https:\/\/api.w.org\/{rel}","templated":true}]}}