{"id":1229,"date":"2025-04-18T07:41:39","date_gmt":"2025-04-18T05:41:39","guid":{"rendered":"https:\/\/www.regionalis.shop\/madebyju\/product\/2in1-waerme-kaeltekissen-s-musterwahl-abziehbar-muster-waehlbar\/"},"modified":"2025-11-26T16:13:49","modified_gmt":"2025-11-26T15:13:49","slug":"2in1-waerme-kaeltekissen-s-musterwahl-abziehbar-muster-waehlbar","status":"publish","type":"product","link":"https:\/\/www.regionalis.shop\/madebyju\/shop\/2in1-waerme-kaeltekissen-s-musterwahl-abziehbar-muster-waehlbar\/","title":{"rendered":"2in1 W\u00c4RME\/K\u00c4LTEKISSEN S &#8211; MUSTERWAHL (abziehbar, Muster w\u00e4hlbar)"},"content":{"rendered":"<p>W\u00e4rme\/K\u00fchlkissen mit abziehbarer bunter H\u00fclle<\/p>\n<p>&#8211;F\u00fcllung entweder Kirschkerne oder Dinkelkerne&#8211; (Inhalt jeweils zw. 160-200g)<\/p>\n<p>&#8211;Bitte w\u00e4hlen Sie in den Varianten einfach die gew\u00fcnschte Farbe bzw. den Inhalt aus&#8211;<br \/>\nkleine Erkl\u00e4rung: Dinkelkerne speichern W\u00e4rme mindestens gleich gut wie Kirschkerne, haben aber den Vorteil, dass das S\u00e4ckchen an sich flexibler\/anpassungsf\u00e4higer ist, gerade bei Verwendung bei Babies\/Kleinkindern hat das gewisse Vorteile!<\/p>\n<p>&#8211;EINE AUSF\u00dcHRLICHE ANLEITUNG in Papierform bekommen sie nat\u00fcrlich MITGESCHICKT&#8211;<\/p>\n<p>Ma\u00dfe: ca. 15x15cm<\/p>\n<p>Material: 100% Baumwolle<\/p>\n<p>Die H\u00fclle ist selbstverst\u00e4ndlich bis 40 Grad waschbar.<\/p>\n","protected":false},"excerpt":{"rendered":"<p>W\u00e4rme\/K\u00fchlkissen mit abziehbarer bunter H\u00fclle &#8211;F\u00fcllung entweder Kirschkerne oder Dinkelkerne&#8211; (Inhalt jeweils zw. 160-200g) &#8211;Bitte w\u00e4hlen Sie in den Varianten einfach die gew\u00fcnschte Farbe bzw. den Inhalt aus&#8211; kleine Erkl\u00e4rung: Dinkelkerne speichern W\u00e4rme mindestens gleich gut wie Kirschkerne, haben aber den Vorteil, dass das S\u00e4ckchen an sich flexibler\/anpassungsf\u00e4higer ist, gerade bei Verwendung bei Babies\/Kleinkindern hat &hellip; <a href=\"https:\/\/www.regionalis.shop\/madebyju\/shop\/2in1-waerme-kaeltekissen-s-musterwahl-abziehbar-muster-waehlbar\/\">Continued<\/a><\/p>\n","protected":false},"featured_media":1230,"template":"","meta":{"_acf_changed":false},"product_brand":[],"product_cat":[107,38,113,41,53,160,80,103],"product_tag":[],"class_list":{"0":"post-1229","1":"product","2":"type-product","3":"status-publish","4":"has-post-thumbnail","6":"product_cat-accessoires-baby-kinder","7":"product_cat-baby-kinder","8":"product_cat-badezimmer","9":"product_cat-freizeit-lifestyle","10":"product_cat-kraeuterkissen","11":"product_cat-nachhaltiger-haushalt","12":"product_cat-sonstiges-baby-kinder","13":"product_cat-wohnen-deko","15":"first","16":"instock","17":"purchasable","18":"product-type-variable"},"acf":[],"_links":{"self":[{"href":"https:\/\/www.regionalis.shop\/madebyju\/wp-json\/wp\/v2\/product\/1229","targetHints":{"allow":["GET"]}}],"collection":[{"href":"https:\/\/www.regionalis.shop\/madebyju\/wp-json\/wp\/v2\/product"}],"about":[{"href":"https:\/\/www.regionalis.shop\/madebyju\/wp-json\/wp\/v2\/types\/product"}],"wp:featuredmedia":[{"embeddable":true,"href":"https:\/\/www.regionalis.shop\/madebyju\/wp-json\/wp\/v2\/media\/1230"}],"wp:attachment":[{"href":"https:\/\/www.regionalis.shop\/madebyju\/wp-json\/wp\/v2\/media?parent=1229"}],"wp:term":[{"taxonomy":"product_brand","embeddable":true,"href":"https:\/\/www.regionalis.shop\/madebyju\/wp-json\/wp\/v2\/product_brand?post=1229"},{"taxonomy":"product_cat","embeddable":true,"href":"https:\/\/www.regionalis.shop\/madebyju\/wp-json\/wp\/v2\/product_cat?post=1229"},{"taxonomy":"product_tag","embeddable":true,"href":"https:\/\/www.regionalis.shop\/madebyju\/wp-json\/wp\/v2\/product_tag?post=1229"}],"curies":[{"name":"wp","href":"https:\/\/api.w.org\/{rel}","templated":true}]}}