{"id":1681,"date":"2025-04-18T01:09:59","date_gmt":"2025-04-17T23:09:59","guid":{"rendered":"https:\/\/www.regionalis.shop\/madebyju\/product\/5er-set-bio-bienenwachstuecher-rauten-orange\/"},"modified":"2025-04-18T01:09:59","modified_gmt":"2025-04-17T23:09:59","slug":"5er-set-bio-bienenwachstuecher-rauten-orange","status":"publish","type":"product","link":"https:\/\/www.regionalis.shop\/madebyju\/shop\/5er-set-bio-bienenwachstuecher-rauten-orange\/","title":{"rendered":"5er SET Bio- Bienenwachst\u00fccher &#8211; RAUTEN orange"},"content":{"rendered":"<p>&#8211;ausschlie\u00dflich in \u00d6sterreich f\u00fcr Lebensmittelkontakt zugelassene (biologische) Inhaltsstoffe&#8211;<br \/>\n&#8211;als Lebensmittel- Kontaktgegenstand von unabh\u00e4ngiger Stelle GEPR\u00dcFT&#8211;<\/p>\n<p>Die &#8211;nachhaltige Alternative&#8211; zu Alufolie oder Frischhaltefolie<br \/>\n&#8211;WIEDERVERWENDBAR, ABWASCHBAR&#8211;<\/p>\n<p>Dieses gro\u00dfe Set besteht aus 5 ST\u00dcCK Bienenwachst\u00fcchern in folgenden Gr\u00f6\u00dfen:<br \/>\nXS   13x13cm<br \/>\nS     18x18cm<br \/>\nM    20x23cm<br \/>\nL     26x28cm<br \/>\nXL   32x35cm<br \/>\nDurch die verschiedenen Gr\u00f6\u00dfen ist der Einsatz in der nachhaltigen K\u00fcche nahezu unbegrenzt. Frisch halten, Abdecken, Einwickeln oder Jausenverpackung!<br \/>\nNat\u00fcrlich erhalten Sie dazu eine ausf\u00fchrliche ANLEITUNG wie Sie die Wachst\u00fccher richtig verwenden.<\/p>\n<p>Inhaltsstoffe:<br \/>\nBio- Bienenwachs, Bio- Marillenkern\u00f6l, Schwarzf\u00f6hrenharz, 100% Baumwolle (\u00d6KO- TEX 100- schadstoffrei)<\/p>\n","protected":false},"excerpt":{"rendered":"<p>&#8211;ausschlie\u00dflich in \u00d6sterreich f\u00fcr Lebensmittelkontakt zugelassene (biologische) Inhaltsstoffe&#8211; &#8211;als Lebensmittel- Kontaktgegenstand von unabh\u00e4ngiger Stelle GEPR\u00dcFT&#8211; Die &#8211;nachhaltige Alternative&#8211; zu Alufolie oder Frischhaltefolie &#8211;WIEDERVERWENDBAR, ABWASCHBAR&#8211; Dieses gro\u00dfe Set besteht aus 5 ST\u00dcCK Bienenwachst\u00fcchern in folgenden Gr\u00f6\u00dfen: XS 13x13cm S 18x18cm M 20x23cm L 26x28cm XL 32x35cm Durch die verschiedenen Gr\u00f6\u00dfen ist der Einsatz in der nachhaltigen &hellip; <a href=\"https:\/\/www.regionalis.shop\/madebyju\/shop\/5er-set-bio-bienenwachstuecher-rauten-orange\/\">Continued<\/a><\/p>\n","protected":false},"featured_media":1682,"template":"","meta":{"_acf_changed":false},"product_brand":[],"product_cat":[160,103],"product_tag":[],"class_list":{"0":"post-1681","1":"product","2":"type-product","3":"status-publish","4":"has-post-thumbnail","6":"product_cat-nachhaltiger-haushalt","7":"product_cat-wohnen-deko","9":"first","10":"instock","11":"purchasable","12":"product-type-simple"},"acf":[],"_links":{"self":[{"href":"https:\/\/www.regionalis.shop\/madebyju\/wp-json\/wp\/v2\/product\/1681","targetHints":{"allow":["GET"]}}],"collection":[{"href":"https:\/\/www.regionalis.shop\/madebyju\/wp-json\/wp\/v2\/product"}],"about":[{"href":"https:\/\/www.regionalis.shop\/madebyju\/wp-json\/wp\/v2\/types\/product"}],"wp:featuredmedia":[{"embeddable":true,"href":"https:\/\/www.regionalis.shop\/madebyju\/wp-json\/wp\/v2\/media\/1682"}],"wp:attachment":[{"href":"https:\/\/www.regionalis.shop\/madebyju\/wp-json\/wp\/v2\/media?parent=1681"}],"wp:term":[{"taxonomy":"product_brand","embeddable":true,"href":"https:\/\/www.regionalis.shop\/madebyju\/wp-json\/wp\/v2\/product_brand?post=1681"},{"taxonomy":"product_cat","embeddable":true,"href":"https:\/\/www.regionalis.shop\/madebyju\/wp-json\/wp\/v2\/product_cat?post=1681"},{"taxonomy":"product_tag","embeddable":true,"href":"https:\/\/www.regionalis.shop\/madebyju\/wp-json\/wp\/v2\/product_tag?post=1681"}],"curies":[{"name":"wp","href":"https:\/\/api.w.org\/{rel}","templated":true}]}}