{"id":1709,"date":"2025-04-18T00:43:37","date_gmt":"2025-04-17T22:43:37","guid":{"rendered":"https:\/\/www.regionalis.shop\/madebyju\/product\/set-haube-loopschal-elefanten-blau-ausfuehrung-und-groesse-waehlbar\/"},"modified":"2025-12-02T15:43:34","modified_gmt":"2025-12-02T14:43:34","slug":"set-haube-loopschal-elefanten-blau-ausfuehrung-und-groesse-waehlbar","status":"publish","type":"product","link":"https:\/\/www.regionalis.shop\/madebyju\/shop\/set-haube-loopschal-elefanten-blau-ausfuehrung-und-groesse-waehlbar\/","title":{"rendered":"WINTER- SET HAUBE + LOOPSCHAL &#8211; WICHTEL (Ausf\u00fchrung und Gr\u00f6\u00dfe w\u00e4hlbar)"},"content":{"rendered":"<p>&nbsp;<\/p>\n<p>&nbsp;<\/p>\n","protected":false},"excerpt":{"rendered":"<p><strong>SET<\/strong> <strong>aus cooler BEANIE- HAUBE mit einem LOOPSCHAL warm gef\u00fcttert mit FLEECE<\/strong><\/p>\n<p><span style=\"color: #ff0000\"><strong>BITTE SCHREIBEN SIE BEI DER BESTELLUNG die GEW\u00dcNSCHTE GR\u00d6SSE ALS KOMMENTAR DAZU !<\/strong><\/span><\/p>\n<p>Die angegebenen <strong>GR\u00d6SSEN entsprechen<\/strong> <strong>dem<\/strong> <strong>KOPFUMFANG<\/strong> (gemessen an der breitesten Stelle um die Ohren!)<\/p>\n<p><strong>44\/45cm | 46\/47cm<\/strong> (ca. 1 Jahr)<strong> |<\/strong> <strong>48\/49cm <\/strong>(ca. 1,5-2 Jahre)\u00a0<strong>|<\/strong> <strong>50\/51cm<\/strong> (ca. 2-3 Jahre) <strong>|<\/strong> <strong>52\/53cm<\/strong> (ca. 3-4 Jahre) <strong>|<\/strong> <strong>54\/55cm<\/strong> (4-5 Jahre)<strong> | 56\/57cm <\/strong>(ab ca. 5 Jahre) | <strong>57\/59cm<\/strong> (Erwachsene)<\/p>\n<p><strong>Material:<\/strong><br \/>\nHaube: au\u00dfen 95% Baumwolle, 5% Elasthan, innen weiches Fleece oder Jersey<br \/>\nLoop: au\u00dfen 95% Baumwolle, 5% Elasthan, innen weiches Fleece oder Jersey<br \/>\n(entsprechend \u00d6ko- Tex 100 Standard)<\/p>\n<p>bis 40 Grad in der Waschmaschine schonend waschbar!<\/p>\n<p><strong>Wichtiger Hinweis:<\/strong><br \/>\nJe nach Stoff- Zuschnitt kann die Anordnung des Musters geringf\u00fcgig variieren. Die Innenfarben k\u00f6nnen variieren, sie werden immer zum Stoff \u00a0passend ausgesucht!<\/p>\n<p>Viele weitere Motive findet ihr auf www.madebyju.at<\/p>\n","protected":false},"featured_media":2473,"template":"","meta":{"_acf_changed":false},"product_brand":[],"product_cat":[38,47,60,173],"product_tag":[],"class_list":{"0":"post-1709","1":"product","2":"type-product","3":"status-publish","4":"has-post-thumbnail","6":"product_cat-baby-kinder","7":"product_cat-hauben-muetzen","8":"product_cat-muetzen-kappen","9":"product_cat-weihnachten","11":"first","12":"instock","13":"purchasable","14":"product-type-simple"},"acf":[],"_links":{"self":[{"href":"https:\/\/www.regionalis.shop\/madebyju\/wp-json\/wp\/v2\/product\/1709","targetHints":{"allow":["GET"]}}],"collection":[{"href":"https:\/\/www.regionalis.shop\/madebyju\/wp-json\/wp\/v2\/product"}],"about":[{"href":"https:\/\/www.regionalis.shop\/madebyju\/wp-json\/wp\/v2\/types\/product"}],"wp:featuredmedia":[{"embeddable":true,"href":"https:\/\/www.regionalis.shop\/madebyju\/wp-json\/wp\/v2\/media\/2473"}],"wp:attachment":[{"href":"https:\/\/www.regionalis.shop\/madebyju\/wp-json\/wp\/v2\/media?parent=1709"}],"wp:term":[{"taxonomy":"product_brand","embeddable":true,"href":"https:\/\/www.regionalis.shop\/madebyju\/wp-json\/wp\/v2\/product_brand?post=1709"},{"taxonomy":"product_cat","embeddable":true,"href":"https:\/\/www.regionalis.shop\/madebyju\/wp-json\/wp\/v2\/product_cat?post=1709"},{"taxonomy":"product_tag","embeddable":true,"href":"https:\/\/www.regionalis.shop\/madebyju\/wp-json\/wp\/v2\/product_tag?post=1709"}],"curies":[{"name":"wp","href":"https:\/\/api.w.org\/{rel}","templated":true}]}}