{"id":1908,"date":"2025-04-17T23:42:31","date_gmt":"2025-04-17T21:42:31","guid":{"rendered":"https:\/\/www.regionalis.shop\/madebyju\/product\/bettschlange-ca-23m-traktor\/"},"modified":"2025-04-17T23:42:31","modified_gmt":"2025-04-17T21:42:31","slug":"bettschlange-ca-23m-traktor","status":"publish","type":"product","link":"https:\/\/www.regionalis.shop\/madebyju\/shop\/bettschlange-ca-23m-traktor\/","title":{"rendered":"BETTSCHLANGE (ca. 2,3m) &#8222;Traktor&#8220;"},"content":{"rendered":"<p>Kuschelweich, f\u00fcr ein farbenfrohes Kinderzimmer\/Kinderbett!<br \/>\nDie Bettschlange ist gesamt ca. &#8211;2,30 METER LANG&#8211;, es begrenzt damit ihr Baby\/Kind rundherum weich beim Schlafen oder Spielen. 5 gleich gro\u00dfe, farblich abgestimmte Segmente, auf einem Abschnitt kann auf Wunsch Name (und falls gew\u00fcnscht das Geburtsdatum) geplottet werden.<\/p>\n<p>Material: 95% Baumwolle, 5% Elasthan, innen mit F\u00fcllwatte (100% PE) gef\u00fcllt<br \/>\nWaschbar bis 40 Grad (Schonwaschgang, max. 600-800 Schleudertouren)<\/p>\n<p>__WICHTIG: Bitte f\u00fcr die Personalisierung den NAMEN und das Geburtsdatum bei der Bestellung in den Kommentaren schreiben!__<br \/>\nDie Gr\u00f6\u00dfe und das Layout k\u00f6nnen sie auf den Produktbildern sehen!<\/p>\n","protected":false},"excerpt":{"rendered":"<p>Kuschelweich, f\u00fcr ein farbenfrohes Kinderzimmer\/Kinderbett! Die Bettschlange ist gesamt ca. &#8211;2,30 METER LANG&#8211;, es begrenzt damit ihr Baby\/Kind rundherum weich beim Schlafen oder Spielen. 5 gleich gro\u00dfe, farblich abgestimmte Segmente, auf einem Abschnitt kann auf Wunsch Name (und falls gew\u00fcnscht das Geburtsdatum) geplottet werden. Material: 95% Baumwolle, 5% Elasthan, innen mit F\u00fcllwatte (100% PE) gef\u00fcllt &hellip; <a href=\"https:\/\/www.regionalis.shop\/madebyju\/shop\/bettschlange-ca-23m-traktor\/\">Continued<\/a><\/p>\n","protected":false},"featured_media":1909,"template":"","meta":{"_acf_changed":false},"product_brand":[],"product_cat":[38,50],"product_tag":[],"class_list":{"0":"post-1908","1":"product","2":"type-product","3":"status-publish","4":"has-post-thumbnail","6":"product_cat-baby-kinder","7":"product_cat-kinderzimmer","9":"first","10":"instock","11":"purchasable","12":"product-type-simple"},"acf":[],"_links":{"self":[{"href":"https:\/\/www.regionalis.shop\/madebyju\/wp-json\/wp\/v2\/product\/1908","targetHints":{"allow":["GET"]}}],"collection":[{"href":"https:\/\/www.regionalis.shop\/madebyju\/wp-json\/wp\/v2\/product"}],"about":[{"href":"https:\/\/www.regionalis.shop\/madebyju\/wp-json\/wp\/v2\/types\/product"}],"wp:featuredmedia":[{"embeddable":true,"href":"https:\/\/www.regionalis.shop\/madebyju\/wp-json\/wp\/v2\/media\/1909"}],"wp:attachment":[{"href":"https:\/\/www.regionalis.shop\/madebyju\/wp-json\/wp\/v2\/media?parent=1908"}],"wp:term":[{"taxonomy":"product_brand","embeddable":true,"href":"https:\/\/www.regionalis.shop\/madebyju\/wp-json\/wp\/v2\/product_brand?post=1908"},{"taxonomy":"product_cat","embeddable":true,"href":"https:\/\/www.regionalis.shop\/madebyju\/wp-json\/wp\/v2\/product_cat?post=1908"},{"taxonomy":"product_tag","embeddable":true,"href":"https:\/\/www.regionalis.shop\/madebyju\/wp-json\/wp\/v2\/product_tag?post=1908"}],"curies":[{"name":"wp","href":"https:\/\/api.w.org\/{rel}","templated":true}]}}