{"id":1150,"date":"2025-04-18T05:08:36","date_gmt":"2025-04-18T03:08:36","guid":{"rendered":"https:\/\/www.regionalis.shop\/maedesuess\/product\/babylaetzchen-mit-masche-2stk\/"},"modified":"2025-04-18T05:08:36","modified_gmt":"2025-04-18T03:08:36","slug":"babylaetzchen-mit-masche-2stk","status":"publish","type":"product","link":"https:\/\/www.regionalis.shop\/maedesuess\/shop\/babylaetzchen-mit-masche-2stk\/","title":{"rendered":"Babyl\u00e4tzchen mit Masche 2Stk"},"content":{"rendered":"<p>Kinderl\u00e4tzchen im Set 2Stk<br \/>\naus 100% Baumwolle<br \/>\ndie Masche ist fix aufgesteppt<br \/>\ndie R\u00fcckseite ist ein wei\u00dfer Frotteestoff<br \/>\nmit Klettverschluss zum Schlie\u00dfen<br \/>\nHandgemacht<\/p>\n","protected":false},"excerpt":{"rendered":"<p>Kinderl\u00e4tzchen im Set 2Stk aus 100% Baumwolle die Masche ist fix aufgesteppt die R\u00fcckseite ist ein wei\u00dfer Frotteestoff mit Klettverschluss zum Schlie\u00dfen Handgemacht<\/p>\n","protected":false},"featured_media":1151,"template":"","meta":{"_acf_changed":false},"product_brand":[],"product_cat":[107,38],"product_tag":[],"class_list":{"0":"post-1150","1":"product","2":"type-product","3":"status-publish","4":"has-post-thumbnail","6":"product_cat-accessoires-baby-kinder","7":"product_cat-baby-kinder","9":"first","10":"instock","11":"purchasable","12":"product-type-simple"},"acf":[],"_links":{"self":[{"href":"https:\/\/www.regionalis.shop\/maedesuess\/wp-json\/wp\/v2\/product\/1150","targetHints":{"allow":["GET"]}}],"collection":[{"href":"https:\/\/www.regionalis.shop\/maedesuess\/wp-json\/wp\/v2\/product"}],"about":[{"href":"https:\/\/www.regionalis.shop\/maedesuess\/wp-json\/wp\/v2\/types\/product"}],"wp:featuredmedia":[{"embeddable":true,"href":"https:\/\/www.regionalis.shop\/maedesuess\/wp-json\/wp\/v2\/media\/1151"}],"wp:attachment":[{"href":"https:\/\/www.regionalis.shop\/maedesuess\/wp-json\/wp\/v2\/media?parent=1150"}],"wp:term":[{"taxonomy":"product_brand","embeddable":true,"href":"https:\/\/www.regionalis.shop\/maedesuess\/wp-json\/wp\/v2\/product_brand?post=1150"},{"taxonomy":"product_cat","embeddable":true,"href":"https:\/\/www.regionalis.shop\/maedesuess\/wp-json\/wp\/v2\/product_cat?post=1150"},{"taxonomy":"product_tag","embeddable":true,"href":"https:\/\/www.regionalis.shop\/maedesuess\/wp-json\/wp\/v2\/product_tag?post=1150"}],"curies":[{"name":"wp","href":"https:\/\/api.w.org\/{rel}","templated":true}]}}