{"id":1177,"date":"2025-04-17T23:16:46","date_gmt":"2025-04-17T21:16:46","guid":{"rendered":"https:\/\/www.regionalis.shop\/makis-kleine-welt\/product\/leggings-gr-74-80-baby-leggings-mint-sterne-strumpfhose\/"},"modified":"2025-04-17T23:16:46","modified_gmt":"2025-04-17T21:16:46","slug":"leggings-gr-74-80-baby-leggings-mint-sterne-strumpfhose","status":"publish","type":"product","link":"https:\/\/www.regionalis.shop\/makis-kleine-welt\/shop\/leggings-gr-74-80-baby-leggings-mint-sterne-strumpfhose\/","title":{"rendered":"Leggings Gr.74\/80 Baby  Leggings, mint Sterne, Strumpfhose"},"content":{"rendered":"<p>Bequeme Leggings gen\u00e4ht in Gr.74\/80 in mint mit wei\u00dfen Sternen.<br \/>\nDie Leggings ist am Bauch mit einem weichen eingen\u00e4htem Gummi.<\/p>\n<p>Farblich passend zur Leggings, gibt es in der selben Gr\u00f6\u00dfe, noch weitere Artikel aus dieser Serie in meinem Shop.<\/p>\n<p>&#8211;Material&#8211;: 97% Baumwolle, 3% Elasthan<br \/>\n&#8211;Farbe&#8211;: mint, wei\u00df<br \/>\n&#8211;Motiv&#8211;: Sterne<\/p>\n<p>Alle Stoffen werden von mir vor der Verarbeitung mit Sensitivwaschpulver gewaschen und im Trockner angetrockt. Dadurch gibt es bei euch in der W\u00e4sche kein eingehen oder verziehen!<\/p>\n<p>\u2757Das Produkt kann bei 40\u00b0C Feinw\u00e4sche in der Waschmaschine gewaschen werden.<br \/>\n\u2757Geb\u00fcgelt kann vorsichtig auf Stufe 2 werden.<br \/>\n\u2757 NICHT Trockner geeignet \u2757<\/p>\n<p>Das Set ist ein Unikat und wird so kein weiteres Mal gen\u00e4ht!<\/p>\n","protected":false},"excerpt":{"rendered":"<p>Bequeme Leggings gen\u00e4ht in Gr.74\/80 in mint mit wei\u00dfen Sternen. Die Leggings ist am Bauch mit einem weichen eingen\u00e4htem Gummi. Farblich passend zur Leggings, gibt es in der selben Gr\u00f6\u00dfe, noch weitere Artikel aus dieser Serie in meinem Shop. &#8211;Material&#8211;: 97% Baumwolle, 3% Elasthan &#8211;Farbe&#8211;: mint, wei\u00df &#8211;Motiv&#8211;: Sterne Alle Stoffen werden von mir vor &hellip; <a href=\"https:\/\/www.regionalis.shop\/makis-kleine-welt\/shop\/leggings-gr-74-80-baby-leggings-mint-sterne-strumpfhose\/\">Continued<\/a><\/p>\n","protected":false},"featured_media":1178,"template":"","meta":{"_acf_changed":false},"product_brand":[],"product_cat":[38,49],"product_tag":[],"class_list":{"0":"post-1177","1":"product","2":"type-product","3":"status-publish","4":"has-post-thumbnail","6":"product_cat-baby-kinder","7":"product_cat-kinderkleidung","9":"first","10":"instock","11":"purchasable","12":"product-type-simple"},"acf":[],"_links":{"self":[{"href":"https:\/\/www.regionalis.shop\/makis-kleine-welt\/wp-json\/wp\/v2\/product\/1177","targetHints":{"allow":["GET"]}}],"collection":[{"href":"https:\/\/www.regionalis.shop\/makis-kleine-welt\/wp-json\/wp\/v2\/product"}],"about":[{"href":"https:\/\/www.regionalis.shop\/makis-kleine-welt\/wp-json\/wp\/v2\/types\/product"}],"wp:featuredmedia":[{"embeddable":true,"href":"https:\/\/www.regionalis.shop\/makis-kleine-welt\/wp-json\/wp\/v2\/media\/1178"}],"wp:attachment":[{"href":"https:\/\/www.regionalis.shop\/makis-kleine-welt\/wp-json\/wp\/v2\/media?parent=1177"}],"wp:term":[{"taxonomy":"product_brand","embeddable":true,"href":"https:\/\/www.regionalis.shop\/makis-kleine-welt\/wp-json\/wp\/v2\/product_brand?post=1177"},{"taxonomy":"product_cat","embeddable":true,"href":"https:\/\/www.regionalis.shop\/makis-kleine-welt\/wp-json\/wp\/v2\/product_cat?post=1177"},{"taxonomy":"product_tag","embeddable":true,"href":"https:\/\/www.regionalis.shop\/makis-kleine-welt\/wp-json\/wp\/v2\/product_tag?post=1177"}],"curies":[{"name":"wp","href":"https:\/\/api.w.org\/{rel}","templated":true}]}}