{"id":1136,"date":"2025-04-17T23:43:36","date_gmt":"2025-04-17T21:43:36","guid":{"rendered":"https:\/\/www.regionalis.shop\/manu-koenig-illustration\/product\/james\/"},"modified":"2025-04-17T23:43:36","modified_gmt":"2025-04-17T21:43:36","slug":"james","status":"publish","type":"product","link":"https:\/\/www.regionalis.shop\/manu-koenig-illustration\/shop\/james\/","title":{"rendered":"James"},"content":{"rendered":"<p>Zauberhafte Illustration. Wovon Seem\u00e4nner nachts tr\u00e4umen.<\/p>\n<p>Du brauchst auf die Schnelle ein Geburtstagsgeschenk oder die W\u00e4nde brauchen ein bisschen Abwechslung? Super! <\/p>\n<p>Illustration: James (PRINT \/ 300 dpi \/ 250g\/m)<br \/>\nMa\u00dfe: A4 (21 x 29,7 ) <\/p>\n<p>Nach Bestellung und Zahlungseingang wird dein Paket an dich versendet.<br \/>\nDer Rahmen ist nicht im Preis inbegriffen.<\/p>\n<p>WICHTIG: Du bekommst das Bild nur f\u00fcr den Privatgebrauch. Es darf nicht verfielf\u00e4ltigt, ver\u00e4ndert oder gewerblich genutzt werden. Das Urheberrecht aller Motive liegt bei Manu K\u00f6nig Illustration. Du erh\u00e4ltst das Nutzungsrecht ausschlie\u00dflich f\u00fcr den Privatgebrauch. Digitale Poster\/Produkte sind von der R\u00fcckgabe ausgeschlossen.<\/p>\n<p>Farben k\u00f6nnen je nach Bildschirm bzw. Bildschirmeinstellung variieren.<\/p>\n","protected":false},"excerpt":{"rendered":"<p>Zauberhafte Illustration. Wovon Seem\u00e4nner nachts tr\u00e4umen. Du brauchst auf die Schnelle ein Geburtstagsgeschenk oder die W\u00e4nde brauchen ein bisschen Abwechslung? Super! Illustration: James (PRINT \/ 300 dpi \/ 250g\/m) Ma\u00dfe: A4 (21 x 29,7 ) Nach Bestellung und Zahlungseingang wird dein Paket an dich versendet. Der Rahmen ist nicht im Preis inbegriffen. WICHTIG: Du bekommst &hellip; <a href=\"https:\/\/www.regionalis.shop\/manu-koenig-illustration\/shop\/james\/\">Continued<\/a><\/p>\n","protected":false},"featured_media":1137,"template":"","meta":{"_acf_changed":false},"product_brand":[],"product_cat":[147,54],"product_tag":[],"class_list":{"0":"post-1136","1":"product","2":"type-product","3":"status-publish","4":"has-post-thumbnail","6":"product_cat-illustrationen","7":"product_cat-kunst-fotografie","9":"first","10":"instock","11":"purchasable","12":"product-type-simple"},"acf":[],"_links":{"self":[{"href":"https:\/\/www.regionalis.shop\/manu-koenig-illustration\/wp-json\/wp\/v2\/product\/1136","targetHints":{"allow":["GET"]}}],"collection":[{"href":"https:\/\/www.regionalis.shop\/manu-koenig-illustration\/wp-json\/wp\/v2\/product"}],"about":[{"href":"https:\/\/www.regionalis.shop\/manu-koenig-illustration\/wp-json\/wp\/v2\/types\/product"}],"wp:featuredmedia":[{"embeddable":true,"href":"https:\/\/www.regionalis.shop\/manu-koenig-illustration\/wp-json\/wp\/v2\/media\/1137"}],"wp:attachment":[{"href":"https:\/\/www.regionalis.shop\/manu-koenig-illustration\/wp-json\/wp\/v2\/media?parent=1136"}],"wp:term":[{"taxonomy":"product_brand","embeddable":true,"href":"https:\/\/www.regionalis.shop\/manu-koenig-illustration\/wp-json\/wp\/v2\/product_brand?post=1136"},{"taxonomy":"product_cat","embeddable":true,"href":"https:\/\/www.regionalis.shop\/manu-koenig-illustration\/wp-json\/wp\/v2\/product_cat?post=1136"},{"taxonomy":"product_tag","embeddable":true,"href":"https:\/\/www.regionalis.shop\/manu-koenig-illustration\/wp-json\/wp\/v2\/product_tag?post=1136"}],"curies":[{"name":"wp","href":"https:\/\/api.w.org\/{rel}","templated":true}]}}