{"id":862,"date":"2025-05-24T13:44:06","date_gmt":"2025-05-24T11:44:06","guid":{"rendered":"https:\/\/starter.stage.shop-it.at\/?page_id=862"},"modified":"2025-11-25T21:42:04","modified_gmt":"2025-11-25T20:42:04","slug":"startseite","status":"publish","type":"page","link":"https:\/\/www.regionalis.shop\/mariamart\/","title":{"rendered":"Startseite"},"content":{"rendered":"<section>\n        <div class=\"header-image\">\n            <img decoding=\"async\" src=\"https:\/\/www.regionalis.shop\/app\/uploads\/sites\/383\/jll-j-scaled.jpg\" alt=\"\">\n        <\/div>\n    \n    <\/section>\n    <section>\n    <div class=\"header-title\">\n        <h1 class=\"h2\">Willkommen bei Mariamart<\/h1>\n    <\/div>\n            <h2 class=\"h3\">Handgemacht in Linz<\/h2>\n                <p class=\"text-align-center\"><!--block-->Cloisonn\u00e9-Emaille-Schmuck entsteht in sorgf\u00e4ltiger Handarbeit vom ersten bis zum letzten Arbeitsschritt. Feinsilberdraht wird auf einer Silberplatte arrangiert und mit Emaille ausgef\u00fcllt; erg\u00e4nzt durch Elemente aus Feingold und Kupfer entstehen kunstvolle Kompositionen, die schlie\u00dflich in Silber oder Gold gefasst und oft mit Edelsteinen veredelt werden. Auf diese Weise entstehen einzigartige Schmuckst\u00fccke, F\u00fcllfederhalter, Zifferbl\u00e4tter und besondere Kunstobjekte.<br \/>\nIn meinen Arbeiten verbinde ich traditionelle Techniken mit modernem Design \u2013 meisterhaft ausgef\u00fchrte Cloisonn\u00e9-Emaille-Kreationen, die Kunst, Handwerk und Geschichte miteinander verschmelzen.<\/p>\n\n    \n    <h3>Produkte<\/h3>\n\n    <div class=\"woocommerce columns-3 \"><ul class=\"products columns-3\">\n<li class=\"product type-product post-1245 status-publish first instock product_cat-ohrringe has-post-thumbnail purchasable product-type-simple\">\n\t<a href=\"https:\/\/www.regionalis.shop\/mariamart\/shop\/ohrringe-welle-cloisonne-emaille-handarbeit-silber-unikat\/\" class=\"woocommerce-LoopProduct-link woocommerce-loop-product__link\"><div class=\"wc-block-grid__product-image\"><img loading=\"lazy\" decoding=\"async\" width=\"958\" height=\"1024\" src=\"https:\/\/www.regionalis.shop\/app\/uploads\/sites\/383\/IMG_4247-958x1024.jpg\" class=\"attachment-large size-large\" alt=\"Ohrringe &quot;Welle&quot; Cloisonn\u00e9 Emaille, Handarbeit, Silber, Unikat\" srcset=\"https:\/\/www.regionalis.shop\/app\/uploads\/sites\/383\/IMG_4247-958x1024.jpg 958w, https:\/\/www.regionalis.shop\/app\/uploads\/sites\/383\/IMG_4247-281x300.jpg 281w, https:\/\/www.regionalis.shop\/app\/uploads\/sites\/383\/IMG_4247-768x821.jpg 768w, https:\/\/www.regionalis.shop\/app\/uploads\/sites\/383\/IMG_4247-1437x1536.jpg 1437w, https:\/\/www.regionalis.shop\/app\/uploads\/sites\/383\/IMG_4247-1916x2048.jpg 1916w, https:\/\/www.regionalis.shop\/app\/uploads\/sites\/383\/IMG_4247-600x641.jpg 600w\" sizes=\"auto, (max-width: 958px) 100vw, 958px\" \/><\/div><h2 class=\"woocommerce-loop-product__title\">Ohrringe &#8222;Welle&#8220; Cloisonn\u00e9 Emaille, Handarbeit, Silber, Unikat<\/h2>\n\t<span class=\"price\"><span class=\"woocommerce-Price-amount amount\"><bdi>340,00&nbsp;<span class=\"woocommerce-Price-currencySymbol\">&euro;<\/span><\/bdi><\/span><\/span>\n<\/a><\/li>\n<li class=\"product type-product post-1238 status-publish instock product_cat-anhaenger product_cat-schmuck product_tag-anhaenger product_tag-brosche product_tag-silber product_tag-unikat has-post-thumbnail purchasable product-type-simple\">\n\t<a href=\"https:\/\/www.regionalis.shop\/mariamart\/shop\/anhaenger-brosche-einzigartige-handgemachte-cloisonne-emaille\/\" class=\"woocommerce-LoopProduct-link woocommerce-loop-product__link\"><div class=\"wc-block-grid__product-image\"><img loading=\"lazy\" decoding=\"async\" width=\"1007\" height=\"1024\" src=\"https:\/\/www.regionalis.shop\/app\/uploads\/sites\/383\/IMG_4313-Kopie-1007x1024.jpg\" class=\"attachment-large size-large\" alt=\"Anh\u00e4nger \/ Brosche , Einzigartige, Handgemachte. Cloisonne Emaille\" srcset=\"https:\/\/www.regionalis.shop\/app\/uploads\/sites\/383\/IMG_4313-Kopie-1007x1024.jpg 1007w, https:\/\/www.regionalis.shop\/app\/uploads\/sites\/383\/IMG_4313-Kopie-295x300.jpg 295w, https:\/\/www.regionalis.shop\/app\/uploads\/sites\/383\/IMG_4313-Kopie-768x781.jpg 768w, https:\/\/www.regionalis.shop\/app\/uploads\/sites\/383\/IMG_4313-Kopie-1511x1536.jpg 1511w, https:\/\/www.regionalis.shop\/app\/uploads\/sites\/383\/IMG_4313-Kopie-600x610.jpg 600w, https:\/\/www.regionalis.shop\/app\/uploads\/sites\/383\/IMG_4313-Kopie.jpg 1851w\" sizes=\"auto, (max-width: 1007px) 100vw, 1007px\" \/><\/div><h2 class=\"woocommerce-loop-product__title\">Anh\u00e4nger \/ Brosche , Einzigartige, Handgemachte. Cloisonne Emaille<\/h2>\n\t<span class=\"price\"><span class=\"woocommerce-Price-amount amount\"><bdi>720,00&nbsp;<span class=\"woocommerce-Price-currencySymbol\">&euro;<\/span><\/bdi><\/span><\/span>\n<\/a><\/li>\n<li class=\"product type-product post-1231 status-publish last instock product_cat-ohrringe product_cat-schmuck has-post-thumbnail purchasable product-type-simple\">\n\t<a href=\"https:\/\/www.regionalis.shop\/mariamart\/shop\/ohrringe-lavendercloisonne-enamelhandmade-unikat\/\" class=\"woocommerce-LoopProduct-link woocommerce-loop-product__link\"><div class=\"wc-block-grid__product-image\"><img loading=\"lazy\" decoding=\"async\" width=\"1024\" height=\"885\" src=\"https:\/\/www.regionalis.shop\/app\/uploads\/sites\/383\/il_fullxfull.6863506612_60rn-1024x885.jpg\" class=\"attachment-large size-large\" alt=\"Ohrringe &quot;Lavender&quot;Cloisonne Enamel,Handmade, Unikat\" srcset=\"https:\/\/www.regionalis.shop\/app\/uploads\/sites\/383\/il_fullxfull.6863506612_60rn-1024x885.jpg 1024w, https:\/\/www.regionalis.shop\/app\/uploads\/sites\/383\/il_fullxfull.6863506612_60rn-300x259.jpg 300w, https:\/\/www.regionalis.shop\/app\/uploads\/sites\/383\/il_fullxfull.6863506612_60rn-768x664.jpg 768w, https:\/\/www.regionalis.shop\/app\/uploads\/sites\/383\/il_fullxfull.6863506612_60rn-1536x1328.jpg 1536w, https:\/\/www.regionalis.shop\/app\/uploads\/sites\/383\/il_fullxfull.6863506612_60rn-2048x1770.jpg 2048w, https:\/\/www.regionalis.shop\/app\/uploads\/sites\/383\/il_fullxfull.6863506612_60rn-600x519.jpg 600w\" sizes=\"auto, (max-width: 1024px) 100vw, 1024px\" \/><\/div><h2 class=\"woocommerce-loop-product__title\">Ohrringe &#8222;Lavender&#8220;Cloisonne Enamel,Handmade, Unikat<\/h2>\n\t<span class=\"price\"><span class=\"woocommerce-Price-amount amount\"><bdi>260,00&nbsp;<span class=\"woocommerce-Price-currencySymbol\">&euro;<\/span><\/bdi><\/span><\/span>\n<\/a><\/li>\n<\/ul>\n<\/div>\n    <p>\n        <a href=\"https:\/\/www.regionalis.shop\/mariamart\/shop\/\" class=\"btn btn-primary btn-icon-right\">\n            Alle Produkte <i class=\"bi bi-arrow-right-short\"><\/i>\n        <\/a>\n    <\/p>\n<\/section>\n\n<div data-block-name=\"woocommerce\/store-notices\" class=\"wc-block-store-notices woocommerce alignwide alignwide wp-block-woocommerce-store-notices\"><div class=\"woocommerce-notices-wrapper\"><\/div><\/div>","protected":false},"excerpt":{"rendered":"","protected":false},"author":1,"featured_media":1205,"parent":0,"menu_order":0,"comment_status":"closed","ping_status":"closed","template":"template-home.blade.php","meta":{"_acf_changed":false,"footnotes":""},"class_list":["post-862","page","type-page","status-publish","has-post-thumbnail","hentry"],"acf":[],"_links":{"self":[{"href":"https:\/\/www.regionalis.shop\/mariamart\/wp-json\/wp\/v2\/pages\/862","targetHints":{"allow":["GET"]}}],"collection":[{"href":"https:\/\/www.regionalis.shop\/mariamart\/wp-json\/wp\/v2\/pages"}],"about":[{"href":"https:\/\/www.regionalis.shop\/mariamart\/wp-json\/wp\/v2\/types\/page"}],"author":[{"embeddable":true,"href":"https:\/\/www.regionalis.shop\/mariamart\/wp-json\/wp\/v2\/users\/1"}],"replies":[{"embeddable":true,"href":"https:\/\/www.regionalis.shop\/mariamart\/wp-json\/wp\/v2\/comments?post=862"}],"version-history":[{"count":29,"href":"https:\/\/www.regionalis.shop\/mariamart\/wp-json\/wp\/v2\/pages\/862\/revisions"}],"predecessor-version":[{"id":1207,"href":"https:\/\/www.regionalis.shop\/mariamart\/wp-json\/wp\/v2\/pages\/862\/revisions\/1207"}],"wp:featuredmedia":[{"embeddable":true,"href":"https:\/\/www.regionalis.shop\/mariamart\/wp-json\/wp\/v2\/media\/1205"}],"wp:attachment":[{"href":"https:\/\/www.regionalis.shop\/mariamart\/wp-json\/wp\/v2\/media?parent=862"}],"curies":[{"name":"wp","href":"https:\/\/api.w.org\/{rel}","templated":true}]}}