{"id":1083,"date":"2025-04-28T03:50:17","date_gmt":"2025-04-28T01:50:17","guid":{"rendered":"https:\/\/www.regionalis.shop\/mariamart\/product\/anhaenger-yin-yanvon-cloisonne-enamel-handarbeit-unikat\/"},"modified":"2025-11-30T22:43:47","modified_gmt":"2025-11-30T21:43:47","slug":"anhaenger-yin-yanvon-cloisonne-enamel-handarbeit-unikat","status":"publish","type":"product","link":"https:\/\/www.regionalis.shop\/mariamart\/shop\/anhaenger-yin-yanvon-cloisonne-enamel-handarbeit-unikat\/","title":{"rendered":"Anh\u00e4nger &#8222;Yin &amp; Yan&#8220;von Cloisonne Enamel, Handarbeit, Unikat"},"content":{"rendered":"<p>Eine Cloisonne-Emaille-Halskette mit einem Yin &amp; Yang-Anh\u00e4nger w\u00e4re eine symboltr\u00e4chtige und \u00e4sthetisch ansprechende Wahl. Das Yin &amp; Yang-Symbol repr\u00e4sentiert die dualisti<br \/>\nEine Cloisonne-Emaille-Halskette mit einem Yin &amp; Yang-Anh\u00e4nger w\u00e4re eine symboltr\u00e4chtige und \u00e4sthetisch ansprechende Wahl. Das Yin &amp; Yang-Symbol repr\u00e4sentiert die dualistische Natur des Universums, den Ausgleich von Gegens\u00e4tzen und die Harmonie von Kr\u00e4ften. In Kombination mit kunstvoller Cloisonne-Emaille w\u00fcrde dieses Symbol auf einer Halskette sowohl tiefe Bedeutung als auch \u00e4sthetische Sch\u00f6nheit vermitteln.<br \/>\nDie Eleganz des Cloisonne-Emaille-Handwerks in Kombination mit dem zeitlosen Yin &amp; Yang-Symbol w\u00fcrde diese Halskette zu einem vielseitigen und bedeutungsvollen Schmuckst\u00fcck machen. Sie k\u00f6nnte sowohl im Alltag als auch zu besonderen Anl\u00e4ssen getragen werden und w\u00e4re eine subtile Erinnerung an die Harmonie und Ausgewogenheit im Leben.<br \/>\nTragen Sie diese Halskette mit Stolz und lassen Sie sich von ihrem symboltr\u00e4chtigen Design inspirieren und ermutigen. Es ist nicht nur ein Schmuckst\u00fcck, sondern auch ein Reminder f\u00fcr eine wichtige Lebensphilosophie.<\/p>\n","protected":false},"excerpt":{"rendered":"<p>&#8222;Yin &amp; Yang&#8220;<br \/>\n-Breite:2,8cm<br \/>\n-L\u00e4nge: 43,0 cm<br \/>\n-Material: 999er-Silber<br \/>\n-Emaille,Feinsilber<br \/>\n-Blattsilber<br \/>\n-Federringverschluss<br \/>\n-Handarbeit ,Unikat<\/p>\n<p>VERPACKUNG<br \/>\n\u2022 Handgefertigter Schmuck wird in einer speziellen Box geliefert;<br \/>\n\u2022 Cloisonn\u00e9-Emaille-Artikel werden so verpackt, dass sie w\u00e4hrend des Transports vor Besch\u00e4digungen gesch\u00fctzt sind.<\/p>\n<p>\u2022Z\u00f6gern Sie nicht, uns f\u00fcr weitere Informationen zu schreiben. Unser Team beantwortet gerne alle Fragen.<\/p>\n","protected":false},"featured_media":1228,"template":"","meta":{"_acf_changed":false},"product_brand":[],"product_cat":[141,70],"product_tag":[183,177,182,186],"class_list":{"0":"post-1083","1":"product","2":"type-product","3":"status-publish","4":"has-post-thumbnail","6":"product_cat-halsketten","7":"product_cat-schmuck","8":"product_tag-handarbeit","9":"product_tag-silber","10":"product_tag-unikat","11":"product_tag-yin-yang","13":"first","14":"instock","15":"purchasable","16":"product-type-simple"},"acf":[],"_links":{"self":[{"href":"https:\/\/www.regionalis.shop\/mariamart\/wp-json\/wp\/v2\/product\/1083","targetHints":{"allow":["GET"]}}],"collection":[{"href":"https:\/\/www.regionalis.shop\/mariamart\/wp-json\/wp\/v2\/product"}],"about":[{"href":"https:\/\/www.regionalis.shop\/mariamart\/wp-json\/wp\/v2\/types\/product"}],"wp:featuredmedia":[{"embeddable":true,"href":"https:\/\/www.regionalis.shop\/mariamart\/wp-json\/wp\/v2\/media\/1228"}],"wp:attachment":[{"href":"https:\/\/www.regionalis.shop\/mariamart\/wp-json\/wp\/v2\/media?parent=1083"}],"wp:term":[{"taxonomy":"product_brand","embeddable":true,"href":"https:\/\/www.regionalis.shop\/mariamart\/wp-json\/wp\/v2\/product_brand?post=1083"},{"taxonomy":"product_cat","embeddable":true,"href":"https:\/\/www.regionalis.shop\/mariamart\/wp-json\/wp\/v2\/product_cat?post=1083"},{"taxonomy":"product_tag","embeddable":true,"href":"https:\/\/www.regionalis.shop\/mariamart\/wp-json\/wp\/v2\/product_tag?post=1083"}],"curies":[{"name":"wp","href":"https:\/\/api.w.org\/{rel}","templated":true}]}}