{"id":1087,"date":"2025-04-28T03:48:47","date_gmt":"2025-04-28T01:48:47","guid":{"rendered":"https:\/\/www.regionalis.shop\/mariamart\/product\/ohrringe-von-cloisonne-enamel-handarbeit-unikat-3\/"},"modified":"2025-11-30T22:46:36","modified_gmt":"2025-11-30T21:46:36","slug":"ohrringe-von-cloisonne-enamel-handarbeit-unikat-3","status":"publish","type":"product","link":"https:\/\/www.regionalis.shop\/mariamart\/shop\/ohrringe-von-cloisonne-enamel-handarbeit-unikat-3\/","title":{"rendered":"Ohrringe Yin &amp; Yang von Cloisonne Enamel, Handarbeit, Unikat"},"content":{"rendered":"<p>Die handgefertigten Cloisonn\u00e9-Emaille-Ohrringe im Yin und Yang Motiv vereinen harmonisch die Farben Blau, Rosa und Rot. Jedes Paar wird mit gr\u00f6\u00dfter Sorgfalt und Pr\u00e4zision gefertigt, wobei feiner Silberdraht die eleganten Designs umrahmt und die lebendigen Emaille-T\u00f6ne zur Geltung bringt.<\/p>\n<p>Diese Ohrringe sind nicht nur ein echter Blickfang, sondern auch ein Unikat, das die Balance zwischen Gegens\u00e4tzen symbolisiert. Die Kombination aus edlem Silber und der strahlenden Emaille sorgt f\u00fcr eine zeitlose Sch\u00f6nheit, die sowohl im Alltag als auch zu besonderen Anl\u00e4ssen getragen werden kann. Perfekt f\u00fcr alle, die ihre Individualit\u00e4t und ihren Sinn f\u00fcr Stil unterstreichen m\u00f6chten.<\/p>\n","protected":false},"excerpt":{"rendered":"<p>-Ohrringe &#8222;Yin &amp; Yang&#8220;<br \/>\n-Breite:1.8cm<br \/>\n-L\u00e4nge: 5,5cm<br \/>\n-Material: 999er-Silber<br \/>\n-Emaille,Feinsilber<br \/>\n-Blattsilber<br \/>\n-Steinart: Jade<br \/>\n-Handarbeit ,Unikat<\/p>\n<p>VERPACKUNG<br \/>\n\u2022 Handgefertigter Schmuck wird in einer speziellen Box geliefert;<br \/>\n\u2022 Cloisonn\u00e9-Emaille-Artikel werden so verpackt, dass sie w\u00e4hrend des Transports vor Besch\u00e4digungen gesch\u00fctzt sind.<\/p>\n<p>\u2022Z\u00f6gern Sie nicht, uns f\u00fcr weitere Informationen zu schreiben. Unser Team beantwortet gerne alle Fragen.<\/p>\n","protected":false},"featured_media":1227,"template":"","meta":{"_acf_changed":false},"product_brand":[],"product_cat":[163,70],"product_tag":[],"class_list":{"0":"post-1087","1":"product","2":"type-product","3":"status-publish","4":"has-post-thumbnail","6":"product_cat-ohrringe","7":"product_cat-schmuck","9":"first","10":"instock","11":"purchasable","12":"product-type-simple"},"acf":[],"_links":{"self":[{"href":"https:\/\/www.regionalis.shop\/mariamart\/wp-json\/wp\/v2\/product\/1087","targetHints":{"allow":["GET"]}}],"collection":[{"href":"https:\/\/www.regionalis.shop\/mariamart\/wp-json\/wp\/v2\/product"}],"about":[{"href":"https:\/\/www.regionalis.shop\/mariamart\/wp-json\/wp\/v2\/types\/product"}],"wp:featuredmedia":[{"embeddable":true,"href":"https:\/\/www.regionalis.shop\/mariamart\/wp-json\/wp\/v2\/media\/1227"}],"wp:attachment":[{"href":"https:\/\/www.regionalis.shop\/mariamart\/wp-json\/wp\/v2\/media?parent=1087"}],"wp:term":[{"taxonomy":"product_brand","embeddable":true,"href":"https:\/\/www.regionalis.shop\/mariamart\/wp-json\/wp\/v2\/product_brand?post=1087"},{"taxonomy":"product_cat","embeddable":true,"href":"https:\/\/www.regionalis.shop\/mariamart\/wp-json\/wp\/v2\/product_cat?post=1087"},{"taxonomy":"product_tag","embeddable":true,"href":"https:\/\/www.regionalis.shop\/mariamart\/wp-json\/wp\/v2\/product_tag?post=1087"}],"curies":[{"name":"wp","href":"https:\/\/api.w.org\/{rel}","templated":true}]}}