{"id":1125,"date":"2025-04-18T08:23:57","date_gmt":"2025-04-18T06:23:57","guid":{"rendered":"https:\/\/www.regionalis.shop\/mariamart\/product\/frau-mit-perlen-halskette-pendat-cloisonne-emailleunikat\/"},"modified":"2025-04-18T08:23:57","modified_gmt":"2025-04-18T06:23:57","slug":"frau-mit-perlen-halskette-pendat-cloisonne-emailleunikat","status":"publish","type":"product","link":"https:\/\/www.regionalis.shop\/mariamart\/shop\/frau-mit-perlen-halskette-pendat-cloisonne-emailleunikat\/","title":{"rendered":"Frau mit Perlen, Halskette\/Pendat.  Cloisonne Emaille,Unikat"},"content":{"rendered":"<p>&#8211; Halskette&#8220;Frau mit Perlen&#8220;<br \/>\n&#8211; Anh\u00e4nger L\u00e4nge  ca. 42cm einstellbar<br \/>\n&#8211; Breite  5,5cm<br \/>\n&#8211; L\u00e4nge   5,0cm<br \/>\n&#8211; Steinart :S\u00fc\u00dfperlen, Kristalsteine<br \/>\n&#8211; Material  999er Silber<br \/>\n&#8211; Email,Blattsilber<br \/>\n-Handarbeit ,Unikat<\/p>\n<p>Mariamart bietet  exklusiven handgefertigten Cloisonn\u00e9-Emaille Schmuck an. Cloisonn\u00e9-Emaille ist eine \u00fcber Generationen weitergegebene Metallverarbeitungstechnik. Durch die k\u00fcnstlerische und individuelle Kombination aus  kleinen Edelmetall-Flaments und buntes Glas Emaille entstehen Designerst\u00fccke f\u00fcr die Ewigkeit..<\/p>\n","protected":false},"excerpt":{"rendered":"<p>&#8211; Halskette&#8220;Frau mit Perlen&#8220; &#8211; Anh\u00e4nger L\u00e4nge ca. 42cm einstellbar &#8211; Breite 5,5cm &#8211; L\u00e4nge 5,0cm &#8211; Steinart :S\u00fc\u00dfperlen, Kristalsteine &#8211; Material 999er Silber &#8211; Email,Blattsilber -Handarbeit ,Unikat Mariamart bietet exklusiven handgefertigten Cloisonn\u00e9-Emaille Schmuck an. Cloisonn\u00e9-Emaille ist eine \u00fcber Generationen weitergegebene Metallverarbeitungstechnik. Durch die k\u00fcnstlerische und individuelle Kombination aus kleinen Edelmetall-Flaments und buntes Glas Emaille &hellip; <a href=\"https:\/\/www.regionalis.shop\/mariamart\/shop\/frau-mit-perlen-halskette-pendat-cloisonne-emailleunikat\/\">Continued<\/a><\/p>\n","protected":false},"featured_media":1126,"template":"","meta":{"_acf_changed":false},"product_brand":[],"product_cat":[141,70],"product_tag":[],"class_list":{"0":"post-1125","1":"product","2":"type-product","3":"status-publish","4":"has-post-thumbnail","6":"product_cat-halsketten","7":"product_cat-schmuck","9":"first","10":"instock","11":"purchasable","12":"product-type-simple"},"acf":[],"_links":{"self":[{"href":"https:\/\/www.regionalis.shop\/mariamart\/wp-json\/wp\/v2\/product\/1125","targetHints":{"allow":["GET"]}}],"collection":[{"href":"https:\/\/www.regionalis.shop\/mariamart\/wp-json\/wp\/v2\/product"}],"about":[{"href":"https:\/\/www.regionalis.shop\/mariamart\/wp-json\/wp\/v2\/types\/product"}],"wp:featuredmedia":[{"embeddable":true,"href":"https:\/\/www.regionalis.shop\/mariamart\/wp-json\/wp\/v2\/media\/1126"}],"wp:attachment":[{"href":"https:\/\/www.regionalis.shop\/mariamart\/wp-json\/wp\/v2\/media?parent=1125"}],"wp:term":[{"taxonomy":"product_brand","embeddable":true,"href":"https:\/\/www.regionalis.shop\/mariamart\/wp-json\/wp\/v2\/product_brand?post=1125"},{"taxonomy":"product_cat","embeddable":true,"href":"https:\/\/www.regionalis.shop\/mariamart\/wp-json\/wp\/v2\/product_cat?post=1125"},{"taxonomy":"product_tag","embeddable":true,"href":"https:\/\/www.regionalis.shop\/mariamart\/wp-json\/wp\/v2\/product_tag?post=1125"}],"curies":[{"name":"wp","href":"https:\/\/api.w.org\/{rel}","templated":true}]}}