{"id":1153,"date":"2025-04-18T02:25:51","date_gmt":"2025-04-18T00:25:51","guid":{"rendered":"https:\/\/www.regionalis.shop\/mariamart\/product\/voegel-halskette-cloisonne-emaille-unikat\/"},"modified":"2025-04-18T02:25:51","modified_gmt":"2025-04-18T00:25:51","slug":"voegel-halskette-cloisonne-emaille-unikat","status":"publish","type":"product","link":"https:\/\/www.regionalis.shop\/mariamart\/shop\/voegel-halskette-cloisonne-emaille-unikat\/","title":{"rendered":"V\u00f6gel ,Halskette, Cloisonne Emaille, Unikat"},"content":{"rendered":"<p>-Die Kette &#8220; V\u00f6gel&#8220;<br \/>\n-Anh\u00e4nger L\u00e4nge: ca.  46 cm<br \/>\n-Breite: 2,2cm<br \/>\n-L\u00e4nge: 3,5cm<br \/>\n-Material: 925er,999er-Silber<br \/>\n-Email,Feinsilber<br \/>\n-Handarbeit ,Unikat<\/p>\n","protected":false},"excerpt":{"rendered":"<p>-Die Kette &#8220; V\u00f6gel&#8220; -Anh\u00e4nger L\u00e4nge: ca. 46 cm -Breite: 2,2cm -L\u00e4nge: 3,5cm -Material: 925er,999er-Silber -Email,Feinsilber -Handarbeit ,Unikat<\/p>\n","protected":false},"featured_media":1154,"template":"","meta":{"_acf_changed":false},"product_brand":[],"product_cat":[141,70],"product_tag":[],"class_list":{"0":"post-1153","1":"product","2":"type-product","3":"status-publish","4":"has-post-thumbnail","6":"product_cat-halsketten","7":"product_cat-schmuck","9":"first","10":"instock","11":"purchasable","12":"product-type-simple"},"acf":[],"_links":{"self":[{"href":"https:\/\/www.regionalis.shop\/mariamart\/wp-json\/wp\/v2\/product\/1153","targetHints":{"allow":["GET"]}}],"collection":[{"href":"https:\/\/www.regionalis.shop\/mariamart\/wp-json\/wp\/v2\/product"}],"about":[{"href":"https:\/\/www.regionalis.shop\/mariamart\/wp-json\/wp\/v2\/types\/product"}],"wp:featuredmedia":[{"embeddable":true,"href":"https:\/\/www.regionalis.shop\/mariamart\/wp-json\/wp\/v2\/media\/1154"}],"wp:attachment":[{"href":"https:\/\/www.regionalis.shop\/mariamart\/wp-json\/wp\/v2\/media?parent=1153"}],"wp:term":[{"taxonomy":"product_brand","embeddable":true,"href":"https:\/\/www.regionalis.shop\/mariamart\/wp-json\/wp\/v2\/product_brand?post=1153"},{"taxonomy":"product_cat","embeddable":true,"href":"https:\/\/www.regionalis.shop\/mariamart\/wp-json\/wp\/v2\/product_cat?post=1153"},{"taxonomy":"product_tag","embeddable":true,"href":"https:\/\/www.regionalis.shop\/mariamart\/wp-json\/wp\/v2\/product_tag?post=1153"}],"curies":[{"name":"wp","href":"https:\/\/api.w.org\/{rel}","templated":true}]}}