{"id":1215,"date":"2025-11-25T23:06:40","date_gmt":"2025-11-25T22:06:40","guid":{"rendered":"https:\/\/www.regionalis.shop\/mariamart\/?post_type=product&#038;p=1215"},"modified":"2025-11-25T23:06:40","modified_gmt":"2025-11-25T22:06:40","slug":"edelweiss-anhaenger-ohrringe-cloisonne-emaillehandgemachte-schmuck-unikat-2","status":"publish","type":"product","link":"https:\/\/www.regionalis.shop\/mariamart\/shop\/edelweiss-anhaenger-ohrringe-cloisonne-emaillehandgemachte-schmuck-unikat-2\/","title":{"rendered":"Edelweiss, Anh\u00e4nger &amp; Ohrringe, Cloisonne Emaille,Handgemachte Schmuck, Unikat"},"content":{"rendered":"<p>Cloisonn\u00e9-Emaille-Ohrringe und Anh\u00e4nger in zartem Rosa, verziert mit filigranen wei\u00dfen Edelwei\u00df-Motiven, sind nicht nur ein Blickfang, sondern auch ein Ausdruck von Eleganz und Stil. Diese handgefertigten Schmuckst\u00fccke zeichnen sich durch ihre leuchtenden Farben und die sorgf\u00e4ltige Verarbeitung aus. Jedes St\u00fcck erz\u00e4hlt seine eigene Geschichte und verbindet traditionelle Handwerkskunst mit modernem Design. Sie sind perfekt f\u00fcr besondere Anl\u00e4sse oder als t\u00e4gliches Accessoire, um jedem Outfit einen Hauch von Farbe und Pers\u00f6nlichkeit zu verleihen. Die Kombination aus Rosa und Wei\u00df vermittelt eine frische, feminine Ausstrahlung, die sowohl romantisch als auch zeitlos ist.<\/p>\n","protected":false},"excerpt":{"rendered":"<div class=\"listing-info info-col description-right wt-order-xs-5\">\n<div class=\"wt-flex-lg-3 wt-order-xs-1 wt-order-lg-3 wt-max-width-full wt-pl-md-4 wt-pr-md-4 wt-pl-lg-0 wt-pr-lg-5 wt-pl-xs-2 wt-pr-xs-2\">\n<div data-appears-component-name=\"product_details\">\n<div id=\"product_details\" class=\"appears-ready\">\n<div class=\"wt-content-toggle \" data-selector=\"info-section-content-toggle\">\n<div id=\"product_details_content_toggle\" class=\"wt-content-toggle__body\" aria-hidden=\"false\">\n<div class=\"wt-mb-xs-6\">\n<div data-id=\"description-text\">\n<div id=\"content-toggle-product-details-read-more\" class=\"wt-content-toggle__body wt-content-toggle__body--truncated wt-content-toggle__body--truncated-02\" aria-hidden=\"false\"><\/div>\n<\/div>\n<\/div>\n<\/div>\n<\/div>\n<\/div>\n<\/div>\n<div class=\"wt-mb-xs-3\">\n<div data-appears-component-name=\"shop_owners\">\n<div id=\"shop_owners\" class=\"appears-ready\">\n<div class=\"wt-content-toggle \" data-selector=\"info-section-content-toggle\">\n<h2>Die Ohrringe &#8222;Edelweiss&#8220;<br \/>\n-Breite: 1,5cm<br \/>\n-L\u00e4nger: 4,5cm<br \/>\n-Material: 999er-Silber<br \/>\n-Email,Feinsilber<br \/>\n-Steinart: Grune Jade<\/p>\n<p>-Die Halskette mit Anh\u00e4nger&#8220;Edelweiss&#8220;<br \/>\n-Anh\u00e4nger L\u00e4nge: 40cm einstellbar<br \/>\n-Breite: 2,1cm<br \/>\n-L\u00e4nger: 4,5cm<br \/>\n-Material: 999er-Silber<br \/>\n-Email,Feinsilber<br \/>\nSteinart: Rosa jade<br \/>\n-Handarbeit ,Unikat<\/h2>\n<div id=\"shop_owners_content_toggle\" class=\"wt-content-toggle__body\" aria-hidden=\"true\">\n<div class=\"wt-mb-xs-6\">\n<div class=\"wt-display-flex-xs wt-align-items-center wt-mb-xs-2\">\n<div class=\"wt-thumbnail-larger wt-mr-xs-3\"><\/div>\n<div>\n<p class=\"wt-text-heading-small wt-line-height-tight wt-mb-lg-1\">\n<\/div>\n<\/div>\n<\/div>\n<\/div>\n<\/div>\n<\/div>\n<\/div>\n<\/div>\n<\/div>\n<\/div>\n<div class=\"listing-info wider-review-col wt-order-xs-6\">\n<div class=\"wt-flex-lg-5 wt-align-items-flex-start wt-max-width-full wt-pl-md-4 wt-pr-md-4 wt-pr-lg-0 wt-pl-lg-5 wt-pl-xs-2 wt-pr-xs-2\" data-appears-component-name=\"listing_page_reviews_container_top\" data-offset=\"0.01\" data-appears-event-data=\"{&quot;transaction_ids&quot;:[],&quot;reviews_with_text&quot;:0,&quot;reviews_older_than_three_months&quot;:0,&quot;reviews_under_three_stars&quot;:0,&quot;fired_on_plus_more&quot;:false,&quot;tab_fetched&quot;:&quot;same_listing_reviews&quot;,&quot;listing_rating_count&quot;:0,&quot;shop_rating_count&quot;:59,&quot;page&quot;:&quot;listing&quot;,&quot;listing_id&quot;:1591269496,&quot;page_number&quot;:1,&quot;sort_option&quot;:&quot;Relevancy&quot;,&quot;is_mobile_or_tablet&quot;:false,&quot;is_reviews_untabbed&quot;:false,&quot;is_initial_load&quot;:true,&quot;tag_filters&quot;:[],&quot;rating_filter&quot;:null}\">\n<div class=\"wt-mb-xs-3 appears-ready\">\n<div class=\"wt-b-lg wt-rounded-01 wt-p-lg-3\">\n<div data-appears-component-name=\"shop_owners\">\n<div class=\"wt-width-full wt-display-flex-xs wt-flex-direction-column-xs appears-ready\" data-seller-cred=\"\">\n<div id=\"mys-shop-reviews-root\" data-shop-id=\"12076406\" data-shop-reviews-count=\"59\">\n<div class=\"wt-bt-lg wt-pal-grid-pt-xs-400 wt-pal-grid-pb-xs-200 wt-position-relative\">\n<div class=\"wt-position-relative\">\n<div class=\"mys-shop-reviews wt-overflow-x-auto wt-pal-grid-pt-xs-200 wt-pal-grid-pb-xs-200 wt-pl-xs-3 wt-pr-xs-3 wt-position-relative mys-shop-reviews--mask-right\" data-mys-shop-reviews=\"true\">\n<div class=\"mys-shop-reviews__inner wt-display-flex-xs wt-flex-gap-xs-3 wt-flex-nowrap\">\n<div class=\"wt-card shop-review-card wt-flex-shrink-xs-0 wt-card--contained\" aria-label=\"Vollst\u00e4ndige Bewertung von R lesen\" data-clg-id=\"WtCard\">\n<div class=\"wt-card__inner\">\n<div class=\"wt-pal-grid-p-xs-200 wt-display-flex-xs wt-flex-direction-column-xs wt-flex-gap-xs-1 wt-justify-content-space-between wt-height-full\">\n<div class=\"wt-display-flex-xs wt-flex-direction-column-xs wt-flex-gap-xs-1\">\n<div class=\"wt-display-flex-xs wt-flex-gap-xs-1\"><\/div>\n<\/div>\n<\/div>\n<\/div>\n<\/div>\n<\/div>\n<\/div>\n<\/div>\n<\/div>\n<\/div>\n<\/div>\n<\/div>\n<\/div>\n<\/div>\n<\/div>\n<\/div>\n","protected":false},"featured_media":1216,"template":"","meta":{"_acf_changed":false},"product_brand":[],"product_cat":[70,71],"product_tag":[],"class_list":{"0":"post-1215","1":"product","2":"type-product","3":"status-publish","4":"has-post-thumbnail","6":"product_cat-schmuck","7":"product_cat-schmucksets","9":"first","10":"instock","11":"purchasable","12":"product-type-simple"},"acf":[],"_links":{"self":[{"href":"https:\/\/www.regionalis.shop\/mariamart\/wp-json\/wp\/v2\/product\/1215","targetHints":{"allow":["GET"]}}],"collection":[{"href":"https:\/\/www.regionalis.shop\/mariamart\/wp-json\/wp\/v2\/product"}],"about":[{"href":"https:\/\/www.regionalis.shop\/mariamart\/wp-json\/wp\/v2\/types\/product"}],"wp:featuredmedia":[{"embeddable":true,"href":"https:\/\/www.regionalis.shop\/mariamart\/wp-json\/wp\/v2\/media\/1216"}],"wp:attachment":[{"href":"https:\/\/www.regionalis.shop\/mariamart\/wp-json\/wp\/v2\/media?parent=1215"}],"wp:term":[{"taxonomy":"product_brand","embeddable":true,"href":"https:\/\/www.regionalis.shop\/mariamart\/wp-json\/wp\/v2\/product_brand?post=1215"},{"taxonomy":"product_cat","embeddable":true,"href":"https:\/\/www.regionalis.shop\/mariamart\/wp-json\/wp\/v2\/product_cat?post=1215"},{"taxonomy":"product_tag","embeddable":true,"href":"https:\/\/www.regionalis.shop\/mariamart\/wp-json\/wp\/v2\/product_tag?post=1215"}],"curies":[{"name":"wp","href":"https:\/\/api.w.org\/{rel}","templated":true}]}}