{"id":1101,"date":"2025-04-18T03:10:49","date_gmt":"2025-04-18T01:10:49","guid":{"rendered":"https:\/\/www.regionalis.shop\/meran-mit-liebe-fuer-dich-handgemacht\/product\/bandana-sommerkopftuch-ku-46-49-cm-sonnenschutz-sommer\/"},"modified":"2025-04-18T03:10:49","modified_gmt":"2025-04-18T01:10:49","slug":"bandana-sommerkopftuch-ku-46-49-cm-sonnenschutz-sommer","status":"publish","type":"product","link":"https:\/\/www.regionalis.shop\/meran-mit-liebe-fuer-dich-handgemacht\/shop\/bandana-sommerkopftuch-ku-46-49-cm-sonnenschutz-sommer\/","title":{"rendered":"Bandana Sommerkopftuch KU 46-49 cm Sonnenschutz Sommer"},"content":{"rendered":"<p>&#8211; Kopfumfang 46-49 cm<br \/>\n&#8211; einlagig<br \/>\n&#8211; Sonnenschutz<br \/>\n&#8211; Sonnenschirm (mit B\u00fcgelvlies verst\u00e4rkt)<br \/>\n&#8211; zum Binden im Nacken (Bandanavariante wird \u00fcber dem Tuch gebunden)<\/p>\n<p>Material:Baumwolle (100%)<br \/>\nin der Waschmaschine waschbar (30\u00b0)<br \/>\nStoff ist nicht vorgewaschen, kann ggf. noch etwas einlaufen<br \/>\nDie tats\u00e4chlichen Farben k\u00f6nnen aufgrund der Darstellung am Bildschirm leicht von den Abbildungen abweichen.<\/p>\n","protected":false},"excerpt":{"rendered":"<p>&#8211; Kopfumfang 46-49 cm &#8211; einlagig &#8211; Sonnenschutz &#8211; Sonnenschirm (mit B\u00fcgelvlies verst\u00e4rkt) &#8211; zum Binden im Nacken (Bandanavariante wird \u00fcber dem Tuch gebunden) Material:Baumwolle (100%) in der Waschmaschine waschbar (30\u00b0) Stoff ist nicht vorgewaschen, kann ggf. noch etwas einlaufen Die tats\u00e4chlichen Farben k\u00f6nnen aufgrund der Darstellung am Bildschirm leicht von den Abbildungen abweichen.<\/p>\n","protected":false},"featured_media":1102,"template":"","meta":{"_acf_changed":false},"product_brand":[],"product_cat":[107,38],"product_tag":[],"class_list":{"0":"post-1101","1":"product","2":"type-product","3":"status-publish","4":"has-post-thumbnail","6":"product_cat-accessoires-baby-kinder","7":"product_cat-baby-kinder","9":"first","10":"instock","11":"purchasable","12":"product-type-simple"},"acf":[],"_links":{"self":[{"href":"https:\/\/www.regionalis.shop\/meran-mit-liebe-fuer-dich-handgemacht\/wp-json\/wp\/v2\/product\/1101","targetHints":{"allow":["GET"]}}],"collection":[{"href":"https:\/\/www.regionalis.shop\/meran-mit-liebe-fuer-dich-handgemacht\/wp-json\/wp\/v2\/product"}],"about":[{"href":"https:\/\/www.regionalis.shop\/meran-mit-liebe-fuer-dich-handgemacht\/wp-json\/wp\/v2\/types\/product"}],"wp:featuredmedia":[{"embeddable":true,"href":"https:\/\/www.regionalis.shop\/meran-mit-liebe-fuer-dich-handgemacht\/wp-json\/wp\/v2\/media\/1102"}],"wp:attachment":[{"href":"https:\/\/www.regionalis.shop\/meran-mit-liebe-fuer-dich-handgemacht\/wp-json\/wp\/v2\/media?parent=1101"}],"wp:term":[{"taxonomy":"product_brand","embeddable":true,"href":"https:\/\/www.regionalis.shop\/meran-mit-liebe-fuer-dich-handgemacht\/wp-json\/wp\/v2\/product_brand?post=1101"},{"taxonomy":"product_cat","embeddable":true,"href":"https:\/\/www.regionalis.shop\/meran-mit-liebe-fuer-dich-handgemacht\/wp-json\/wp\/v2\/product_cat?post=1101"},{"taxonomy":"product_tag","embeddable":true,"href":"https:\/\/www.regionalis.shop\/meran-mit-liebe-fuer-dich-handgemacht\/wp-json\/wp\/v2\/product_tag?post=1101"}],"curies":[{"name":"wp","href":"https:\/\/api.w.org\/{rel}","templated":true}]}}