{"id":1190,"date":"2025-04-18T08:09:47","date_gmt":"2025-04-18T06:09:47","guid":{"rendered":"https:\/\/www.regionalis.shop\/milis-candleart\/product\/ocean-wax-melts-set\/"},"modified":"2025-04-18T08:09:47","modified_gmt":"2025-04-18T06:09:47","slug":"ocean-wax-melts-set","status":"publish","type":"product","link":"https:\/\/www.regionalis.shop\/milis-candleart\/shop\/ocean-wax-melts-set\/","title":{"rendered":"Ocean Wax Melts SET"},"content":{"rendered":"<p>SET aus 9 Waxmelts duftend nach Ocean.<\/p>\n<p>diese Waxmelts eignen sich am Besten f\u00fcrs Badezimmer oder die Toilette und sorgen f\u00fcr ein angenehmes Dufterlebnis<\/p>\n<p>Ein Waxmelt sorgt f\u00fcr ungef\u00e4hr 8 Stunden Dufterlebnis<\/p>\n<p>Wax Melts sind eine alternative Methode zur Raumbeduftung. Im Gegensatz zu normalen Kerzen besitzen Wax Melts keinen Docht und m\u00fcssen in Duftlampen geschmolzen werden. Dadurch brennt das Wachs nicht ab, sondern wird durch die Hitze des Teelichts oder Mithilfe einer elektrischen Duftlampe geschmolzen und gibt dadurch seinen Duft im Raum ab.<\/p>\n","protected":false},"excerpt":{"rendered":"<p>SET aus 9 Waxmelts duftend nach Ocean. diese Waxmelts eignen sich am Besten f\u00fcrs Badezimmer oder die Toilette und sorgen f\u00fcr ein angenehmes Dufterlebnis Ein Waxmelt sorgt f\u00fcr ungef\u00e4hr 8 Stunden Dufterlebnis Wax Melts sind eine alternative Methode zur Raumbeduftung. Im Gegensatz zu normalen Kerzen besitzen Wax Melts keinen Docht und m\u00fcssen in Duftlampen geschmolzen &hellip; <a href=\"https:\/\/www.regionalis.shop\/milis-candleart\/shop\/ocean-wax-melts-set\/\">Continued<\/a><\/p>\n","protected":false},"featured_media":1191,"template":"","meta":{"_acf_changed":false},"product_brand":[],"product_cat":[151,103],"product_tag":[],"class_list":{"0":"post-1190","1":"product","2":"type-product","3":"status-publish","4":"has-post-thumbnail","6":"product_cat-kerzen-kerzenstaender","7":"product_cat-wohnen-deko","9":"first","10":"instock","11":"purchasable","12":"product-type-simple"},"acf":[],"_links":{"self":[{"href":"https:\/\/www.regionalis.shop\/milis-candleart\/wp-json\/wp\/v2\/product\/1190","targetHints":{"allow":["GET"]}}],"collection":[{"href":"https:\/\/www.regionalis.shop\/milis-candleart\/wp-json\/wp\/v2\/product"}],"about":[{"href":"https:\/\/www.regionalis.shop\/milis-candleart\/wp-json\/wp\/v2\/types\/product"}],"wp:featuredmedia":[{"embeddable":true,"href":"https:\/\/www.regionalis.shop\/milis-candleart\/wp-json\/wp\/v2\/media\/1191"}],"wp:attachment":[{"href":"https:\/\/www.regionalis.shop\/milis-candleart\/wp-json\/wp\/v2\/media?parent=1190"}],"wp:term":[{"taxonomy":"product_brand","embeddable":true,"href":"https:\/\/www.regionalis.shop\/milis-candleart\/wp-json\/wp\/v2\/product_brand?post=1190"},{"taxonomy":"product_cat","embeddable":true,"href":"https:\/\/www.regionalis.shop\/milis-candleart\/wp-json\/wp\/v2\/product_cat?post=1190"},{"taxonomy":"product_tag","embeddable":true,"href":"https:\/\/www.regionalis.shop\/milis-candleart\/wp-json\/wp\/v2\/product_tag?post=1190"}],"curies":[{"name":"wp","href":"https:\/\/api.w.org\/{rel}","templated":true}]}}