{"id":1208,"date":"2025-04-18T08:08:50","date_gmt":"2025-04-18T06:08:50","guid":{"rendered":"https:\/\/www.regionalis.shop\/milis-candleart\/product\/milis-strawberry-cupcake\/"},"modified":"2025-04-18T08:08:50","modified_gmt":"2025-04-18T06:08:50","slug":"milis-strawberry-cupcake","status":"publish","type":"product","link":"https:\/\/www.regionalis.shop\/milis-candleart\/shop\/milis-strawberry-cupcake\/","title":{"rendered":"Milis Strawberry Cupcake"},"content":{"rendered":"<p>Unser Aush\u00e4ngeschild und auch Logo ist Milis Erdbeer Cupcake. Er duftet fruchtig nach s\u00fc\u00dfen Erdbeeren und l\u00e4dt einen beinahe dazu ein, ein herzhaftes St\u00fcck abzubei\u00dfen <\/p>\n<p>Gewicht ca 110g \/ H\u00f6he ca 8-10cm<\/p>\n","protected":false},"excerpt":{"rendered":"<p>Unser Aush\u00e4ngeschild und auch Logo ist Milis Erdbeer Cupcake. Er duftet fruchtig nach s\u00fc\u00dfen Erdbeeren und l\u00e4dt einen beinahe dazu ein, ein herzhaftes St\u00fcck abzubei\u00dfen Gewicht ca 110g \/ H\u00f6he ca 8-10cm<\/p>\n","protected":false},"featured_media":1209,"template":"","meta":{"_acf_changed":false},"product_brand":[],"product_cat":[151,103],"product_tag":[],"class_list":{"0":"post-1208","1":"product","2":"type-product","3":"status-publish","4":"has-post-thumbnail","6":"product_cat-kerzen-kerzenstaender","7":"product_cat-wohnen-deko","9":"first","10":"instock","11":"purchasable","12":"product-type-simple"},"acf":[],"_links":{"self":[{"href":"https:\/\/www.regionalis.shop\/milis-candleart\/wp-json\/wp\/v2\/product\/1208","targetHints":{"allow":["GET"]}}],"collection":[{"href":"https:\/\/www.regionalis.shop\/milis-candleart\/wp-json\/wp\/v2\/product"}],"about":[{"href":"https:\/\/www.regionalis.shop\/milis-candleart\/wp-json\/wp\/v2\/types\/product"}],"wp:featuredmedia":[{"embeddable":true,"href":"https:\/\/www.regionalis.shop\/milis-candleart\/wp-json\/wp\/v2\/media\/1209"}],"wp:attachment":[{"href":"https:\/\/www.regionalis.shop\/milis-candleart\/wp-json\/wp\/v2\/media?parent=1208"}],"wp:term":[{"taxonomy":"product_brand","embeddable":true,"href":"https:\/\/www.regionalis.shop\/milis-candleart\/wp-json\/wp\/v2\/product_brand?post=1208"},{"taxonomy":"product_cat","embeddable":true,"href":"https:\/\/www.regionalis.shop\/milis-candleart\/wp-json\/wp\/v2\/product_cat?post=1208"},{"taxonomy":"product_tag","embeddable":true,"href":"https:\/\/www.regionalis.shop\/milis-candleart\/wp-json\/wp\/v2\/product_tag?post=1208"}],"curies":[{"name":"wp","href":"https:\/\/api.w.org\/{rel}","templated":true}]}}