{"id":108,"date":"2024-03-04T10:57:41","date_gmt":"2024-03-04T10:57:41","guid":{"rendered":"https:\/\/stage.shop-it.at\/?page_id=108"},"modified":"2025-10-21T17:33:35","modified_gmt":"2025-10-21T15:33:35","slug":"info","status":"publish","type":"page","link":"https:\/\/www.regionalis.shop\/mit-herz-und-zwirn-von-marlen\/info\/","title":{"rendered":"Info"},"content":{"rendered":"<section>\n            <p>Meine Leidenschaft- das N\u00e4hen von Taschen und Accessoires sowie das Gestalten von Gl\u00fcckwunschbillets und das Schnitzen individueller Stempeln- wurde  neben meinem Hauptberuf im Kindergarten mein Ausgleich.<br \/>\nBeim N\u00e4hen von Taschen setze ich besonders auf praktische Alltagshelfer f\u00fcr die Wohnung oder zum Vershenken von Kleinigkeiten. Ob Stoffk\u00f6rbchen zum Verstauen, verschiedene Kosmetiktaschen, Handtaschen oder auch  kleine &#8222;Mitbringsel&#8220;, f\u00fcr jeden ist etwas dabei!<br \/>\nReisem\u00e4ppchen, Mutter-Kind-Pass-M\u00e4ppchen und vieles mehr.<br \/>\nOb Baumwollstoffe oder elegantes Kunstleder, ob gro\u00dfe Handtasche mit viel Platz oder kleine Fortgehtasche ist alles dabei <\/p>\n<p>Meine Gl\u00fcckwunschkarten sind Unikate und ich setze gerne individuelle W\u00fcnsche um, wie Hochzeitsbillets oder Karten zu Geburtstagen. Jede Karte ist durch meine selbst geschnitzten Stempeln ein Unikat.<\/p>\n\n    <\/section>\n\n\n<p><\/p>\n","protected":false},"excerpt":{"rendered":"","protected":false},"author":1,"featured_media":0,"parent":0,"menu_order":0,"comment_status":"closed","ping_status":"closed","template":"","meta":{"_acf_changed":false,"footnotes":""},"class_list":["post-108","page","type-page","status-publish","hentry"],"acf":[],"_links":{"self":[{"href":"https:\/\/www.regionalis.shop\/mit-herz-und-zwirn-von-marlen\/wp-json\/wp\/v2\/pages\/108","targetHints":{"allow":["GET"]}}],"collection":[{"href":"https:\/\/www.regionalis.shop\/mit-herz-und-zwirn-von-marlen\/wp-json\/wp\/v2\/pages"}],"about":[{"href":"https:\/\/www.regionalis.shop\/mit-herz-und-zwirn-von-marlen\/wp-json\/wp\/v2\/types\/page"}],"author":[{"embeddable":true,"href":"https:\/\/www.regionalis.shop\/mit-herz-und-zwirn-von-marlen\/wp-json\/wp\/v2\/users\/1"}],"replies":[{"embeddable":true,"href":"https:\/\/www.regionalis.shop\/mit-herz-und-zwirn-von-marlen\/wp-json\/wp\/v2\/comments?post=108"}],"version-history":[{"count":39,"href":"https:\/\/www.regionalis.shop\/mit-herz-und-zwirn-von-marlen\/wp-json\/wp\/v2\/pages\/108\/revisions"}],"predecessor-version":[{"id":1028,"href":"https:\/\/www.regionalis.shop\/mit-herz-und-zwirn-von-marlen\/wp-json\/wp\/v2\/pages\/108\/revisions\/1028"}],"wp:attachment":[{"href":"https:\/\/www.regionalis.shop\/mit-herz-und-zwirn-von-marlen\/wp-json\/wp\/v2\/media?parent=108"}],"curies":[{"name":"wp","href":"https:\/\/api.w.org\/{rel}","templated":true}]}}