{"id":1138,"date":"2025-04-18T01:44:16","date_gmt":"2025-04-17T23:44:16","guid":{"rendered":"https:\/\/www.regionalis.shop\/mit-herz-und-zwirn-von-marlen\/product\/stylische-runde-handtasche-in-nachtblau\/"},"modified":"2025-04-18T01:44:16","modified_gmt":"2025-04-17T23:44:16","slug":"stylische-runde-handtasche-in-nachtblau","status":"publish","type":"product","link":"https:\/\/www.regionalis.shop\/mit-herz-und-zwirn-von-marlen\/shop\/stylische-runde-handtasche-in-nachtblau\/","title":{"rendered":"Stylische runde Handtasche in Nachtblau"},"content":{"rendered":"<p>Ma\u00dfe: 16x22x6cm<br \/>\nMaterial: Au\u00dfen Kunstleder, Innen Baumwollstoff<br \/>\nMit einem verstellbaren Tragegurt ist diese Tasche ein wunderbarer Begleiter f\u00fcr Unterwegs. Sie bietet Platz f\u00fcr eine gro\u00dfe Geldtasche, Handy, Schl\u00fcssel, ein kleines Getr\u00e4nk 0,5l usw.<br \/>\nDer Tr\u00e4ger ist in der L\u00e4nge verstellbar.<br \/>\nDie dekorativen N\u00e4hte auf der Au\u00dfenseite machen die Handtasche zum echten Hingucker!<\/p>\n","protected":false},"excerpt":{"rendered":"<p>Ma\u00dfe: 16x22x6cm Material: Au\u00dfen Kunstleder, Innen Baumwollstoff Mit einem verstellbaren Tragegurt ist diese Tasche ein wunderbarer Begleiter f\u00fcr Unterwegs. Sie bietet Platz f\u00fcr eine gro\u00dfe Geldtasche, Handy, Schl\u00fcssel, ein kleines Getr\u00e4nk 0,5l usw. Der Tr\u00e4ger ist in der L\u00e4nge verstellbar. Die dekorativen N\u00e4hte auf der Au\u00dfenseite machen die Handtasche zum echten Hingucker!<\/p>\n","protected":false},"featured_media":1139,"template":"","meta":{"_acf_changed":false},"product_brand":[],"product_cat":[142,95],"product_tag":[],"class_list":{"0":"post-1138","1":"product","2":"type-product","3":"status-publish","4":"has-post-thumbnail","6":"product_cat-handtaschen","7":"product_cat-taschen","9":"first","10":"instock","11":"purchasable","12":"product-type-simple"},"acf":[],"_links":{"self":[{"href":"https:\/\/www.regionalis.shop\/mit-herz-und-zwirn-von-marlen\/wp-json\/wp\/v2\/product\/1138","targetHints":{"allow":["GET"]}}],"collection":[{"href":"https:\/\/www.regionalis.shop\/mit-herz-und-zwirn-von-marlen\/wp-json\/wp\/v2\/product"}],"about":[{"href":"https:\/\/www.regionalis.shop\/mit-herz-und-zwirn-von-marlen\/wp-json\/wp\/v2\/types\/product"}],"wp:featuredmedia":[{"embeddable":true,"href":"https:\/\/www.regionalis.shop\/mit-herz-und-zwirn-von-marlen\/wp-json\/wp\/v2\/media\/1139"}],"wp:attachment":[{"href":"https:\/\/www.regionalis.shop\/mit-herz-und-zwirn-von-marlen\/wp-json\/wp\/v2\/media?parent=1138"}],"wp:term":[{"taxonomy":"product_brand","embeddable":true,"href":"https:\/\/www.regionalis.shop\/mit-herz-und-zwirn-von-marlen\/wp-json\/wp\/v2\/product_brand?post=1138"},{"taxonomy":"product_cat","embeddable":true,"href":"https:\/\/www.regionalis.shop\/mit-herz-und-zwirn-von-marlen\/wp-json\/wp\/v2\/product_cat?post=1138"},{"taxonomy":"product_tag","embeddable":true,"href":"https:\/\/www.regionalis.shop\/mit-herz-und-zwirn-von-marlen\/wp-json\/wp\/v2\/product_tag?post=1138"}],"curies":[{"name":"wp","href":"https:\/\/api.w.org\/{rel}","templated":true}]}}