{"id":1076,"date":"2025-04-18T07:04:44","date_gmt":"2025-04-18T05:04:44","guid":{"rendered":"https:\/\/www.regionalis.shop\/natur-stueck\/product\/holzscheibe-mit-steinbild-hochzeit\/"},"modified":"2025-04-18T07:04:44","modified_gmt":"2025-04-18T05:04:44","slug":"holzscheibe-mit-steinbild-hochzeit","status":"publish","type":"product","link":"https:\/\/www.regionalis.shop\/natur-stueck\/shop\/holzscheibe-mit-steinbild-hochzeit\/","title":{"rendered":"Holzscheibe mit Steinbild &#8211; Hochzeit"},"content":{"rendered":"<p>Holzscheibe mit Steinbild f\u00fcr Hochzeit<br \/>\nIdeal als kleines Geschenk, Tischk\u00e4rtchen mit G\u00e4stenamen, Gastgeschenk usw.<\/p>\n<p>Durchmesser ca. 7 cm<\/p>\n<p>Gerne mit individuellem Namen oder Spruch m\u00f6glich<\/p>\n","protected":false},"excerpt":{"rendered":"<p>Holzscheibe mit Steinbild f\u00fcr Hochzeit Ideal als kleines Geschenk, Tischk\u00e4rtchen mit G\u00e4stenamen, Gastgeschenk usw. Durchmesser ca. 7 cm Gerne mit individuellem Namen oder Spruch m\u00f6glich<\/p>\n","protected":false},"featured_media":1077,"template":"","meta":{"_acf_changed":false},"product_brand":[],"product_cat":[169,103],"product_tag":[],"class_list":{"0":"post-1076","1":"product","2":"type-product","3":"status-publish","4":"has-post-thumbnail","6":"product_cat-sonstiges-wohnen-deko","7":"product_cat-wohnen-deko","9":"first","10":"instock","11":"purchasable","12":"product-type-simple"},"acf":[],"_links":{"self":[{"href":"https:\/\/www.regionalis.shop\/natur-stueck\/wp-json\/wp\/v2\/product\/1076","targetHints":{"allow":["GET"]}}],"collection":[{"href":"https:\/\/www.regionalis.shop\/natur-stueck\/wp-json\/wp\/v2\/product"}],"about":[{"href":"https:\/\/www.regionalis.shop\/natur-stueck\/wp-json\/wp\/v2\/types\/product"}],"wp:featuredmedia":[{"embeddable":true,"href":"https:\/\/www.regionalis.shop\/natur-stueck\/wp-json\/wp\/v2\/media\/1077"}],"wp:attachment":[{"href":"https:\/\/www.regionalis.shop\/natur-stueck\/wp-json\/wp\/v2\/media?parent=1076"}],"wp:term":[{"taxonomy":"product_brand","embeddable":true,"href":"https:\/\/www.regionalis.shop\/natur-stueck\/wp-json\/wp\/v2\/product_brand?post=1076"},{"taxonomy":"product_cat","embeddable":true,"href":"https:\/\/www.regionalis.shop\/natur-stueck\/wp-json\/wp\/v2\/product_cat?post=1076"},{"taxonomy":"product_tag","embeddable":true,"href":"https:\/\/www.regionalis.shop\/natur-stueck\/wp-json\/wp\/v2\/product_tag?post=1076"}],"curies":[{"name":"wp","href":"https:\/\/api.w.org\/{rel}","templated":true}]}}