{"id":1071,"date":"2025-04-18T11:19:09","date_gmt":"2025-04-18T09:19:09","guid":{"rendered":"https:\/\/www.regionalis.shop\/naturtraeume\/product\/holzschild-hochzeitsablauf\/"},"modified":"2025-04-18T11:19:09","modified_gmt":"2025-04-18T09:19:09","slug":"holzschild-hochzeitsablauf","status":"publish","type":"product","link":"https:\/\/www.regionalis.shop\/naturtraeume\/shop\/holzschild-hochzeitsablauf\/","title":{"rendered":"Holzschild Hochzeitsablauf"},"content":{"rendered":"<p>Holzschild Hochzeitsablauf<\/p>\n<p>Das Holzschild Hochzeitsablauf ist eine wundersch\u00f6ne und praktische Erg\u00e4nzung f\u00fcr jede Hochzeitsfeier. Das Schild kann individuell gestaltet werden, um euren ganz besonderen Tag auf elegante und \u00fcbersichtliche Weise darzustellen.\u00a0<\/p>\n<p>Das Schild ist nicht nur ein dekoratives Element, sondern auch ein praktisches Hilfsmittel, um den Ablauf des Tages zu organisieren und den G\u00e4sten Orientierung zu geben. Es kann an einem zentralen Ort aufgestellt werden, um die G\u00e4ste \u00fcber den Ablauf des Tages zu informieren.<\/p>\n<p>Das Holzschild ist aus 6mm dickem Pappelholz gemacht, welches in der Farbe Nussbaum gebeizt ist. Dadurch hat es eine sch\u00f6ne dunkelbraune Farbe. Die Schrift ist mit wei\u00dfer Folie aufgeplottet.<\/p>\n<p>Solltet ihr eine andere Hintergrundfarbe oder Schrift wollen, schreibt uns gerne eine Nachricht! Wir tun unser bestes, um eure W\u00fcnsche zu erf\u00fcllen.<\/p>\n<p>H\u00f6he: 60cm<br \/>\nBreite: 42cm<\/p>\n","protected":false},"excerpt":{"rendered":"<p>Holzschild Hochzeitsablauf Das Holzschild Hochzeitsablauf ist eine wundersch\u00f6ne und praktische Erg\u00e4nzung f\u00fcr jede Hochzeitsfeier. Das Schild kann individuell gestaltet werden, um euren ganz besonderen Tag auf elegante und \u00fcbersichtliche Weise darzustellen.\u00a0 Das Schild ist nicht nur ein dekoratives Element, sondern auch ein praktisches Hilfsmittel, um den Ablauf des Tages zu organisieren und den G\u00e4sten Orientierung &hellip; <a href=\"https:\/\/www.regionalis.shop\/naturtraeume\/shop\/holzschild-hochzeitsablauf\/\">Continued<\/a><\/p>\n","protected":false},"featured_media":1072,"template":"","meta":{"_acf_changed":false},"product_brand":[],"product_cat":[174,103],"product_tag":[],"class_list":{"0":"post-1071","1":"product","2":"type-product","3":"status-publish","4":"has-post-thumbnail","6":"product_cat-wohndekoration","7":"product_cat-wohnen-deko","9":"first","10":"instock","11":"purchasable","12":"product-type-simple"},"acf":[],"_links":{"self":[{"href":"https:\/\/www.regionalis.shop\/naturtraeume\/wp-json\/wp\/v2\/product\/1071","targetHints":{"allow":["GET"]}}],"collection":[{"href":"https:\/\/www.regionalis.shop\/naturtraeume\/wp-json\/wp\/v2\/product"}],"about":[{"href":"https:\/\/www.regionalis.shop\/naturtraeume\/wp-json\/wp\/v2\/types\/product"}],"wp:featuredmedia":[{"embeddable":true,"href":"https:\/\/www.regionalis.shop\/naturtraeume\/wp-json\/wp\/v2\/media\/1072"}],"wp:attachment":[{"href":"https:\/\/www.regionalis.shop\/naturtraeume\/wp-json\/wp\/v2\/media?parent=1071"}],"wp:term":[{"taxonomy":"product_brand","embeddable":true,"href":"https:\/\/www.regionalis.shop\/naturtraeume\/wp-json\/wp\/v2\/product_brand?post=1071"},{"taxonomy":"product_cat","embeddable":true,"href":"https:\/\/www.regionalis.shop\/naturtraeume\/wp-json\/wp\/v2\/product_cat?post=1071"},{"taxonomy":"product_tag","embeddable":true,"href":"https:\/\/www.regionalis.shop\/naturtraeume\/wp-json\/wp\/v2\/product_tag?post=1071"}],"curies":[{"name":"wp","href":"https:\/\/api.w.org\/{rel}","templated":true}]}}