{"id":1153,"date":"2025-04-18T09:43:43","date_gmt":"2025-04-18T07:43:43","guid":{"rendered":"https:\/\/www.regionalis.shop\/naturtraeume\/product\/personalisiertes-geschenkglas\/"},"modified":"2025-04-18T09:43:43","modified_gmt":"2025-04-18T07:43:43","slug":"personalisiertes-geschenkglas","status":"publish","type":"product","link":"https:\/\/www.regionalis.shop\/naturtraeume\/shop\/personalisiertes-geschenkglas\/","title":{"rendered":"Personalisiertes Geschenkglas"},"content":{"rendered":"<p>Dieses s\u00fc\u00dfe Glas ist doch ideal zum Verschenken! Such dir deinen Liebling aus den unterschiedlichen Motiven aus!<\/p>\n<p>In das Vorratsglas mit Holzdeckel und Silikondichtung kannst du allerlei einf\u00fcllen und es auf eine tolle Art und Weise verschenken.<\/p>\n<p>Die Schriftz\u00fcge bzw. Verzierungen auf dem Deckel sind mit dem Laser in das Holz gebrannt.<\/p>\n<p>Um das Glas ist ein wei\u00dfes Band gebunden, auf dem sich ein Holzpl\u00e4ttchen befindet. Auf diesem wird der Name es Beschenkten eingraviert.<\/p>\n<p>Es ist ein nettes Geschenk f\u00fcr Gro\u00df und Klein, das du nach Belieben f\u00fcllen kannst!<\/p>\n<p>H\u00f6he: 14cm<br \/>\nDurchmesser: 9,5cm<\/p>\n<p>Das Glas ist sp\u00fclmaschinenfest. Der Deckel muss per Hand gewaschen werden.<\/p>\n","protected":false},"excerpt":{"rendered":"<p>Dieses s\u00fc\u00dfe Glas ist doch ideal zum Verschenken! Such dir deinen Liebling aus den unterschiedlichen Motiven aus! In das Vorratsglas mit Holzdeckel und Silikondichtung kannst du allerlei einf\u00fcllen und es auf eine tolle Art und Weise verschenken. Die Schriftz\u00fcge bzw. Verzierungen auf dem Deckel sind mit dem Laser in das Holz gebrannt. Um das Glas &hellip; <a href=\"https:\/\/www.regionalis.shop\/naturtraeume\/shop\/personalisiertes-geschenkglas\/\">Continued<\/a><\/p>\n","protected":false},"featured_media":1154,"template":"","meta":{"_acf_changed":false},"product_brand":[],"product_cat":[172,103],"product_tag":[],"class_list":{"0":"post-1153","1":"product","2":"type-product","3":"status-publish","4":"has-post-thumbnail","6":"product_cat-verpacken-verstauen","7":"product_cat-wohnen-deko","9":"first","10":"instock","11":"purchasable","12":"product-type-simple"},"acf":[],"_links":{"self":[{"href":"https:\/\/www.regionalis.shop\/naturtraeume\/wp-json\/wp\/v2\/product\/1153","targetHints":{"allow":["GET"]}}],"collection":[{"href":"https:\/\/www.regionalis.shop\/naturtraeume\/wp-json\/wp\/v2\/product"}],"about":[{"href":"https:\/\/www.regionalis.shop\/naturtraeume\/wp-json\/wp\/v2\/types\/product"}],"wp:featuredmedia":[{"embeddable":true,"href":"https:\/\/www.regionalis.shop\/naturtraeume\/wp-json\/wp\/v2\/media\/1154"}],"wp:attachment":[{"href":"https:\/\/www.regionalis.shop\/naturtraeume\/wp-json\/wp\/v2\/media?parent=1153"}],"wp:term":[{"taxonomy":"product_brand","embeddable":true,"href":"https:\/\/www.regionalis.shop\/naturtraeume\/wp-json\/wp\/v2\/product_brand?post=1153"},{"taxonomy":"product_cat","embeddable":true,"href":"https:\/\/www.regionalis.shop\/naturtraeume\/wp-json\/wp\/v2\/product_cat?post=1153"},{"taxonomy":"product_tag","embeddable":true,"href":"https:\/\/www.regionalis.shop\/naturtraeume\/wp-json\/wp\/v2\/product_tag?post=1153"}],"curies":[{"name":"wp","href":"https:\/\/api.w.org\/{rel}","templated":true}]}}