{"id":1252,"date":"2025-04-18T08:28:23","date_gmt":"2025-04-18T06:28:23","guid":{"rendered":"https:\/\/www.regionalis.shop\/naturtraeume\/product\/holzhaeuschen-mit-beschriftung\/"},"modified":"2025-04-18T08:28:23","modified_gmt":"2025-04-18T06:28:23","slug":"holzhaeuschen-mit-beschriftung","status":"publish","type":"product","link":"https:\/\/www.regionalis.shop\/naturtraeume\/shop\/holzhaeuschen-mit-beschriftung\/","title":{"rendered":"Holzh\u00e4uschen mit Beschriftung"},"content":{"rendered":"<p>Das Holzh\u00e4uschen kann sowohl in der Dekoration, als auch sehr gut als Geschenk verwendet werden.<\/p>\n<p>Das H\u00e4uschen wurde h\u00e4ndisch zugeschnitten und mit nussfarbener Beize behandelt.<br \/>\nAnschlie\u00dfend wurde es mit dem Schriftzug &#8222;Home sweet Home&#8220; bzw. &#8222;Lieblingsplatz&#8220;, einer Jutekordel und Trockenblumen verziert.<\/p>\n<p>H\u00f6he: 12,5cm<br \/>\nBreite: 10cm<br \/>\nTiefe: 2cm<\/p>\n<p>1x Lieblingsplatz verf\u00fcgbar<br \/>\n2x Home sweet Home verf\u00fcgbar<\/p>\n<p>Nur f\u00fcr den Innenbereich geeignet.<br \/>\nBitte beachte, dass jedes Holzst\u00fcck ein wenig anders ist, da sie alle Naturmaterialien sind.<\/p>\n","protected":false},"excerpt":{"rendered":"<p>Das Holzh\u00e4uschen kann sowohl in der Dekoration, als auch sehr gut als Geschenk verwendet werden. Das H\u00e4uschen wurde h\u00e4ndisch zugeschnitten und mit nussfarbener Beize behandelt. Anschlie\u00dfend wurde es mit dem Schriftzug &#8222;Home sweet Home&#8220; bzw. &#8222;Lieblingsplatz&#8220;, einer Jutekordel und Trockenblumen verziert. H\u00f6he: 12,5cm Breite: 10cm Tiefe: 2cm 1x Lieblingsplatz verf\u00fcgbar 2x Home sweet Home verf\u00fcgbar &hellip; <a href=\"https:\/\/www.regionalis.shop\/naturtraeume\/shop\/holzhaeuschen-mit-beschriftung\/\">Continued<\/a><\/p>\n","protected":false},"featured_media":1253,"template":"","meta":{"_acf_changed":false},"product_brand":[],"product_cat":[174,103],"product_tag":[],"class_list":{"0":"post-1252","1":"product","2":"type-product","3":"status-publish","4":"has-post-thumbnail","6":"product_cat-wohndekoration","7":"product_cat-wohnen-deko","9":"first","10":"instock","11":"purchasable","12":"product-type-simple"},"acf":[],"_links":{"self":[{"href":"https:\/\/www.regionalis.shop\/naturtraeume\/wp-json\/wp\/v2\/product\/1252","targetHints":{"allow":["GET"]}}],"collection":[{"href":"https:\/\/www.regionalis.shop\/naturtraeume\/wp-json\/wp\/v2\/product"}],"about":[{"href":"https:\/\/www.regionalis.shop\/naturtraeume\/wp-json\/wp\/v2\/types\/product"}],"wp:featuredmedia":[{"embeddable":true,"href":"https:\/\/www.regionalis.shop\/naturtraeume\/wp-json\/wp\/v2\/media\/1253"}],"wp:attachment":[{"href":"https:\/\/www.regionalis.shop\/naturtraeume\/wp-json\/wp\/v2\/media?parent=1252"}],"wp:term":[{"taxonomy":"product_brand","embeddable":true,"href":"https:\/\/www.regionalis.shop\/naturtraeume\/wp-json\/wp\/v2\/product_brand?post=1252"},{"taxonomy":"product_cat","embeddable":true,"href":"https:\/\/www.regionalis.shop\/naturtraeume\/wp-json\/wp\/v2\/product_cat?post=1252"},{"taxonomy":"product_tag","embeddable":true,"href":"https:\/\/www.regionalis.shop\/naturtraeume\/wp-json\/wp\/v2\/product_tag?post=1252"}],"curies":[{"name":"wp","href":"https:\/\/api.w.org\/{rel}","templated":true}]}}