{"id":1600,"date":"2025-04-18T04:53:47","date_gmt":"2025-04-18T02:53:47","guid":{"rendered":"https:\/\/www.regionalis.shop\/naturtraeume\/product\/weihnachtlicher-rindenholz-kerzenhalter\/"},"modified":"2025-04-18T04:53:47","modified_gmt":"2025-04-18T02:53:47","slug":"weihnachtlicher-rindenholz-kerzenhalter","status":"publish","type":"product","link":"https:\/\/www.regionalis.shop\/naturtraeume\/shop\/weihnachtlicher-rindenholz-kerzenhalter\/","title":{"rendered":"Weihnachtlicher Rindenholz-Kerzenhalter"},"content":{"rendered":"<p>Der weihnachtliche Rindenholz-Kerzenhalter wurde mit viel Liebe aus Naturmaterialien hergestellt.<br \/>\nEr besteht aus einem St\u00fcck Rindenholz, das mit grauem und gr\u00fcnem Moos verziert wurde. Zwei silberne Kerzenteller vervollst\u00e4ndigen das Arrangement.<\/p>\n<p>Mit einer anderen Kerzenfarbe und weiteren Accessoires kann der Kerzenhalter auch das ganze Jahr \u00fcber verwendet werden.<\/p>\n<p>L\u00e4nge: 42,5cm<br \/>\nBreite: 12cm<\/p>\n<p>Die beiden Kerzen sind im Lieferumfang NICHT enthalten.<\/p>\n","protected":false},"excerpt":{"rendered":"<p>Der weihnachtliche Rindenholz-Kerzenhalter wurde mit viel Liebe aus Naturmaterialien hergestellt. Er besteht aus einem St\u00fcck Rindenholz, das mit grauem und gr\u00fcnem Moos verziert wurde. Zwei silberne Kerzenteller vervollst\u00e4ndigen das Arrangement. Mit einer anderen Kerzenfarbe und weiteren Accessoires kann der Kerzenhalter auch das ganze Jahr \u00fcber verwendet werden. L\u00e4nge: 42,5cm Breite: 12cm Die beiden Kerzen sind &hellip; <a href=\"https:\/\/www.regionalis.shop\/naturtraeume\/shop\/weihnachtlicher-rindenholz-kerzenhalter\/\">Continued<\/a><\/p>\n","protected":false},"featured_media":1601,"template":"","meta":{"_acf_changed":false},"product_brand":[],"product_cat":[173,103],"product_tag":[],"class_list":{"0":"post-1600","1":"product","2":"type-product","3":"status-publish","4":"has-post-thumbnail","6":"product_cat-weihnachten","7":"product_cat-wohnen-deko","9":"first","10":"instock","11":"purchasable","12":"product-type-simple"},"acf":[],"_links":{"self":[{"href":"https:\/\/www.regionalis.shop\/naturtraeume\/wp-json\/wp\/v2\/product\/1600","targetHints":{"allow":["GET"]}}],"collection":[{"href":"https:\/\/www.regionalis.shop\/naturtraeume\/wp-json\/wp\/v2\/product"}],"about":[{"href":"https:\/\/www.regionalis.shop\/naturtraeume\/wp-json\/wp\/v2\/types\/product"}],"wp:featuredmedia":[{"embeddable":true,"href":"https:\/\/www.regionalis.shop\/naturtraeume\/wp-json\/wp\/v2\/media\/1601"}],"wp:attachment":[{"href":"https:\/\/www.regionalis.shop\/naturtraeume\/wp-json\/wp\/v2\/media?parent=1600"}],"wp:term":[{"taxonomy":"product_brand","embeddable":true,"href":"https:\/\/www.regionalis.shop\/naturtraeume\/wp-json\/wp\/v2\/product_brand?post=1600"},{"taxonomy":"product_cat","embeddable":true,"href":"https:\/\/www.regionalis.shop\/naturtraeume\/wp-json\/wp\/v2\/product_cat?post=1600"},{"taxonomy":"product_tag","embeddable":true,"href":"https:\/\/www.regionalis.shop\/naturtraeume\/wp-json\/wp\/v2\/product_tag?post=1600"}],"curies":[{"name":"wp","href":"https:\/\/api.w.org\/{rel}","templated":true}]}}