{"id":1625,"date":"2025-04-18T04:53:09","date_gmt":"2025-04-18T02:53:09","guid":{"rendered":"https:\/\/www.regionalis.shop\/naturtraeume\/product\/weihnachtlich-gravierter-astscheiben-anhaenger\/"},"modified":"2025-04-18T04:53:09","modified_gmt":"2025-04-18T02:53:09","slug":"weihnachtlich-gravierter-astscheiben-anhaenger","status":"publish","type":"product","link":"https:\/\/www.regionalis.shop\/naturtraeume\/shop\/weihnachtlich-gravierter-astscheiben-anhaenger\/","title":{"rendered":"Weihnachtlich gravierter Astscheiben-Anh\u00e4nger"},"content":{"rendered":"<p>Die Astscheibe wurde durch einen eingebrannten Schriftzug und weihnachtliche Symbole verziert.<br \/>\nDie Scheibe kann als Geschenkanh\u00e4nger, Christbaumschmuck oder ohne Aufh\u00e4nger auch als Streudeko verwendet werden.<br \/>\nDie Astscheibe kann entweder mit &#8222;Frohe Weihnachten&#8220;, dem Namen oder beidem, auf Vorder- und R\u00fcckseite, verziert werden.<\/p>\n<p>Gr\u00f6\u00dfe: ca. 5x9m<\/p>\n<p>Bitte beachte, dass jede Holzscheibe ein wenig anders ist, da sie alle Naturmaterialien sind.<\/p>\n","protected":false},"excerpt":{"rendered":"<p>Die Astscheibe wurde durch einen eingebrannten Schriftzug und weihnachtliche Symbole verziert. Die Scheibe kann als Geschenkanh\u00e4nger, Christbaumschmuck oder ohne Aufh\u00e4nger auch als Streudeko verwendet werden. Die Astscheibe kann entweder mit &#8222;Frohe Weihnachten&#8220;, dem Namen oder beidem, auf Vorder- und R\u00fcckseite, verziert werden. Gr\u00f6\u00dfe: ca. 5x9m Bitte beachte, dass jede Holzscheibe ein wenig anders ist, da &hellip; <a href=\"https:\/\/www.regionalis.shop\/naturtraeume\/shop\/weihnachtlich-gravierter-astscheiben-anhaenger\/\">Continued<\/a><\/p>\n","protected":false},"featured_media":1626,"template":"","meta":{"_acf_changed":false},"product_brand":[],"product_cat":[174,103],"product_tag":[],"class_list":{"0":"post-1625","1":"product","2":"type-product","3":"status-publish","4":"has-post-thumbnail","6":"product_cat-wohndekoration","7":"product_cat-wohnen-deko","9":"first","10":"instock","11":"purchasable","12":"product-type-simple"},"acf":[],"_links":{"self":[{"href":"https:\/\/www.regionalis.shop\/naturtraeume\/wp-json\/wp\/v2\/product\/1625","targetHints":{"allow":["GET"]}}],"collection":[{"href":"https:\/\/www.regionalis.shop\/naturtraeume\/wp-json\/wp\/v2\/product"}],"about":[{"href":"https:\/\/www.regionalis.shop\/naturtraeume\/wp-json\/wp\/v2\/types\/product"}],"wp:featuredmedia":[{"embeddable":true,"href":"https:\/\/www.regionalis.shop\/naturtraeume\/wp-json\/wp\/v2\/media\/1626"}],"wp:attachment":[{"href":"https:\/\/www.regionalis.shop\/naturtraeume\/wp-json\/wp\/v2\/media?parent=1625"}],"wp:term":[{"taxonomy":"product_brand","embeddable":true,"href":"https:\/\/www.regionalis.shop\/naturtraeume\/wp-json\/wp\/v2\/product_brand?post=1625"},{"taxonomy":"product_cat","embeddable":true,"href":"https:\/\/www.regionalis.shop\/naturtraeume\/wp-json\/wp\/v2\/product_cat?post=1625"},{"taxonomy":"product_tag","embeddable":true,"href":"https:\/\/www.regionalis.shop\/naturtraeume\/wp-json\/wp\/v2\/product_tag?post=1625"}],"curies":[{"name":"wp","href":"https:\/\/api.w.org\/{rel}","templated":true}]}}