{"id":1646,"date":"2025-04-18T04:52:26","date_gmt":"2025-04-18T02:52:26","guid":{"rendered":"https:\/\/www.regionalis.shop\/naturtraeume\/product\/love-holzschild-aus-alt-und-treibholz\/"},"modified":"2025-04-18T04:52:26","modified_gmt":"2025-04-18T02:52:26","slug":"love-holzschild-aus-alt-und-treibholz","status":"publish","type":"product","link":"https:\/\/www.regionalis.shop\/naturtraeume\/shop\/love-holzschild-aus-alt-und-treibholz\/","title":{"rendered":"Love-Holzschild aus Alt- und Treibholz"},"content":{"rendered":"<p>Schild aus Altholz mit der Aufschrift &#8222;Love&#8220;. Die Buchstaben bestehen aus Treibholzst\u00fccken.<br \/>\nZum Aufh\u00e4ngen ist ein braunes Jutegarn am Schild befestigt.<\/p>\n<p>L\u00e4nge: ca. 40cm<br \/>\nH\u00f6he: ca. 10,5cm<\/p>\n","protected":false},"excerpt":{"rendered":"<p>Schild aus Altholz mit der Aufschrift &#8222;Love&#8220;. Die Buchstaben bestehen aus Treibholzst\u00fccken. Zum Aufh\u00e4ngen ist ein braunes Jutegarn am Schild befestigt. L\u00e4nge: ca. 40cm H\u00f6he: ca. 10,5cm<\/p>\n","protected":false},"featured_media":1647,"template":"","meta":{"_acf_changed":false},"product_brand":[],"product_cat":[174,103],"product_tag":[],"class_list":{"0":"post-1646","1":"product","2":"type-product","3":"status-publish","4":"has-post-thumbnail","6":"product_cat-wohndekoration","7":"product_cat-wohnen-deko","9":"first","10":"instock","11":"purchasable","12":"product-type-simple"},"acf":[],"_links":{"self":[{"href":"https:\/\/www.regionalis.shop\/naturtraeume\/wp-json\/wp\/v2\/product\/1646","targetHints":{"allow":["GET"]}}],"collection":[{"href":"https:\/\/www.regionalis.shop\/naturtraeume\/wp-json\/wp\/v2\/product"}],"about":[{"href":"https:\/\/www.regionalis.shop\/naturtraeume\/wp-json\/wp\/v2\/types\/product"}],"wp:featuredmedia":[{"embeddable":true,"href":"https:\/\/www.regionalis.shop\/naturtraeume\/wp-json\/wp\/v2\/media\/1647"}],"wp:attachment":[{"href":"https:\/\/www.regionalis.shop\/naturtraeume\/wp-json\/wp\/v2\/media?parent=1646"}],"wp:term":[{"taxonomy":"product_brand","embeddable":true,"href":"https:\/\/www.regionalis.shop\/naturtraeume\/wp-json\/wp\/v2\/product_brand?post=1646"},{"taxonomy":"product_cat","embeddable":true,"href":"https:\/\/www.regionalis.shop\/naturtraeume\/wp-json\/wp\/v2\/product_cat?post=1646"},{"taxonomy":"product_tag","embeddable":true,"href":"https:\/\/www.regionalis.shop\/naturtraeume\/wp-json\/wp\/v2\/product_tag?post=1646"}],"curies":[{"name":"wp","href":"https:\/\/api.w.org\/{rel}","templated":true}]}}