{"id":1655,"date":"2025-04-18T04:52:26","date_gmt":"2025-04-18T02:52:26","guid":{"rendered":"https:\/\/www.regionalis.shop\/naturtraeume\/product\/stern-aus-rindenstuecken\/"},"modified":"2025-04-18T04:52:26","modified_gmt":"2025-04-18T02:52:26","slug":"stern-aus-rindenstuecken","status":"publish","type":"product","link":"https:\/\/www.regionalis.shop\/naturtraeume\/shop\/stern-aus-rindenstuecken\/","title":{"rendered":"Stern aus Rindenst\u00fccken"},"content":{"rendered":"<p>Der Stern ist auf beiden Seiten mit Rinden-St\u00fccken beklebt und ideal f\u00fcr die Weihnachts- oder Adventdekoration.<\/p>\n<p>An den Seiten ist der Stern mit einer beigen Kordel verziert, die auch als Aufh\u00e4nger dient.<\/p>\n<p>H\u00f6he\/Breite: 23cm<\/p>\n","protected":false},"excerpt":{"rendered":"<p>Der Stern ist auf beiden Seiten mit Rinden-St\u00fccken beklebt und ideal f\u00fcr die Weihnachts- oder Adventdekoration. An den Seiten ist der Stern mit einer beigen Kordel verziert, die auch als Aufh\u00e4nger dient. H\u00f6he\/Breite: 23cm<\/p>\n","protected":false},"featured_media":1656,"template":"","meta":{"_acf_changed":false},"product_brand":[],"product_cat":[173,103],"product_tag":[],"class_list":{"0":"post-1655","1":"product","2":"type-product","3":"status-publish","4":"has-post-thumbnail","6":"product_cat-weihnachten","7":"product_cat-wohnen-deko","9":"first","10":"instock","11":"purchasable","12":"product-type-simple"},"acf":[],"_links":{"self":[{"href":"https:\/\/www.regionalis.shop\/naturtraeume\/wp-json\/wp\/v2\/product\/1655","targetHints":{"allow":["GET"]}}],"collection":[{"href":"https:\/\/www.regionalis.shop\/naturtraeume\/wp-json\/wp\/v2\/product"}],"about":[{"href":"https:\/\/www.regionalis.shop\/naturtraeume\/wp-json\/wp\/v2\/types\/product"}],"wp:featuredmedia":[{"embeddable":true,"href":"https:\/\/www.regionalis.shop\/naturtraeume\/wp-json\/wp\/v2\/media\/1656"}],"wp:attachment":[{"href":"https:\/\/www.regionalis.shop\/naturtraeume\/wp-json\/wp\/v2\/media?parent=1655"}],"wp:term":[{"taxonomy":"product_brand","embeddable":true,"href":"https:\/\/www.regionalis.shop\/naturtraeume\/wp-json\/wp\/v2\/product_brand?post=1655"},{"taxonomy":"product_cat","embeddable":true,"href":"https:\/\/www.regionalis.shop\/naturtraeume\/wp-json\/wp\/v2\/product_cat?post=1655"},{"taxonomy":"product_tag","embeddable":true,"href":"https:\/\/www.regionalis.shop\/naturtraeume\/wp-json\/wp\/v2\/product_tag?post=1655"}],"curies":[{"name":"wp","href":"https:\/\/api.w.org\/{rel}","templated":true}]}}