{"id":1773,"date":"2025-04-18T04:50:13","date_gmt":"2025-04-18T02:50:13","guid":{"rendered":"https:\/\/www.regionalis.shop\/naturtraeume\/product\/altholz-keramik-bild-mit-weissem-band\/"},"modified":"2025-04-18T04:50:13","modified_gmt":"2025-04-18T02:50:13","slug":"altholz-keramik-bild-mit-weissem-band","status":"publish","type":"product","link":"https:\/\/www.regionalis.shop\/naturtraeume\/shop\/altholz-keramik-bild-mit-weissem-band\/","title":{"rendered":"Altholz-Keramik-Bild mit wei\u00dfem Band"},"content":{"rendered":"<p>Das Altholzbrett wurde mit vier handgemachten Keramik-Herzen und einem beigen Band verziert.<\/p>\n<p>Die Keramik-Herzen wurden mit Pflanzen-Druck verziert.<br \/>\nAuf der R\u00fcckseite befindet sich ein kleiner Haken zum Aufh\u00e4ngen.<\/p>\n<p>Holz: L\u00e4rche<\/p>\n<p>L\u00e4nge: 28cm<br \/>\nBreite: 11,5cm<\/p>\n","protected":false},"excerpt":{"rendered":"<p>Das Altholzbrett wurde mit vier handgemachten Keramik-Herzen und einem beigen Band verziert. Die Keramik-Herzen wurden mit Pflanzen-Druck verziert. Auf der R\u00fcckseite befindet sich ein kleiner Haken zum Aufh\u00e4ngen. Holz: L\u00e4rche L\u00e4nge: 28cm Breite: 11,5cm<\/p>\n","protected":false},"featured_media":1774,"template":"","meta":{"_acf_changed":false},"product_brand":[],"product_cat":[174,103],"product_tag":[],"class_list":{"0":"post-1773","1":"product","2":"type-product","3":"status-publish","4":"has-post-thumbnail","6":"product_cat-wohndekoration","7":"product_cat-wohnen-deko","9":"first","10":"instock","11":"purchasable","12":"product-type-simple"},"acf":[],"_links":{"self":[{"href":"https:\/\/www.regionalis.shop\/naturtraeume\/wp-json\/wp\/v2\/product\/1773","targetHints":{"allow":["GET"]}}],"collection":[{"href":"https:\/\/www.regionalis.shop\/naturtraeume\/wp-json\/wp\/v2\/product"}],"about":[{"href":"https:\/\/www.regionalis.shop\/naturtraeume\/wp-json\/wp\/v2\/types\/product"}],"wp:featuredmedia":[{"embeddable":true,"href":"https:\/\/www.regionalis.shop\/naturtraeume\/wp-json\/wp\/v2\/media\/1774"}],"wp:attachment":[{"href":"https:\/\/www.regionalis.shop\/naturtraeume\/wp-json\/wp\/v2\/media?parent=1773"}],"wp:term":[{"taxonomy":"product_brand","embeddable":true,"href":"https:\/\/www.regionalis.shop\/naturtraeume\/wp-json\/wp\/v2\/product_brand?post=1773"},{"taxonomy":"product_cat","embeddable":true,"href":"https:\/\/www.regionalis.shop\/naturtraeume\/wp-json\/wp\/v2\/product_cat?post=1773"},{"taxonomy":"product_tag","embeddable":true,"href":"https:\/\/www.regionalis.shop\/naturtraeume\/wp-json\/wp\/v2\/product_tag?post=1773"}],"curies":[{"name":"wp","href":"https:\/\/api.w.org\/{rel}","templated":true}]}}