{"id":1867,"date":"2025-04-18T03:49:13","date_gmt":"2025-04-18T01:49:13","guid":{"rendered":"https:\/\/www.regionalis.shop\/naturtraeume\/product\/herbstliches-leinenherz\/"},"modified":"2025-04-18T03:49:13","modified_gmt":"2025-04-18T01:49:13","slug":"herbstliches-leinenherz","status":"publish","type":"product","link":"https:\/\/www.regionalis.shop\/naturtraeume\/shop\/herbstliches-leinenherz\/","title":{"rendered":"Herbstliches Leinenherz"},"content":{"rendered":"<p>Dieses herbstliche Leinenherz l\u00e4sst sich vielseitig in der Deko einsetzen.<\/p>\n<p>Es besteht aus einem beigen Leinenstoff, der mit Watte gef\u00fcllt ist.<br \/>\nAls zus\u00e4tzlicher Hingucker dient ein Holzblatt, welches mit einer Kordel befestigt ist.<br \/>\nDurch den Aufh\u00e4nger kann das Herz nicht nur als Streudeko verwendet, sondern auch aufgeh\u00e4ngt werden.<\/p>\n<p>L\u00e4nge: 15cm<br \/>\nBreite: 11cm<\/p>\n","protected":false},"excerpt":{"rendered":"<p>Dieses herbstliche Leinenherz l\u00e4sst sich vielseitig in der Deko einsetzen. Es besteht aus einem beigen Leinenstoff, der mit Watte gef\u00fcllt ist. Als zus\u00e4tzlicher Hingucker dient ein Holzblatt, welches mit einer Kordel befestigt ist. Durch den Aufh\u00e4nger kann das Herz nicht nur als Streudeko verwendet, sondern auch aufgeh\u00e4ngt werden. L\u00e4nge: 15cm Breite: 11cm<\/p>\n","protected":false},"featured_media":1868,"template":"","meta":{"_acf_changed":false},"product_brand":[],"product_cat":[174,103],"product_tag":[],"class_list":{"0":"post-1867","1":"product","2":"type-product","3":"status-publish","4":"has-post-thumbnail","6":"product_cat-wohndekoration","7":"product_cat-wohnen-deko","9":"first","10":"instock","11":"purchasable","12":"product-type-simple"},"acf":[],"_links":{"self":[{"href":"https:\/\/www.regionalis.shop\/naturtraeume\/wp-json\/wp\/v2\/product\/1867","targetHints":{"allow":["GET"]}}],"collection":[{"href":"https:\/\/www.regionalis.shop\/naturtraeume\/wp-json\/wp\/v2\/product"}],"about":[{"href":"https:\/\/www.regionalis.shop\/naturtraeume\/wp-json\/wp\/v2\/types\/product"}],"wp:featuredmedia":[{"embeddable":true,"href":"https:\/\/www.regionalis.shop\/naturtraeume\/wp-json\/wp\/v2\/media\/1868"}],"wp:attachment":[{"href":"https:\/\/www.regionalis.shop\/naturtraeume\/wp-json\/wp\/v2\/media?parent=1867"}],"wp:term":[{"taxonomy":"product_brand","embeddable":true,"href":"https:\/\/www.regionalis.shop\/naturtraeume\/wp-json\/wp\/v2\/product_brand?post=1867"},{"taxonomy":"product_cat","embeddable":true,"href":"https:\/\/www.regionalis.shop\/naturtraeume\/wp-json\/wp\/v2\/product_cat?post=1867"},{"taxonomy":"product_tag","embeddable":true,"href":"https:\/\/www.regionalis.shop\/naturtraeume\/wp-json\/wp\/v2\/product_tag?post=1867"}],"curies":[{"name":"wp","href":"https:\/\/api.w.org\/{rel}","templated":true}]}}