{"id":1886,"date":"2025-04-18T03:46:13","date_gmt":"2025-04-18T01:46:13","guid":{"rendered":"https:\/\/www.regionalis.shop\/naturtraeume\/product\/weihnachtlicher-aufsteller-stern-weiss-hellrosa\/"},"modified":"2025-04-18T03:46:13","modified_gmt":"2025-04-18T01:46:13","slug":"weihnachtlicher-aufsteller-stern-weiss-hellrosa","status":"publish","type":"product","link":"https:\/\/www.regionalis.shop\/naturtraeume\/shop\/weihnachtlicher-aufsteller-stern-weiss-hellrosa\/","title":{"rendered":"Weihnachtlicher Aufsteller &#8222;Stern&#8220; wei\u00df-hellrosa"},"content":{"rendered":"<p>Dieser weihnachliche Aufsteller versch\u00f6nert jede Wohnung.<\/p>\n<p>Er besteht aus einem hellrosa Stoffstern mit kleinen aufgedruckten Sternen, der mit Watte gef\u00fcllt ist.<\/p>\n<p>Als Steher dient eine d\u00fcnne Metallstange und als Sockel ein mit wei\u00dfer Kreidefarbe bemalter Holzblock.<\/p>\n<p>Als zus\u00e4tzliche Verzierung sind zwei Maschen knapp unter dem Stern angebracht.<\/p>\n<p>H\u00f6he: 36cm<br \/>\nBreite: 12cm<\/p>\n","protected":false},"excerpt":{"rendered":"<p>Dieser weihnachliche Aufsteller versch\u00f6nert jede Wohnung. Er besteht aus einem hellrosa Stoffstern mit kleinen aufgedruckten Sternen, der mit Watte gef\u00fcllt ist. Als Steher dient eine d\u00fcnne Metallstange und als Sockel ein mit wei\u00dfer Kreidefarbe bemalter Holzblock. Als zus\u00e4tzliche Verzierung sind zwei Maschen knapp unter dem Stern angebracht. H\u00f6he: 36cm Breite: 12cm<\/p>\n","protected":false},"featured_media":1887,"template":"","meta":{"_acf_changed":false},"product_brand":[],"product_cat":[173,103],"product_tag":[],"class_list":{"0":"post-1886","1":"product","2":"type-product","3":"status-publish","4":"has-post-thumbnail","6":"product_cat-weihnachten","7":"product_cat-wohnen-deko","9":"first","10":"instock","11":"purchasable","12":"product-type-simple"},"acf":[],"_links":{"self":[{"href":"https:\/\/www.regionalis.shop\/naturtraeume\/wp-json\/wp\/v2\/product\/1886","targetHints":{"allow":["GET"]}}],"collection":[{"href":"https:\/\/www.regionalis.shop\/naturtraeume\/wp-json\/wp\/v2\/product"}],"about":[{"href":"https:\/\/www.regionalis.shop\/naturtraeume\/wp-json\/wp\/v2\/types\/product"}],"wp:featuredmedia":[{"embeddable":true,"href":"https:\/\/www.regionalis.shop\/naturtraeume\/wp-json\/wp\/v2\/media\/1887"}],"wp:attachment":[{"href":"https:\/\/www.regionalis.shop\/naturtraeume\/wp-json\/wp\/v2\/media?parent=1886"}],"wp:term":[{"taxonomy":"product_brand","embeddable":true,"href":"https:\/\/www.regionalis.shop\/naturtraeume\/wp-json\/wp\/v2\/product_brand?post=1886"},{"taxonomy":"product_cat","embeddable":true,"href":"https:\/\/www.regionalis.shop\/naturtraeume\/wp-json\/wp\/v2\/product_cat?post=1886"},{"taxonomy":"product_tag","embeddable":true,"href":"https:\/\/www.regionalis.shop\/naturtraeume\/wp-json\/wp\/v2\/product_tag?post=1886"}],"curies":[{"name":"wp","href":"https:\/\/api.w.org\/{rel}","templated":true}]}}