{"id":1924,"date":"2025-04-18T03:37:57","date_gmt":"2025-04-18T01:37:57","guid":{"rendered":"https:\/\/www.regionalis.shop\/naturtraeume\/product\/dekorative-herbstsaeule-igel\/"},"modified":"2025-04-18T03:37:57","modified_gmt":"2025-04-18T01:37:57","slug":"dekorative-herbstsaeule-igel","status":"publish","type":"product","link":"https:\/\/www.regionalis.shop\/naturtraeume\/shop\/dekorative-herbstsaeule-igel\/","title":{"rendered":"Dekorative Herbsts\u00e4ule &#8222;Igel&#8220;"},"content":{"rendered":"<p>Dekorative Holzs\u00e4ule aus gefl\u00e4mmtem Holz.<\/p>\n<p>Die S\u00e4ule ist am oberen Ende durch einen handgemachten und selbst bemalten Holzigel verziert.<br \/>\nDer Rest der S\u00e4ule ist durch herbstliche Accessoires, wie ein beiges Spitzenband, ein wei\u00dfes Blatt aus Rinde und Bl\u00e4tter aus Holz verziert.<\/p>\n<p>H\u00f6he 45cm<br \/>\nBreite: 9cm<br \/>\nSockel: 15x9cm<\/p>\n","protected":false},"excerpt":{"rendered":"<p>Dekorative Holzs\u00e4ule aus gefl\u00e4mmtem Holz. Die S\u00e4ule ist am oberen Ende durch einen handgemachten und selbst bemalten Holzigel verziert. Der Rest der S\u00e4ule ist durch herbstliche Accessoires, wie ein beiges Spitzenband, ein wei\u00dfes Blatt aus Rinde und Bl\u00e4tter aus Holz verziert. H\u00f6he 45cm Breite: 9cm Sockel: 15x9cm<\/p>\n","protected":false},"featured_media":1925,"template":"","meta":{"_acf_changed":false},"product_brand":[],"product_cat":[174,103],"product_tag":[],"class_list":{"0":"post-1924","1":"product","2":"type-product","3":"status-publish","4":"has-post-thumbnail","6":"product_cat-wohndekoration","7":"product_cat-wohnen-deko","9":"first","10":"instock","11":"purchasable","12":"product-type-simple"},"acf":[],"_links":{"self":[{"href":"https:\/\/www.regionalis.shop\/naturtraeume\/wp-json\/wp\/v2\/product\/1924","targetHints":{"allow":["GET"]}}],"collection":[{"href":"https:\/\/www.regionalis.shop\/naturtraeume\/wp-json\/wp\/v2\/product"}],"about":[{"href":"https:\/\/www.regionalis.shop\/naturtraeume\/wp-json\/wp\/v2\/types\/product"}],"wp:featuredmedia":[{"embeddable":true,"href":"https:\/\/www.regionalis.shop\/naturtraeume\/wp-json\/wp\/v2\/media\/1925"}],"wp:attachment":[{"href":"https:\/\/www.regionalis.shop\/naturtraeume\/wp-json\/wp\/v2\/media?parent=1924"}],"wp:term":[{"taxonomy":"product_brand","embeddable":true,"href":"https:\/\/www.regionalis.shop\/naturtraeume\/wp-json\/wp\/v2\/product_brand?post=1924"},{"taxonomy":"product_cat","embeddable":true,"href":"https:\/\/www.regionalis.shop\/naturtraeume\/wp-json\/wp\/v2\/product_cat?post=1924"},{"taxonomy":"product_tag","embeddable":true,"href":"https:\/\/www.regionalis.shop\/naturtraeume\/wp-json\/wp\/v2\/product_tag?post=1924"}],"curies":[{"name":"wp","href":"https:\/\/api.w.org\/{rel}","templated":true}]}}