{"id":1975,"date":"2025-04-18T03:16:14","date_gmt":"2025-04-18T01:16:14","guid":{"rendered":"https:\/\/www.regionalis.shop\/naturtraeume\/product\/holzbild-leuchtturm\/"},"modified":"2025-04-18T03:16:14","modified_gmt":"2025-04-18T01:16:14","slug":"holzbild-leuchtturm","status":"publish","type":"product","link":"https:\/\/www.regionalis.shop\/naturtraeume\/shop\/holzbild-leuchtturm\/","title":{"rendered":"Holzbild &#8222;Leuchtturm&#8220;"},"content":{"rendered":"<p>Dieses sommerliche Holzbild bringt ganz bestimmt Sommerfeeling in euer Zuhause!<\/p>\n<p>Der Leuchtturm wurde mit Acrylfarben h\u00e4ndisch auf ein gefl\u00e4mmtes Holzbrett gemalt.<\/p>\n<p>H\u00f6he: 39cm<br \/>\nBreite: 9,5cm<\/p>\n","protected":false},"excerpt":{"rendered":"<p>Dieses sommerliche Holzbild bringt ganz bestimmt Sommerfeeling in euer Zuhause! Der Leuchtturm wurde mit Acrylfarben h\u00e4ndisch auf ein gefl\u00e4mmtes Holzbrett gemalt. H\u00f6he: 39cm Breite: 9,5cm<\/p>\n","protected":false},"featured_media":1976,"template":"","meta":{"_acf_changed":false},"product_brand":[],"product_cat":[174,103],"product_tag":[],"class_list":{"0":"post-1975","1":"product","2":"type-product","3":"status-publish","4":"has-post-thumbnail","6":"product_cat-wohndekoration","7":"product_cat-wohnen-deko","9":"first","10":"instock","11":"purchasable","12":"product-type-simple"},"acf":[],"_links":{"self":[{"href":"https:\/\/www.regionalis.shop\/naturtraeume\/wp-json\/wp\/v2\/product\/1975","targetHints":{"allow":["GET"]}}],"collection":[{"href":"https:\/\/www.regionalis.shop\/naturtraeume\/wp-json\/wp\/v2\/product"}],"about":[{"href":"https:\/\/www.regionalis.shop\/naturtraeume\/wp-json\/wp\/v2\/types\/product"}],"wp:featuredmedia":[{"embeddable":true,"href":"https:\/\/www.regionalis.shop\/naturtraeume\/wp-json\/wp\/v2\/media\/1976"}],"wp:attachment":[{"href":"https:\/\/www.regionalis.shop\/naturtraeume\/wp-json\/wp\/v2\/media?parent=1975"}],"wp:term":[{"taxonomy":"product_brand","embeddable":true,"href":"https:\/\/www.regionalis.shop\/naturtraeume\/wp-json\/wp\/v2\/product_brand?post=1975"},{"taxonomy":"product_cat","embeddable":true,"href":"https:\/\/www.regionalis.shop\/naturtraeume\/wp-json\/wp\/v2\/product_cat?post=1975"},{"taxonomy":"product_tag","embeddable":true,"href":"https:\/\/www.regionalis.shop\/naturtraeume\/wp-json\/wp\/v2\/product_tag?post=1975"}],"curies":[{"name":"wp","href":"https:\/\/api.w.org\/{rel}","templated":true}]}}