{"id":2064,"date":"2025-04-18T02:03:43","date_gmt":"2025-04-18T00:03:43","guid":{"rendered":"https:\/\/www.regionalis.shop\/naturtraeume\/product\/maritime-treibholzsaeule-mit-teelichthalter\/"},"modified":"2025-04-18T02:03:43","modified_gmt":"2025-04-18T00:03:43","slug":"maritime-treibholzsaeule-mit-teelichthalter","status":"publish","type":"product","link":"https:\/\/www.regionalis.shop\/naturtraeume\/shop\/maritime-treibholzsaeule-mit-teelichthalter\/","title":{"rendered":"Maritime Treibholzs\u00e4ule mit Teelichthalter"},"content":{"rendered":"<p>Diese handgemachte maritime S\u00e4ule wurde aus einem St\u00fcck Treibholz aus der Drau und einem Altholzbrett als Fu\u00df gefertigt.<\/p>\n<p>Die S\u00e4ule wurde durch ein graues Juteband, eine wei\u00dfe Kordel sowie mit dunkelblauen und wei\u00dfen Schiffen und Muscheln aus Holz verziert.<\/p>\n<p>Am oberen Ende der Treibholzs\u00e4ule ist ein abgeschnittenes Weinglas als Teelichthalter eingelassen. In diesem befinden sich Muschelsplitter als Unterlage f\u00fcr das Teelicht.<\/p>\n<p>H\u00f6he: 37,5cm<br \/>\nBreite: 23cm<br \/>\nTiefe: 12cm<\/p>\n","protected":false},"excerpt":{"rendered":"<p>Diese handgemachte maritime S\u00e4ule wurde aus einem St\u00fcck Treibholz aus der Drau und einem Altholzbrett als Fu\u00df gefertigt. Die S\u00e4ule wurde durch ein graues Juteband, eine wei\u00dfe Kordel sowie mit dunkelblauen und wei\u00dfen Schiffen und Muscheln aus Holz verziert. Am oberen Ende der Treibholzs\u00e4ule ist ein abgeschnittenes Weinglas als Teelichthalter eingelassen. In diesem befinden sich &hellip; <a href=\"https:\/\/www.regionalis.shop\/naturtraeume\/shop\/maritime-treibholzsaeule-mit-teelichthalter\/\">Continued<\/a><\/p>\n","protected":false},"featured_media":2065,"template":"","meta":{"_acf_changed":false},"product_brand":[],"product_cat":[174,103],"product_tag":[],"class_list":{"0":"post-2064","1":"product","2":"type-product","3":"status-publish","4":"has-post-thumbnail","6":"product_cat-wohndekoration","7":"product_cat-wohnen-deko","9":"first","10":"instock","11":"purchasable","12":"product-type-simple"},"acf":[],"_links":{"self":[{"href":"https:\/\/www.regionalis.shop\/naturtraeume\/wp-json\/wp\/v2\/product\/2064","targetHints":{"allow":["GET"]}}],"collection":[{"href":"https:\/\/www.regionalis.shop\/naturtraeume\/wp-json\/wp\/v2\/product"}],"about":[{"href":"https:\/\/www.regionalis.shop\/naturtraeume\/wp-json\/wp\/v2\/types\/product"}],"wp:featuredmedia":[{"embeddable":true,"href":"https:\/\/www.regionalis.shop\/naturtraeume\/wp-json\/wp\/v2\/media\/2065"}],"wp:attachment":[{"href":"https:\/\/www.regionalis.shop\/naturtraeume\/wp-json\/wp\/v2\/media?parent=2064"}],"wp:term":[{"taxonomy":"product_brand","embeddable":true,"href":"https:\/\/www.regionalis.shop\/naturtraeume\/wp-json\/wp\/v2\/product_brand?post=2064"},{"taxonomy":"product_cat","embeddable":true,"href":"https:\/\/www.regionalis.shop\/naturtraeume\/wp-json\/wp\/v2\/product_cat?post=2064"},{"taxonomy":"product_tag","embeddable":true,"href":"https:\/\/www.regionalis.shop\/naturtraeume\/wp-json\/wp\/v2\/product_tag?post=2064"}],"curies":[{"name":"wp","href":"https:\/\/api.w.org\/{rel}","templated":true}]}}