{"id":2188,"date":"2025-04-18T01:30:10","date_gmt":"2025-04-17T23:30:10","guid":{"rendered":"https:\/\/www.regionalis.shop\/naturtraeume\/product\/holz-osterhase\/"},"modified":"2025-04-18T01:30:10","modified_gmt":"2025-04-17T23:30:10","slug":"holz-osterhase","status":"publish","type":"product","link":"https:\/\/www.regionalis.shop\/naturtraeume\/shop\/holz-osterhase\/","title":{"rendered":"Holz-Osterhase"},"content":{"rendered":"<p>Dekorativer Osterhase aus gefl\u00e4mmtem Holz.<\/p>\n<p>Der kleine Osterhase ist unten durch drei wei\u00dfe, aufgemalte Streifen akzentuiert. <\/p>\n<p>H\u00f6he: 22cm<br \/>\nBreite: 13cm<\/p>\n","protected":false},"excerpt":{"rendered":"<p>Dekorativer Osterhase aus gefl\u00e4mmtem Holz. Der kleine Osterhase ist unten durch drei wei\u00dfe, aufgemalte Streifen akzentuiert. H\u00f6he: 22cm Breite: 13cm<\/p>\n","protected":false},"featured_media":2189,"template":"","meta":{"_acf_changed":false},"product_brand":[],"product_cat":[174,103],"product_tag":[],"class_list":{"0":"post-2188","1":"product","2":"type-product","3":"status-publish","4":"has-post-thumbnail","6":"product_cat-wohndekoration","7":"product_cat-wohnen-deko","9":"first","10":"instock","11":"purchasable","12":"product-type-simple"},"acf":[],"_links":{"self":[{"href":"https:\/\/www.regionalis.shop\/naturtraeume\/wp-json\/wp\/v2\/product\/2188","targetHints":{"allow":["GET"]}}],"collection":[{"href":"https:\/\/www.regionalis.shop\/naturtraeume\/wp-json\/wp\/v2\/product"}],"about":[{"href":"https:\/\/www.regionalis.shop\/naturtraeume\/wp-json\/wp\/v2\/types\/product"}],"wp:featuredmedia":[{"embeddable":true,"href":"https:\/\/www.regionalis.shop\/naturtraeume\/wp-json\/wp\/v2\/media\/2189"}],"wp:attachment":[{"href":"https:\/\/www.regionalis.shop\/naturtraeume\/wp-json\/wp\/v2\/media?parent=2188"}],"wp:term":[{"taxonomy":"product_brand","embeddable":true,"href":"https:\/\/www.regionalis.shop\/naturtraeume\/wp-json\/wp\/v2\/product_brand?post=2188"},{"taxonomy":"product_cat","embeddable":true,"href":"https:\/\/www.regionalis.shop\/naturtraeume\/wp-json\/wp\/v2\/product_cat?post=2188"},{"taxonomy":"product_tag","embeddable":true,"href":"https:\/\/www.regionalis.shop\/naturtraeume\/wp-json\/wp\/v2\/product_tag?post=2188"}],"curies":[{"name":"wp","href":"https:\/\/api.w.org\/{rel}","templated":true}]}}