{"id":2215,"date":"2025-04-18T00:57:45","date_gmt":"2025-04-17T22:57:45","guid":{"rendered":"https:\/\/www.regionalis.shop\/naturtraeume\/product\/teelichthalter-aus-altholz-mit-holzsternen\/"},"modified":"2025-04-18T00:57:45","modified_gmt":"2025-04-17T22:57:45","slug":"teelichthalter-aus-altholz-mit-holzsternen","status":"publish","type":"product","link":"https:\/\/www.regionalis.shop\/naturtraeume\/shop\/teelichthalter-aus-altholz-mit-holzsternen\/","title":{"rendered":"Teelichthalter aus Altholz mit Holzsternen"},"content":{"rendered":"<p>Altholzbretter eignen sich sehr gut als Teelichthalter.<br \/>\nDieses bietet Platz f\u00fcr 3 Teelichter und wurde zus\u00e4tzlich noch mit 4 Sternen aus Rinden-Holz verziert. <\/p>\n<p>L\u00e4nge: 36cm<br \/>\nBreite: 13cm<br \/>\nHolz: L\u00e4rche<\/p>\n","protected":false},"excerpt":{"rendered":"<p>Altholzbretter eignen sich sehr gut als Teelichthalter. Dieses bietet Platz f\u00fcr 3 Teelichter und wurde zus\u00e4tzlich noch mit 4 Sternen aus Rinden-Holz verziert. L\u00e4nge: 36cm Breite: 13cm Holz: L\u00e4rche<\/p>\n","protected":false},"featured_media":2216,"template":"","meta":{"_acf_changed":false},"product_brand":[],"product_cat":[151,103],"product_tag":[],"class_list":{"0":"post-2215","1":"product","2":"type-product","3":"status-publish","4":"has-post-thumbnail","6":"product_cat-kerzen-kerzenstaender","7":"product_cat-wohnen-deko","9":"first","10":"instock","11":"purchasable","12":"product-type-simple"},"acf":[],"_links":{"self":[{"href":"https:\/\/www.regionalis.shop\/naturtraeume\/wp-json\/wp\/v2\/product\/2215","targetHints":{"allow":["GET"]}}],"collection":[{"href":"https:\/\/www.regionalis.shop\/naturtraeume\/wp-json\/wp\/v2\/product"}],"about":[{"href":"https:\/\/www.regionalis.shop\/naturtraeume\/wp-json\/wp\/v2\/types\/product"}],"wp:featuredmedia":[{"embeddable":true,"href":"https:\/\/www.regionalis.shop\/naturtraeume\/wp-json\/wp\/v2\/media\/2216"}],"wp:attachment":[{"href":"https:\/\/www.regionalis.shop\/naturtraeume\/wp-json\/wp\/v2\/media?parent=2215"}],"wp:term":[{"taxonomy":"product_brand","embeddable":true,"href":"https:\/\/www.regionalis.shop\/naturtraeume\/wp-json\/wp\/v2\/product_brand?post=2215"},{"taxonomy":"product_cat","embeddable":true,"href":"https:\/\/www.regionalis.shop\/naturtraeume\/wp-json\/wp\/v2\/product_cat?post=2215"},{"taxonomy":"product_tag","embeddable":true,"href":"https:\/\/www.regionalis.shop\/naturtraeume\/wp-json\/wp\/v2\/product_tag?post=2215"}],"curies":[{"name":"wp","href":"https:\/\/api.w.org\/{rel}","templated":true}]}}