{"id":2223,"date":"2025-04-17T23:57:43","date_gmt":"2025-04-17T21:57:43","guid":{"rendered":"https:\/\/www.regionalis.shop\/naturtraeume\/product\/fruehlingshafte-verzierte-astscheibe-mit-voegeln\/"},"modified":"2025-04-17T23:57:43","modified_gmt":"2025-04-17T21:57:43","slug":"fruehlingshafte-verzierte-astscheibe-mit-voegeln","status":"publish","type":"product","link":"https:\/\/www.regionalis.shop\/naturtraeume\/shop\/fruehlingshafte-verzierte-astscheibe-mit-voegeln\/","title":{"rendered":"Fr\u00fchlingshafte verzierte Astscheibe mit V\u00f6geln"},"content":{"rendered":"<p>Holzscheibe mit eingebrannter Birke mit Herz im Stamm und zwei V\u00f6geln am Ast.<\/p>\n<p>Kann als Geschenkanh\u00e4nger, Christbaumschmuck oder einfach zum Hinlegen verwendet werden.<\/p>\n<p>Durchmesser: ca. 8cm<\/p>\n<p>Bitte beachte, dass jede Holzscheibe ein wenig anders ist, da sie alle Naturmaterialien sind.<\/p>\n","protected":false},"excerpt":{"rendered":"<p>Holzscheibe mit eingebrannter Birke mit Herz im Stamm und zwei V\u00f6geln am Ast. Kann als Geschenkanh\u00e4nger, Christbaumschmuck oder einfach zum Hinlegen verwendet werden. Durchmesser: ca. 8cm Bitte beachte, dass jede Holzscheibe ein wenig anders ist, da sie alle Naturmaterialien sind.<\/p>\n","protected":false},"featured_media":2224,"template":"","meta":{"_acf_changed":false},"product_brand":[],"product_cat":[174,103],"product_tag":[],"class_list":{"0":"post-2223","1":"product","2":"type-product","3":"status-publish","4":"has-post-thumbnail","6":"product_cat-wohndekoration","7":"product_cat-wohnen-deko","9":"first","10":"instock","11":"purchasable","12":"product-type-simple"},"acf":[],"_links":{"self":[{"href":"https:\/\/www.regionalis.shop\/naturtraeume\/wp-json\/wp\/v2\/product\/2223","targetHints":{"allow":["GET"]}}],"collection":[{"href":"https:\/\/www.regionalis.shop\/naturtraeume\/wp-json\/wp\/v2\/product"}],"about":[{"href":"https:\/\/www.regionalis.shop\/naturtraeume\/wp-json\/wp\/v2\/types\/product"}],"wp:featuredmedia":[{"embeddable":true,"href":"https:\/\/www.regionalis.shop\/naturtraeume\/wp-json\/wp\/v2\/media\/2224"}],"wp:attachment":[{"href":"https:\/\/www.regionalis.shop\/naturtraeume\/wp-json\/wp\/v2\/media?parent=2223"}],"wp:term":[{"taxonomy":"product_brand","embeddable":true,"href":"https:\/\/www.regionalis.shop\/naturtraeume\/wp-json\/wp\/v2\/product_brand?post=2223"},{"taxonomy":"product_cat","embeddable":true,"href":"https:\/\/www.regionalis.shop\/naturtraeume\/wp-json\/wp\/v2\/product_cat?post=2223"},{"taxonomy":"product_tag","embeddable":true,"href":"https:\/\/www.regionalis.shop\/naturtraeume\/wp-json\/wp\/v2\/product_tag?post=2223"}],"curies":[{"name":"wp","href":"https:\/\/api.w.org\/{rel}","templated":true}]}}