{"id":1068,"date":"2025-04-28T03:27:08","date_gmt":"2025-04-28T01:27:08","guid":{"rendered":"https:\/\/www.regionalis.shop\/norderd-pure-organic-vodka\/product\/norderd-pure-apple-vodka-004l\/"},"modified":"2025-04-28T03:27:08","modified_gmt":"2025-04-28T01:27:08","slug":"norderd-pure-apple-vodka-004l","status":"publish","type":"product","link":"https:\/\/www.regionalis.shop\/norderd-pure-organic-vodka\/shop\/norderd-pure-apple-vodka-004l\/","title":{"rendered":"n\u00f8rderd Pure Apple Vodka 0,04l"},"content":{"rendered":"<p>n\u00f8rderd Pure Apple Vodka<br \/>\nHergestellt aus dem sehr milden Alkohol 100 % biologisch gewachsener Gala-\u00c4pfel. Sorgf\u00e4ltig destilliert, wie Vodka sein muss.<\/p>\n<p>Was f\u00fcr eine Frucht! Am Apfel h\u00e4ngt die biblische Menschheitsgeschichte: Rund und rot und gr\u00fcn \u2013 herzf\u00f6rmig gleich der menschlichen Sehnsucht, pochend nach Genuss. Es sei uns verziehen: Wir lassen uns das Paradies nicht nehmen!  Darum vermusen wir unsere besten Bio \u00c4pfel zu Brei, versetzen sie mit GVO-freier Hefe, und \u00fcberlassen die Maische einer 72-st\u00fcndigen, ungez\u00fcgelten G\u00e4rung. Ungez\u00fcgelt und frei, wie es dem tiefsten Inneren des Menschen entspricht. Und nun braucht es f\u00fcr den NORDERD PURE APPLE VODKA noch den Feinbrand, die sorgsame Filterung und die Verd\u00fcnnung mit Wasser auf 40 Volumsprozent. Ja, so k\u00f6nnen wir doch noch vom Baum der Erkenntnis trinken!<\/p>\n","protected":false},"excerpt":{"rendered":"<p>n\u00f8rderd Pure Apple Vodka Hergestellt aus dem sehr milden Alkohol 100 % biologisch gewachsener Gala-\u00c4pfel. Sorgf\u00e4ltig destilliert, wie Vodka sein muss. Was f\u00fcr eine Frucht! Am Apfel h\u00e4ngt die biblische Menschheitsgeschichte: Rund und rot und gr\u00fcn \u2013 herzf\u00f6rmig gleich der menschlichen Sehnsucht, pochend nach Genuss. Es sei uns verziehen: Wir lassen uns das Paradies nicht &hellip; <a href=\"https:\/\/www.regionalis.shop\/norderd-pure-organic-vodka\/shop\/norderd-pure-apple-vodka-004l\/\">Continued<\/a><\/p>\n","protected":false},"featured_media":1069,"template":"","meta":{"_acf_changed":false},"product_brand":[],"product_cat":[69,89],"product_tag":[],"class_list":{"0":"post-1068","1":"product","2":"type-product","3":"status-publish","4":"has-post-thumbnail","6":"product_cat-schmankerl-kulinarik","7":"product_cat-spirituosen-schnapserl","9":"first","10":"instock","11":"purchasable","12":"product-type-simple"},"acf":[],"_links":{"self":[{"href":"https:\/\/www.regionalis.shop\/norderd-pure-organic-vodka\/wp-json\/wp\/v2\/product\/1068","targetHints":{"allow":["GET"]}}],"collection":[{"href":"https:\/\/www.regionalis.shop\/norderd-pure-organic-vodka\/wp-json\/wp\/v2\/product"}],"about":[{"href":"https:\/\/www.regionalis.shop\/norderd-pure-organic-vodka\/wp-json\/wp\/v2\/types\/product"}],"wp:featuredmedia":[{"embeddable":true,"href":"https:\/\/www.regionalis.shop\/norderd-pure-organic-vodka\/wp-json\/wp\/v2\/media\/1069"}],"wp:attachment":[{"href":"https:\/\/www.regionalis.shop\/norderd-pure-organic-vodka\/wp-json\/wp\/v2\/media?parent=1068"}],"wp:term":[{"taxonomy":"product_brand","embeddable":true,"href":"https:\/\/www.regionalis.shop\/norderd-pure-organic-vodka\/wp-json\/wp\/v2\/product_brand?post=1068"},{"taxonomy":"product_cat","embeddable":true,"href":"https:\/\/www.regionalis.shop\/norderd-pure-organic-vodka\/wp-json\/wp\/v2\/product_cat?post=1068"},{"taxonomy":"product_tag","embeddable":true,"href":"https:\/\/www.regionalis.shop\/norderd-pure-organic-vodka\/wp-json\/wp\/v2\/product_tag?post=1068"}],"curies":[{"name":"wp","href":"https:\/\/api.w.org\/{rel}","templated":true}]}}